{"id":16,"date":"2019-03-14T18:52:58","date_gmt":"2019-03-14T18:52:58","guid":{"rendered":"http:\/\/wordpress.ft.unicamp.br\/10anos\/?page_id=16"},"modified":"2020-04-07T16:27:33","modified_gmt":"2020-04-07T16:27:33","slug":"linha-do-tempo","status":"publish","type":"page","link":"https:\/\/wordpress.ft.unicamp.br\/10anos\/linha-do-tempo\/","title":{"rendered":"Linha do tempo"},"content":{"rendered":"<p><\/p>\n<p><!--StartFragment--><\/p>\n\n\n<p class=\"has-text-color has-vivid-cyan-blue-color\"> 2009 <\/p>\n\n\n\n<p>A delibera\u00e7\u00e3o CONSU-A-002\/2009 de 26\/05\/2009 criou a FT.<\/p>\n\n\n\n<p>Cursos oferecidos:<\/p>\n\n\n\n<p>\u2022 Tecnologia da Constru\u00e7\u00e3o Civil: (AA)Edif\u00edcios  (AC)Obras de Solos e Pavimenta\u00e7\u00e3o <\/p>\n\n\n\n<p>\u2022 Tecnologia em Inform\u00e1tica <\/p>\n\n\n\n<p>\u2022  Tecnologia em Saneamento Ambiental: (AA)Saneamento B\u00e1sico (AB)Controle Ambiental <\/p>\n\n\n\n<p>\u2022 Tecnologia em Telecomunica\u00e7\u00f5es<\/p>\n\n\n\n<p>** 26 ingressantes no Mestrado **<\/p>\n\n\n<p><\/p>\n<p><!--StartFragment--><\/p>\n\n\n<p><\/p>\n\n\n<p><span style=\"color: #0088ff;\"> 2010\/2011\/2012 <\/span><\/p>\n<p><!--StartFragment--><\/p>\n\n\n<p>**   Primeira disserta\u00e7\u00e3o de Mestrado defendida em 2010 **<\/p>\n\n\n\n<p>\n\nCursos oferecidos:   \n\n<\/p>\n\n\n\n<p>\u2022  Tecnologia da Constru\u00e7\u00e3o Civil: (83)Edif\u00edcios (84)Estradas <\/p>\n\n\n\n<p>\u2022  Tecnologia em An\u00e1lise e Desenvolvimento de Sistemas <\/p>\n\n\n\n<p>\u2022  Tecnologia em Saneamento B\u00e1sico <\/p>\n\n\n\n<p>\u2022 Tecnologia em Controle Ambiental  <\/p>\n\n\n\n<p>\u2022  Tecnologia em Sistemas Telecomunica\u00e7\u00f5es <\/p>\n\n\n\n<p><\/p>\n\n\n<p><\/p>\n<p><!--StartFragment--><\/p>\n\n\n<p class=\"has-text-color has-vivid-cyan-blue-color\"> 2013 <\/p>\n\n\n\n<p>Cursos novos! <\/p>\n\n\n\n<p>\u2022 Engenharia Ambiental <\/p>\n\n\n\n<p>\u2022 Engenharia de Telecomunica\u00e7\u00f5es <\/p>\n\n\n\n<p>\u2022 Sistemas de Informa\u00e7\u00e3o <\/p>\n\n\n<p><!--EndFragment--><\/p>\n<p><\/p>\n\n\n<p class=\"has-text-color has-vivid-cyan-blue-color\">2014<\/p>\n\n\n\n<p> ** 6 ingressantes no Doutorado ** <\/p>\n\n\n<p><!--EndFragment--><\/p>\n<p><\/p>\n\n\n<p class=\"has-text-color has-vivid-cyan-blue-color\">2017<\/p>\n\n\n\n<p> **   Primeira disserta\u00e7\u00e3o de Doutorado defendida ** <\/p>\n\n\n<p><!--EndFragment--><\/p>\n<p><\/p>\n\n\n<p class=\"has-text-color has-vivid-cyan-blue-color\">2019 <\/p>\n\n\n\n<p>Curso Novo! <\/p>\n\n\n\n<p>\u2022 Engenharia de Transportes <\/p>\n\n\n\n<p>Cursos oferecidos: <\/p>\n\n\n\n<p>\u2022 Engenharia Ambiental <\/p>\n\n\n\n<p>\u2022 Engenharia de Telecomunica\u00e7\u00f5es <\/p>\n\n\n\n<p>\u2022 Sistemas de Informa\u00e7\u00e3o <\/p>\n\n\n\n<p>\u2022  Tecnologia em An\u00e1lise e Desenvolvimento de Sistemas <\/p>\n\n\n\n<p>\u2022  Tecnologia em Saneamento Ambiental<\/p>\n","protected":false},"excerpt":{"rendered":"<p>2009 A delibera\u00e7\u00e3o CONSU-A-002\/2009 de 26\/05\/2009 criou a FT. Cursos oferecidos: \u2022 Tecnologia da Constru\u00e7\u00e3o Civil: (AA)Edif\u00edcios (AC)Obras de Solos e Pavimenta\u00e7\u00e3o \u2022 Tecnologia em Inform\u00e1tica \u2022 Tecnologia em Saneamento Ambiental: (AA)Saneamento B\u00e1sico (AB)Controle Ambiental \u2022 Tecnologia em Telecomunica\u00e7\u00f5es ** 26 ingressantes no Mestrado ** 2010\/2011\/2012 ** Primeira disserta\u00e7\u00e3o de Mestrado defendida em 2010 **<a href=\"https:\/\/wordpress.ft.unicamp.br\/10anos\/linha-do-tempo\/\">[&#8230;]<\/a><\/p>\n","protected":false},"author":1,"featured_media":0,"parent":0,"menu_order":0,"comment_status":"closed","ping_status":"closed","template":"","meta":{"footnotes":""},"class_list":["post-16","page","type-page","status-publish","hentry"],"yoast_head":"<!-- This site is optimized with the Yoast SEO plugin v27.5 - https:\/\/yoast.com\/product\/yoast-seo-wordpress\/ -->\n<title>Linha do tempo - FT 10 anos<\/title>\n<meta name=\"robots\" content=\"index, follow, max-snippet:-1, max-image-preview:large, max-video-preview:-1\" \/>\n<link rel=\"canonical\" href=\"https:\/\/wordpress.ft.unicamp.br\/10anos\/linha-do-tempo\/\" \/>\n<meta property=\"og:locale\" content=\"pt_BR\" \/>\n<meta property=\"og:type\" content=\"article\" \/>\n<meta property=\"og:title\" content=\"Linha do tempo - FT 10 anos\" \/>\n<meta property=\"og:description\" content=\"2009 A delibera\u00e7\u00e3o CONSU-A-002\/2009 de 26\/05\/2009 criou a FT. Cursos oferecidos: \u2022 Tecnologia da Constru\u00e7\u00e3o Civil: (AA)Edif\u00edcios (AC)Obras de Solos e Pavimenta\u00e7\u00e3o \u2022 Tecnologia em Inform\u00e1tica \u2022 Tecnologia em Saneamento Ambiental: (AA)Saneamento B\u00e1sico (AB)Controle Ambiental \u2022 Tecnologia em Telecomunica\u00e7\u00f5es ** 26 ingressantes no Mestrado ** 2010\/2011\/2012 ** Primeira disserta\u00e7\u00e3o de Mestrado defendida em 2010 **[...]\" \/>\n<meta property=\"og:url\" content=\"https:\/\/wordpress.ft.unicamp.br\/10anos\/linha-do-tempo\/\" \/>\n<meta property=\"og:site_name\" content=\"FT 10 anos\" \/>\n<meta property=\"article:modified_time\" content=\"2020-04-07T16:27:33+00:00\" \/>\n<meta name=\"twitter:card\" content=\"summary_large_image\" \/>\n<meta name=\"twitter:label1\" content=\"Est. tempo de leitura\" \/>\n\t<meta name=\"twitter:data1\" content=\"1 minuto\" \/>\n<script type=\"application\/ld+json\" class=\"yoast-schema-graph\">{\"@context\":\"https:\\\/\\\/schema.org\",\"@graph\":[{\"@type\":\"WebPage\",\"@id\":\"https:\\\/\\\/wordpress.ft.unicamp.br\\\/10anos\\\/linha-do-tempo\\\/\",\"url\":\"https:\\\/\\\/wordpress.ft.unicamp.br\\\/10anos\\\/linha-do-tempo\\\/\",\"name\":\"Linha do tempo - FT 10 anos\",\"isPartOf\":{\"@id\":\"https:\\\/\\\/wordpress.ft.unicamp.br\\\/10anos\\\/#website\"},\"datePublished\":\"2019-03-14T18:52:58+00:00\",\"dateModified\":\"2020-04-07T16:27:33+00:00\",\"breadcrumb\":{\"@id\":\"https:\\\/\\\/wordpress.ft.unicamp.br\\\/10anos\\\/linha-do-tempo\\\/#breadcrumb\"},\"inLanguage\":\"pt-BR\",\"potentialAction\":[{\"@type\":\"ReadAction\",\"target\":[\"https:\\\/\\\/wordpress.ft.unicamp.br\\\/10anos\\\/linha-do-tempo\\\/\"]}]},{\"@type\":\"BreadcrumbList\",\"@id\":\"https:\\\/\\\/wordpress.ft.unicamp.br\\\/10anos\\\/linha-do-tempo\\\/#breadcrumb\",\"itemListElement\":[{\"@type\":\"ListItem\",\"position\":1,\"name\":\"Home\",\"item\":\"https:\\\/\\\/wordpress.ft.unicamp.br\\\/10anos\\\/\"},{\"@type\":\"ListItem\",\"position\":2,\"name\":\"Linha do tempo\"}]},{\"@type\":\"WebSite\",\"@id\":\"https:\\\/\\\/wordpress.ft.unicamp.br\\\/10anos\\\/#website\",\"url\":\"https:\\\/\\\/wordpress.ft.unicamp.br\\\/10anos\\\/\",\"name\":\"FT 10 anos\",\"description\":\"\",\"potentialAction\":[{\"@type\":\"SearchAction\",\"target\":{\"@type\":\"EntryPoint\",\"urlTemplate\":\"https:\\\/\\\/wordpress.ft.unicamp.br\\\/10anos\\\/?s={search_term_string}\"},\"query-input\":{\"@type\":\"PropertyValueSpecification\",\"valueRequired\":true,\"valueName\":\"search_term_string\"}}],\"inLanguage\":\"pt-BR\"}]}<\/script>\n<!-- \/ Yoast SEO plugin. -->","yoast_head_json":{"title":"Linha do tempo - FT 10 anos","robots":{"index":"index","follow":"follow","max-snippet":"max-snippet:-1","max-image-preview":"max-image-preview:large","max-video-preview":"max-video-preview:-1"},"canonical":"https:\/\/wordpress.ft.unicamp.br\/10anos\/linha-do-tempo\/","og_locale":"pt_BR","og_type":"article","og_title":"Linha do tempo - FT 10 anos","og_description":"2009 A delibera\u00e7\u00e3o CONSU-A-002\/2009 de 26\/05\/2009 criou a FT. Cursos oferecidos: \u2022 Tecnologia da Constru\u00e7\u00e3o Civil: (AA)Edif\u00edcios (AC)Obras de Solos e Pavimenta\u00e7\u00e3o \u2022 Tecnologia em Inform\u00e1tica \u2022 Tecnologia em Saneamento Ambiental: (AA)Saneamento B\u00e1sico (AB)Controle Ambiental \u2022 Tecnologia em Telecomunica\u00e7\u00f5es ** 26 ingressantes no Mestrado ** 2010\/2011\/2012 ** Primeira disserta\u00e7\u00e3o de Mestrado defendida em 2010 **[...]","og_url":"https:\/\/wordpress.ft.unicamp.br\/10anos\/linha-do-tempo\/","og_site_name":"FT 10 anos","article_modified_time":"2020-04-07T16:27:33+00:00","twitter_card":"summary_large_image","twitter_misc":{"Est. tempo de leitura":"1 minuto"},"schema":{"@context":"https:\/\/schema.org","@graph":[{"@type":"WebPage","@id":"https:\/\/wordpress.ft.unicamp.br\/10anos\/linha-do-tempo\/","url":"https:\/\/wordpress.ft.unicamp.br\/10anos\/linha-do-tempo\/","name":"Linha do tempo - FT 10 anos","isPartOf":{"@id":"https:\/\/wordpress.ft.unicamp.br\/10anos\/#website"},"datePublished":"2019-03-14T18:52:58+00:00","dateModified":"2020-04-07T16:27:33+00:00","breadcrumb":{"@id":"https:\/\/wordpress.ft.unicamp.br\/10anos\/linha-do-tempo\/#breadcrumb"},"inLanguage":"pt-BR","potentialAction":[{"@type":"ReadAction","target":["https:\/\/wordpress.ft.unicamp.br\/10anos\/linha-do-tempo\/"]}]},{"@type":"BreadcrumbList","@id":"https:\/\/wordpress.ft.unicamp.br\/10anos\/linha-do-tempo\/#breadcrumb","itemListElement":[{"@type":"ListItem","position":1,"name":"Home","item":"https:\/\/wordpress.ft.unicamp.br\/10anos\/"},{"@type":"ListItem","position":2,"name":"Linha do tempo"}]},{"@type":"WebSite","@id":"https:\/\/wordpress.ft.unicamp.br\/10anos\/#website","url":"https:\/\/wordpress.ft.unicamp.br\/10anos\/","name":"FT 10 anos","description":"","potentialAction":[{"@type":"SearchAction","target":{"@type":"EntryPoint","urlTemplate":"https:\/\/wordpress.ft.unicamp.br\/10anos\/?s={search_term_string}"},"query-input":{"@type":"PropertyValueSpecification","valueRequired":true,"valueName":"search_term_string"}}],"inLanguage":"pt-BR"}]}},"_links":{"self":[{"href":"https:\/\/wordpress.ft.unicamp.br\/10anos\/wp-json\/wp\/v2\/pages\/16","targetHints":{"allow":["GET"]}}],"collection":[{"href":"https:\/\/wordpress.ft.unicamp.br\/10anos\/wp-json\/wp\/v2\/pages"}],"about":[{"href":"https:\/\/wordpress.ft.unicamp.br\/10anos\/wp-json\/wp\/v2\/types\/page"}],"author":[{"embeddable":true,"href":"https:\/\/wordpress.ft.unicamp.br\/10anos\/wp-json\/wp\/v2\/users\/1"}],"replies":[{"embeddable":true,"href":"https:\/\/wordpress.ft.unicamp.br\/10anos\/wp-json\/wp\/v2\/comments?post=16"}],"version-history":[{"count":16,"href":"https:\/\/wordpress.ft.unicamp.br\/10anos\/wp-json\/wp\/v2\/pages\/16\/revisions"}],"predecessor-version":[{"id":163,"href":"https:\/\/wordpress.ft.unicamp.br\/10anos\/wp-json\/wp\/v2\/pages\/16\/revisions\/163"}],"wp:attachment":[{"href":"https:\/\/wordpress.ft.unicamp.br\/10anos\/wp-json\/wp\/v2\/media?parent=16"}],"curies":[{"name":"wp","href":"https:\/\/api.w.org\/{rel}","templated":true}]}}