{"id":18,"date":"2017-08-09T15:08:20","date_gmt":"2017-08-09T15:08:20","guid":{"rendered":"http:\/\/wordpress.ft.unicamp.br\/bernardotf\/?page_id=18"},"modified":"2017-09-02T16:50:17","modified_gmt":"2017-09-02T16:50:17","slug":"home-2","status":"publish","type":"page","link":"https:\/\/wordpress.ft.unicamp.br\/bernardotf\/pt\/home-2\/","title":{"rendered":"Bem vind@!"},"content":{"rendered":"<p style=\"text-align: right\"><img fetchpriority=\"high\" decoding=\"async\" class=\"wp-image-146 alignleft\" src=\"http:\/\/wordpress.ft.unicamp.br\/bernardotf\/wp-content\/uploads\/sites\/31\/2017\/08\/3x4-263x300.png\" alt=\"\" width=\"241\" height=\"273\" \/><\/p>\n<p style=\"text-align: right\">Bem vind@ a minha p\u00e1gina. Aqui voc\u00ea encontrar\u00e1 informa\u00e7\u00f5es pessoais como <a href=\"http:\/\/wordpress.ft.unicamp.br\/bernardotf\/pt\/home-2\/contato\/\">contatos<\/a>, <a href=\"http:\/\/wordpress.ft.unicamp.br\/bernardotf\/pt\/home-2\/curriculo\/\">curr\u00edculo<\/a>, projetos de <a href=\"http:\/\/wordpress.ft.unicamp.br\/bernardotf\/pt\/projetos-de-pesquisa\/\">pesquisa<\/a> com que estou envolvido, <a href=\"http:\/\/wordpress.ft.unicamp.br\/bernardotf\/pt\/publicacoes\/\">artigos<\/a> que publiquei, e <a href=\"http:\/\/wordpress.ft.unicamp.br\/bernardotf\/pt\/cursos\/\">disciplinas<\/a> pelas quais sou respons\u00e1vel. Voc\u00ea tamb\u00e9m encontrar\u00e1 informa\u00e7\u00f5es sobre o novo Laborat\u00f3rio de Geologia da Faculdade de Tecnologia da UNICAMP, o <a href=\"http:\/\/wordpress.ft.unicamp.br\/bernardotf\/pt\/l-geo-2\/\">L-GEO<\/a>, e sobre os <a href=\"http:\/\/wordpress.ft.unicamp.br\/bernardotf\/pt\/vants-fotogrametria\/\">temas<\/a> desenvolvidos l\u00e1.<\/p>\n<p>&nbsp;<\/p>\n<p>&nbsp;<\/p>\n<p><a href=\"http:\/\/www.unicamp.br\/unicamp\/\" target=\"_blank\" rel=\"noopener\"><img decoding=\"async\" class=\"alignright wp-image-48\" src=\"http:\/\/wordpress.ft.unicamp.br\/bernardotf\/wp-content\/uploads\/sites\/31\/2017\/08\/unicamp-logo-1-267x300.png\" alt=\"\" width=\"165\" height=\"185\" srcset=\"https:\/\/wordpress.ft.unicamp.br\/bernardotf\/wp-content\/uploads\/sites\/31\/2017\/08\/unicamp-logo-1-267x300.png 267w, https:\/\/wordpress.ft.unicamp.br\/bernardotf\/wp-content\/uploads\/sites\/31\/2017\/08\/unicamp-logo-1.png 402w\" sizes=\"(max-width: 165px) 100vw, 165px\" \/><\/a><a href=\"http:\/\/www.ft.unicamp.br\/\" target=\"_blank\" rel=\"noopener\"><img decoding=\"async\" class=\"alignright wp-image-47\" src=\"http:\/\/wordpress.ft.unicamp.br\/bernardotf\/wp-content\/uploads\/sites\/31\/2017\/08\/ft-1-300x271.png\" alt=\"\" width=\"198\" height=\"180\" srcset=\"https:\/\/wordpress.ft.unicamp.br\/bernardotf\/wp-content\/uploads\/sites\/31\/2017\/08\/ft-1-300x271.png 300w, https:\/\/wordpress.ft.unicamp.br\/bernardotf\/wp-content\/uploads\/sites\/31\/2017\/08\/ft-1-768x695.png 768w, https:\/\/wordpress.ft.unicamp.br\/bernardotf\/wp-content\/uploads\/sites\/31\/2017\/08\/ft-1-1024x927.png 1024w, https:\/\/wordpress.ft.unicamp.br\/bernardotf\/wp-content\/uploads\/sites\/31\/2017\/08\/ft-1.png 1124w\" sizes=\"(max-width: 198px) 100vw, 198px\" \/><\/a><\/p>\n","protected":false},"excerpt":{"rendered":"<p>Bem vind@ a minha p\u00e1gina. Aqui voc\u00ea encontrar\u00e1 informa\u00e7\u00f5es pessoais como contatos, curr\u00edculo, projetos de pesquisa com que estou envolvido, artigos que publiquei, e disciplinas pelas quais sou respons\u00e1vel. Voc\u00ea tamb\u00e9m encontrar\u00e1 informa\u00e7\u00f5es sobre o novo Laborat\u00f3rio de Geologia da &hellip; <a href=\"https:\/\/wordpress.ft.unicamp.br\/bernardotf\/pt\/home-2\/\">Continue reading <span class=\"meta-nav\">&rarr;<\/span><\/a><\/p>\n","protected":false},"author":1,"featured_media":186,"parent":0,"menu_order":0,"comment_status":"closed","ping_status":"closed","template":"","meta":{"footnotes":""},"class_list":["post-18","page","type-page","status-publish","has-post-thumbnail","hentry"],"yoast_head":"<!-- This site is optimized with the Yoast SEO plugin v27.5 - https:\/\/yoast.com\/product\/yoast-seo-wordpress\/ -->\n<title>Bem vind@! - Prof. Bernardo T. Freitas<\/title>\n<meta name=\"robots\" content=\"index, follow, max-snippet:-1, max-image-preview:large, max-video-preview:-1\" \/>\n<link rel=\"canonical\" href=\"https:\/\/wordpress.ft.unicamp.br\/bernardotf\/pt\/home-2\/\" \/>\n<meta property=\"og:locale\" content=\"en_US\" \/>\n<meta property=\"og:type\" content=\"article\" \/>\n<meta property=\"og:title\" content=\"Bem vind@! - Prof. Bernardo T. Freitas\" \/>\n<meta property=\"og:description\" content=\"Bem vind@ a minha p\u00e1gina. Aqui voc\u00ea encontrar\u00e1 informa\u00e7\u00f5es pessoais como contatos, curr\u00edculo, projetos de pesquisa com que estou envolvido, artigos que publiquei, e disciplinas pelas quais sou respons\u00e1vel. Voc\u00ea tamb\u00e9m encontrar\u00e1 informa\u00e7\u00f5es sobre o novo Laborat\u00f3rio de Geologia da &hellip; Continue reading &rarr;\" \/>\n<meta property=\"og:url\" content=\"https:\/\/wordpress.ft.unicamp.br\/bernardotf\/pt\/home-2\/\" \/>\n<meta property=\"og:site_name\" content=\"Prof. Bernardo T. Freitas\" \/>\n<meta property=\"article:modified_time\" content=\"2017-09-02T16:50:17+00:00\" \/>\n<meta property=\"og:image\" content=\"https:\/\/wordpress.ft.unicamp.br\/bernardotf\/wp-content\/uploads\/sites\/31\/2017\/08\/cropped-jacurubu-1.png\" \/>\n\t<meta property=\"og:image:width\" content=\"1000\" \/>\n\t<meta property=\"og:image:height\" content=\"288\" \/>\n\t<meta property=\"og:image:type\" content=\"image\/png\" \/>\n<meta name=\"twitter:card\" content=\"summary_large_image\" \/>\n<script type=\"application\/ld+json\" class=\"yoast-schema-graph\">{\"@context\":\"https:\\\/\\\/schema.org\",\"@graph\":[{\"@type\":\"WebPage\",\"@id\":\"https:\\\/\\\/wordpress.ft.unicamp.br\\\/bernardotf\\\/pt\\\/home-2\\\/\",\"url\":\"https:\\\/\\\/wordpress.ft.unicamp.br\\\/bernardotf\\\/pt\\\/home-2\\\/\",\"name\":\"Bem vind@! - Prof. Bernardo T. Freitas\",\"isPartOf\":{\"@id\":\"https:\\\/\\\/wordpress.ft.unicamp.br\\\/bernardotf\\\/#website\"},\"primaryImageOfPage\":{\"@id\":\"https:\\\/\\\/wordpress.ft.unicamp.br\\\/bernardotf\\\/pt\\\/home-2\\\/#primaryimage\"},\"image\":{\"@id\":\"https:\\\/\\\/wordpress.ft.unicamp.br\\\/bernardotf\\\/pt\\\/home-2\\\/#primaryimage\"},\"thumbnailUrl\":\"https:\\\/\\\/wordpress.ft.unicamp.br\\\/bernardotf\\\/wp-content\\\/uploads\\\/sites\\\/31\\\/2017\\\/08\\\/cropped-jacurubu-1.png\",\"datePublished\":\"2017-08-09T15:08:20+00:00\",\"dateModified\":\"2017-09-02T16:50:17+00:00\",\"breadcrumb\":{\"@id\":\"https:\\\/\\\/wordpress.ft.unicamp.br\\\/bernardotf\\\/pt\\\/home-2\\\/#breadcrumb\"},\"inLanguage\":\"en-US\",\"potentialAction\":[{\"@type\":\"ReadAction\",\"target\":[\"https:\\\/\\\/wordpress.ft.unicamp.br\\\/bernardotf\\\/pt\\\/home-2\\\/\"]}]},{\"@type\":\"ImageObject\",\"inLanguage\":\"en-US\",\"@id\":\"https:\\\/\\\/wordpress.ft.unicamp.br\\\/bernardotf\\\/pt\\\/home-2\\\/#primaryimage\",\"url\":\"https:\\\/\\\/wordpress.ft.unicamp.br\\\/bernardotf\\\/wp-content\\\/uploads\\\/sites\\\/31\\\/2017\\\/08\\\/cropped-jacurubu-1.png\",\"contentUrl\":\"https:\\\/\\\/wordpress.ft.unicamp.br\\\/bernardotf\\\/wp-content\\\/uploads\\\/sites\\\/31\\\/2017\\\/08\\\/cropped-jacurubu-1.png\",\"width\":1000,\"height\":288},{\"@type\":\"BreadcrumbList\",\"@id\":\"https:\\\/\\\/wordpress.ft.unicamp.br\\\/bernardotf\\\/pt\\\/home-2\\\/#breadcrumb\",\"itemListElement\":[{\"@type\":\"ListItem\",\"position\":1,\"name\":\"Home\",\"item\":\"https:\\\/\\\/wordpress.ft.unicamp.br\\\/bernardotf\\\/pt\\\/home-2\\\/\"},{\"@type\":\"ListItem\",\"position\":2,\"name\":\"Bem vind@!\"}]},{\"@type\":\"WebSite\",\"@id\":\"https:\\\/\\\/wordpress.ft.unicamp.br\\\/bernardotf\\\/#website\",\"url\":\"https:\\\/\\\/wordpress.ft.unicamp.br\\\/bernardotf\\\/\",\"name\":\"Prof. Bernardo T. Freitas\",\"description\":\"\",\"potentialAction\":[{\"@type\":\"SearchAction\",\"target\":{\"@type\":\"EntryPoint\",\"urlTemplate\":\"https:\\\/\\\/wordpress.ft.unicamp.br\\\/bernardotf\\\/?s={search_term_string}\"},\"query-input\":{\"@type\":\"PropertyValueSpecification\",\"valueRequired\":true,\"valueName\":\"search_term_string\"}}],\"inLanguage\":\"en-US\"}]}<\/script>\n<!-- \/ Yoast SEO plugin. -->","yoast_head_json":{"title":"Bem vind@! - Prof. Bernardo T. Freitas","robots":{"index":"index","follow":"follow","max-snippet":"max-snippet:-1","max-image-preview":"max-image-preview:large","max-video-preview":"max-video-preview:-1"},"canonical":"https:\/\/wordpress.ft.unicamp.br\/bernardotf\/pt\/home-2\/","og_locale":"en_US","og_type":"article","og_title":"Bem vind@! - Prof. Bernardo T. Freitas","og_description":"Bem vind@ a minha p\u00e1gina. Aqui voc\u00ea encontrar\u00e1 informa\u00e7\u00f5es pessoais como contatos, curr\u00edculo, projetos de pesquisa com que estou envolvido, artigos que publiquei, e disciplinas pelas quais sou respons\u00e1vel. Voc\u00ea tamb\u00e9m encontrar\u00e1 informa\u00e7\u00f5es sobre o novo Laborat\u00f3rio de Geologia da &hellip; Continue reading &rarr;","og_url":"https:\/\/wordpress.ft.unicamp.br\/bernardotf\/pt\/home-2\/","og_site_name":"Prof. Bernardo T. Freitas","article_modified_time":"2017-09-02T16:50:17+00:00","og_image":[{"width":1000,"height":288,"url":"https:\/\/wordpress.ft.unicamp.br\/bernardotf\/wp-content\/uploads\/sites\/31\/2017\/08\/cropped-jacurubu-1.png","type":"image\/png"}],"twitter_card":"summary_large_image","schema":{"@context":"https:\/\/schema.org","@graph":[{"@type":"WebPage","@id":"https:\/\/wordpress.ft.unicamp.br\/bernardotf\/pt\/home-2\/","url":"https:\/\/wordpress.ft.unicamp.br\/bernardotf\/pt\/home-2\/","name":"Bem vind@! - Prof. Bernardo T. Freitas","isPartOf":{"@id":"https:\/\/wordpress.ft.unicamp.br\/bernardotf\/#website"},"primaryImageOfPage":{"@id":"https:\/\/wordpress.ft.unicamp.br\/bernardotf\/pt\/home-2\/#primaryimage"},"image":{"@id":"https:\/\/wordpress.ft.unicamp.br\/bernardotf\/pt\/home-2\/#primaryimage"},"thumbnailUrl":"https:\/\/wordpress.ft.unicamp.br\/bernardotf\/wp-content\/uploads\/sites\/31\/2017\/08\/cropped-jacurubu-1.png","datePublished":"2017-08-09T15:08:20+00:00","dateModified":"2017-09-02T16:50:17+00:00","breadcrumb":{"@id":"https:\/\/wordpress.ft.unicamp.br\/bernardotf\/pt\/home-2\/#breadcrumb"},"inLanguage":"en-US","potentialAction":[{"@type":"ReadAction","target":["https:\/\/wordpress.ft.unicamp.br\/bernardotf\/pt\/home-2\/"]}]},{"@type":"ImageObject","inLanguage":"en-US","@id":"https:\/\/wordpress.ft.unicamp.br\/bernardotf\/pt\/home-2\/#primaryimage","url":"https:\/\/wordpress.ft.unicamp.br\/bernardotf\/wp-content\/uploads\/sites\/31\/2017\/08\/cropped-jacurubu-1.png","contentUrl":"https:\/\/wordpress.ft.unicamp.br\/bernardotf\/wp-content\/uploads\/sites\/31\/2017\/08\/cropped-jacurubu-1.png","width":1000,"height":288},{"@type":"BreadcrumbList","@id":"https:\/\/wordpress.ft.unicamp.br\/bernardotf\/pt\/home-2\/#breadcrumb","itemListElement":[{"@type":"ListItem","position":1,"name":"Home","item":"https:\/\/wordpress.ft.unicamp.br\/bernardotf\/pt\/home-2\/"},{"@type":"ListItem","position":2,"name":"Bem vind@!"}]},{"@type":"WebSite","@id":"https:\/\/wordpress.ft.unicamp.br\/bernardotf\/#website","url":"https:\/\/wordpress.ft.unicamp.br\/bernardotf\/","name":"Prof. Bernardo T. Freitas","description":"","potentialAction":[{"@type":"SearchAction","target":{"@type":"EntryPoint","urlTemplate":"https:\/\/wordpress.ft.unicamp.br\/bernardotf\/?s={search_term_string}"},"query-input":{"@type":"PropertyValueSpecification","valueRequired":true,"valueName":"search_term_string"}}],"inLanguage":"en-US"}]}},"_links":{"self":[{"href":"https:\/\/wordpress.ft.unicamp.br\/bernardotf\/wp-json\/wp\/v2\/pages\/18","targetHints":{"allow":["GET"]}}],"collection":[{"href":"https:\/\/wordpress.ft.unicamp.br\/bernardotf\/wp-json\/wp\/v2\/pages"}],"about":[{"href":"https:\/\/wordpress.ft.unicamp.br\/bernardotf\/wp-json\/wp\/v2\/types\/page"}],"author":[{"embeddable":true,"href":"https:\/\/wordpress.ft.unicamp.br\/bernardotf\/wp-json\/wp\/v2\/users\/1"}],"replies":[{"embeddable":true,"href":"https:\/\/wordpress.ft.unicamp.br\/bernardotf\/wp-json\/wp\/v2\/comments?post=18"}],"version-history":[{"count":18,"href":"https:\/\/wordpress.ft.unicamp.br\/bernardotf\/wp-json\/wp\/v2\/pages\/18\/revisions"}],"predecessor-version":[{"id":273,"href":"https:\/\/wordpress.ft.unicamp.br\/bernardotf\/wp-json\/wp\/v2\/pages\/18\/revisions\/273"}],"wp:featuredmedia":[{"embeddable":true,"href":"https:\/\/wordpress.ft.unicamp.br\/bernardotf\/wp-json\/wp\/v2\/media\/186"}],"wp:attachment":[{"href":"https:\/\/wordpress.ft.unicamp.br\/bernardotf\/wp-json\/wp\/v2\/media?parent=18"}],"curies":[{"name":"wp","href":"https:\/\/api.w.org\/{rel}","templated":true}]}}