{"id":74,"date":"2021-03-04T10:39:59","date_gmt":"2021-03-04T13:39:59","guid":{"rendered":"http:\/\/wordpress.ft.unicamp.br\/calourada\/?page_id=74"},"modified":"2023-02-07T10:26:09","modified_gmt":"2023-02-07T13:26:09","slug":"alimentacao","status":"publish","type":"page","link":"https:\/\/wordpress.ft.unicamp.br\/calourada\/alimentacao\/","title":{"rendered":"Alimenta\u00e7\u00e3o"},"content":{"rendered":"\t\t<div data-elementor-type=\"wp-page\" data-elementor-id=\"74\" class=\"elementor elementor-74\">\n\t\t\t\t\t\t<section class=\"elementor-section elementor-top-section elementor-element elementor-element-3ead83e7 elementor-section-boxed elementor-section-height-default elementor-section-height-default\" data-id=\"3ead83e7\" data-element_type=\"section\" data-e-type=\"section\">\n\t\t\t\t\t\t<div class=\"elementor-container elementor-column-gap-default\">\n\t\t\t\t\t<div class=\"elementor-column elementor-col-100 elementor-top-column elementor-element elementor-element-4f26d14d\" data-id=\"4f26d14d\" data-element_type=\"column\" data-e-type=\"column\">\n\t\t\t<div class=\"elementor-widget-wrap elementor-element-populated\">\n\t\t\t\t\t\t<div class=\"elementor-element elementor-element-6bf36ce2 elementor-widget elementor-widget-text-editor\" data-id=\"6bf36ce2\" data-element_type=\"widget\" data-e-type=\"widget\" data-widget_type=\"text-editor.default\">\n\t\t\t\t<div class=\"elementor-widget-container\">\n\t\t\t\t\t\t\t\t\t<p><\/p>\n<p>O campus conta com um refeit\u00f3rio no sistema de bandej\u00e3o que oferece refei\u00e7\u00f5es \u00e0 comunidade universit\u00e1ria e seus visitantes convidados.<\/p>\n<p><\/p>\n<p><\/p>\n<h6 class=\"wp-block-heading\">CARD\u00c1PIOS<\/h6>\n<p><\/p>\n<p><\/p>\n<p>N\u00e3o se esque\u00e7a de baixar o App Unicamp servi\u00e7os, no aplicativo voc\u00ea tem acesso ao card\u00e1pio dos restaurantes e saldo do cart\u00e3o.<\/p>\n<p><\/p>\n<p><\/p>\n<p><a href=\"https:\/\/www.sar.unicamp.br\/restaurante_cardapio\" target=\"_blank\" rel=\"noreferrer noopener\">Card\u00e1pio Restaurantes de Limeira e Piracicaba<\/a><\/p>\n<p><\/p>\n<p><\/p>\n<h6 class=\"wp-block-heading\">PRE\u00c7OS<\/h6>\n<p><\/p>\n<p><\/p>\n<p>Caf\u00e9 da manh\u00e3: R$2,00 | Almo\u00e7o e jantar: R$3,00<\/p>\n<p><\/p>\n<p><\/p>\n<p>A recarga do cart\u00e3o \u00e9 realizada atrav\u00e9s da inser\u00e7\u00e3o de c\u00e9dulas (R$2, R$5, R$10, R$20, R$50 e R$100). O valor inserido ser\u00e1 creditado integralmente no RA do estudante, n\u00e3o havendo troco.<br>O equipamento n\u00e3o aceita moedas.<\/p>\n<p><\/p>\n<p><\/p>\n<h6 class=\"wp-block-heading\">RESTAURANTE UNIVERSIT\u00c1RIO DO CAMPUS I (FT)<\/h6>\n<p><\/p>\n<p><\/p>\n<p><strong>Funcionamento:<\/strong>&nbsp;Segunda a sexta, das 7h \u00e0s 8h30 (Caf\u00e9 da manh\u00e3), das 7h \u00e0s 8h30 (Caf\u00e9 da manh\u00e3), das 11h \u00e0s 14h (almo\u00e7o) e das 18h \u00e0s 19h45 (jantar)<\/p>\n<p><\/p>\n<p><\/p>\n<h6 class=\"wp-block-heading\">RESTAURANTE UNIVERSIT\u00c1RIO DO CAMPUS II (FCA)<\/h6>\n<p><\/p>\n<p><\/p>\n<p><strong>Funcionamento:<\/strong>&nbsp;Segunda a sexta, das 7h \u00e0s 8h30 (Caf\u00e9 da manh\u00e3), das 11h \u00e0s 14h (Almo\u00e7o) e das 18h \u00e0s 19h30 (Jantar)<\/p>\n<p><\/p>\t\t\t\t\t\t\t\t<\/div>\n\t\t\t\t<\/div>\n\t\t\t\t\t<\/div>\n\t\t<\/div>\n\t\t\t\t\t<\/div>\n\t\t<\/section>\n\t\t\t\t<\/div>\n\t\t","protected":false},"excerpt":{"rendered":"<p>O campus conta com um refeit\u00f3rio no sistema de bandej\u00e3o que oferece refei\u00e7\u00f5es \u00e0 comunidade universit\u00e1ria e seus visitantes convidados. CARD\u00c1PIOS N\u00e3o se esque\u00e7a de baixar o App Unicamp servi\u00e7os, no aplicativo voc\u00ea tem acesso ao card\u00e1pio dos restaurantes e saldo do cart\u00e3o. Card\u00e1pio Restaurantes de Limeira e Piracicaba PRE\u00c7OS Caf\u00e9 da manh\u00e3: R$2,00 | [&hellip;]<\/p>\n","protected":false},"author":2,"featured_media":0,"parent":0,"menu_order":0,"comment_status":"closed","ping_status":"closed","template":"","meta":{"footnotes":""},"class_list":["post-74","page","type-page","status-publish","hentry"],"yoast_head":"<!-- This site is optimized with the Yoast SEO plugin v27.2 - https:\/\/yoast.com\/product\/yoast-seo-wordpress\/ -->\n<title>Alimenta\u00e7\u00e3o - Calourada 2023<\/title>\n<meta name=\"robots\" content=\"index, follow, max-snippet:-1, max-image-preview:large, max-video-preview:-1\" \/>\n<link rel=\"canonical\" href=\"https:\/\/wordpress.ft.unicamp.br\/calourada\/alimentacao\/\" \/>\n<meta property=\"og:locale\" content=\"pt_BR\" \/>\n<meta property=\"og:type\" content=\"article\" \/>\n<meta property=\"og:title\" content=\"Alimenta\u00e7\u00e3o - Calourada 2023\" \/>\n<meta property=\"og:description\" content=\"O campus conta com um refeit\u00f3rio no sistema de bandej\u00e3o que oferece refei\u00e7\u00f5es \u00e0 comunidade universit\u00e1ria e seus visitantes convidados. CARD\u00c1PIOS N\u00e3o se esque\u00e7a de baixar o App Unicamp servi\u00e7os, no aplicativo voc\u00ea tem acesso ao card\u00e1pio dos restaurantes e saldo do cart\u00e3o. Card\u00e1pio Restaurantes de Limeira e Piracicaba PRE\u00c7OS Caf\u00e9 da manh\u00e3: R$2,00 | [&hellip;]\" \/>\n<meta property=\"og:url\" content=\"https:\/\/wordpress.ft.unicamp.br\/calourada\/alimentacao\/\" \/>\n<meta property=\"og:site_name\" content=\"Calourada 2023\" \/>\n<meta property=\"article:modified_time\" content=\"2023-02-07T13:26:09+00:00\" \/>\n<meta name=\"twitter:card\" content=\"summary_large_image\" \/>\n<meta name=\"twitter:label1\" content=\"Est. tempo de leitura\" \/>\n\t<meta name=\"twitter:data1\" content=\"1 minuto\" \/>\n<script type=\"application\/ld+json\" class=\"yoast-schema-graph\">{\"@context\":\"https:\/\/schema.org\",\"@graph\":[{\"@type\":\"WebPage\",\"@id\":\"https:\/\/wordpress.ft.unicamp.br\/calourada\/alimentacao\/\",\"url\":\"https:\/\/wordpress.ft.unicamp.br\/calourada\/alimentacao\/\",\"name\":\"Alimenta\u00e7\u00e3o - Calourada 2023\",\"isPartOf\":{\"@id\":\"https:\/\/wordpress.ft.unicamp.br\/calourada\/#website\"},\"datePublished\":\"2021-03-04T13:39:59+00:00\",\"dateModified\":\"2023-02-07T13:26:09+00:00\",\"breadcrumb\":{\"@id\":\"https:\/\/wordpress.ft.unicamp.br\/calourada\/alimentacao\/#breadcrumb\"},\"inLanguage\":\"pt-BR\",\"potentialAction\":[{\"@type\":\"ReadAction\",\"target\":[\"https:\/\/wordpress.ft.unicamp.br\/calourada\/alimentacao\/\"]}]},{\"@type\":\"BreadcrumbList\",\"@id\":\"https:\/\/wordpress.ft.unicamp.br\/calourada\/alimentacao\/#breadcrumb\",\"itemListElement\":[{\"@type\":\"ListItem\",\"position\":1,\"name\":\"Home\",\"item\":\"https:\/\/wordpress.ft.unicamp.br\/calourada\/\"},{\"@type\":\"ListItem\",\"position\":2,\"name\":\"Alimenta\u00e7\u00e3o\"}]},{\"@type\":\"WebSite\",\"@id\":\"https:\/\/wordpress.ft.unicamp.br\/calourada\/#website\",\"url\":\"https:\/\/wordpress.ft.unicamp.br\/calourada\/\",\"name\":\"Calourada 2023\",\"description\":\"\",\"potentialAction\":[{\"@type\":\"SearchAction\",\"target\":{\"@type\":\"EntryPoint\",\"urlTemplate\":\"https:\/\/wordpress.ft.unicamp.br\/calourada\/?s={search_term_string}\"},\"query-input\":{\"@type\":\"PropertyValueSpecification\",\"valueRequired\":true,\"valueName\":\"search_term_string\"}}],\"inLanguage\":\"pt-BR\"}]}<\/script>\n<!-- \/ Yoast SEO plugin. -->","yoast_head_json":{"title":"Alimenta\u00e7\u00e3o - Calourada 2023","robots":{"index":"index","follow":"follow","max-snippet":"max-snippet:-1","max-image-preview":"max-image-preview:large","max-video-preview":"max-video-preview:-1"},"canonical":"https:\/\/wordpress.ft.unicamp.br\/calourada\/alimentacao\/","og_locale":"pt_BR","og_type":"article","og_title":"Alimenta\u00e7\u00e3o - Calourada 2023","og_description":"O campus conta com um refeit\u00f3rio no sistema de bandej\u00e3o que oferece refei\u00e7\u00f5es \u00e0 comunidade universit\u00e1ria e seus visitantes convidados. CARD\u00c1PIOS N\u00e3o se esque\u00e7a de baixar o App Unicamp servi\u00e7os, no aplicativo voc\u00ea tem acesso ao card\u00e1pio dos restaurantes e saldo do cart\u00e3o. Card\u00e1pio Restaurantes de Limeira e Piracicaba PRE\u00c7OS Caf\u00e9 da manh\u00e3: R$2,00 | [&hellip;]","og_url":"https:\/\/wordpress.ft.unicamp.br\/calourada\/alimentacao\/","og_site_name":"Calourada 2023","article_modified_time":"2023-02-07T13:26:09+00:00","twitter_card":"summary_large_image","twitter_misc":{"Est. tempo de leitura":"1 minuto"},"schema":{"@context":"https:\/\/schema.org","@graph":[{"@type":"WebPage","@id":"https:\/\/wordpress.ft.unicamp.br\/calourada\/alimentacao\/","url":"https:\/\/wordpress.ft.unicamp.br\/calourada\/alimentacao\/","name":"Alimenta\u00e7\u00e3o - Calourada 2023","isPartOf":{"@id":"https:\/\/wordpress.ft.unicamp.br\/calourada\/#website"},"datePublished":"2021-03-04T13:39:59+00:00","dateModified":"2023-02-07T13:26:09+00:00","breadcrumb":{"@id":"https:\/\/wordpress.ft.unicamp.br\/calourada\/alimentacao\/#breadcrumb"},"inLanguage":"pt-BR","potentialAction":[{"@type":"ReadAction","target":["https:\/\/wordpress.ft.unicamp.br\/calourada\/alimentacao\/"]}]},{"@type":"BreadcrumbList","@id":"https:\/\/wordpress.ft.unicamp.br\/calourada\/alimentacao\/#breadcrumb","itemListElement":[{"@type":"ListItem","position":1,"name":"Home","item":"https:\/\/wordpress.ft.unicamp.br\/calourada\/"},{"@type":"ListItem","position":2,"name":"Alimenta\u00e7\u00e3o"}]},{"@type":"WebSite","@id":"https:\/\/wordpress.ft.unicamp.br\/calourada\/#website","url":"https:\/\/wordpress.ft.unicamp.br\/calourada\/","name":"Calourada 2023","description":"","potentialAction":[{"@type":"SearchAction","target":{"@type":"EntryPoint","urlTemplate":"https:\/\/wordpress.ft.unicamp.br\/calourada\/?s={search_term_string}"},"query-input":{"@type":"PropertyValueSpecification","valueRequired":true,"valueName":"search_term_string"}}],"inLanguage":"pt-BR"}]}},"_links":{"self":[{"href":"https:\/\/wordpress.ft.unicamp.br\/calourada\/wp-json\/wp\/v2\/pages\/74","targetHints":{"allow":["GET"]}}],"collection":[{"href":"https:\/\/wordpress.ft.unicamp.br\/calourada\/wp-json\/wp\/v2\/pages"}],"about":[{"href":"https:\/\/wordpress.ft.unicamp.br\/calourada\/wp-json\/wp\/v2\/types\/page"}],"author":[{"embeddable":true,"href":"https:\/\/wordpress.ft.unicamp.br\/calourada\/wp-json\/wp\/v2\/users\/2"}],"replies":[{"embeddable":true,"href":"https:\/\/wordpress.ft.unicamp.br\/calourada\/wp-json\/wp\/v2\/comments?post=74"}],"version-history":[{"count":4,"href":"https:\/\/wordpress.ft.unicamp.br\/calourada\/wp-json\/wp\/v2\/pages\/74\/revisions"}],"predecessor-version":[{"id":558,"href":"https:\/\/wordpress.ft.unicamp.br\/calourada\/wp-json\/wp\/v2\/pages\/74\/revisions\/558"}],"wp:attachment":[{"href":"https:\/\/wordpress.ft.unicamp.br\/calourada\/wp-json\/wp\/v2\/media?parent=74"}],"curies":[{"name":"wp","href":"https:\/\/api.w.org\/{rel}","templated":true}]}}