{"id":31,"date":"2018-08-13T23:30:55","date_gmt":"2018-08-13T23:30:55","guid":{"rendered":"http:\/\/wordpress.ft.unicamp.br\/ceiot\/?page_id=31"},"modified":"2018-08-15T19:10:52","modified_gmt":"2018-08-15T19:10:52","slug":"comissao","status":"publish","type":"page","link":"https:\/\/wordpress.ft.unicamp.br\/ceiot\/comissao\/","title":{"rendered":"Comiss\u00e3o organizadora"},"content":{"rendered":"<p style=\"margin: 0cm; margin-bottom: .0001pt;\"><strong><i>Prof. Dr. Felippe Benavente Canteras<\/i><\/strong><\/p>\n<p style=\"margin: 0cm; margin-bottom: .0001pt;\"><strong>Email:\u00a0<\/strong>felippe.canteras@ft.unicamp.br<\/p>\n<p style=\"margin: 0cm; margin-bottom: .0001pt;\"><strong>Telefone:<\/strong>\u00a0+55 (19) 2113-3404<\/p>\n<p>&nbsp;<\/p>\n<p style=\"margin: 0cm; margin-bottom: .0001pt;\"><strong><i>Prof<sup>a<\/sup>. Dr<sup>a<\/sup>. Tal\u00eda Sim\u00f5es dos Santos<\/i><\/strong><\/p>\n<p style=\"margin: 0cm; margin-bottom: .0001pt;\"><strong>Email:\u00a0<\/strong>talia@ft.unicamp.br<\/p>\n<p style=\"margin: 0cm; margin-bottom: .0001pt;\"><strong>Telefone:<\/strong>\u00a0+55 (19) 2113-3491<\/p>\n<p>&nbsp;<\/p>\n<p style=\"margin: 0cm; margin-bottom: .0001pt;\"><strong><i>Prof. Dr. Vitor Eduardo Molina Junior<\/i><\/strong><\/p>\n<p style=\"margin: 0cm; margin-bottom: .0001pt;\"><strong>Email:\u00a0<\/strong>molina@ft.unicamp.br<\/p>\n<p style=\"margin: 0cm; margin-bottom: .0001pt;\"><strong>Telefone:<\/strong>\u00a0+55 (19) 2113-3447<\/p>\n<p>&nbsp;<\/p>\n<p style=\"margin: 0cm; margin-bottom: .0001pt;\"><strong><i>Eng. Jos\u00e9 Rinaldi de Oliveira Lima<\/i><\/strong><\/p>\n<p style=\"margin: 0cm; margin-bottom: .0001pt;\"><strong>Email:<\/strong>jose@bbholding.com.br<\/p>\n<p>&nbsp;<\/p>\n<p><strong>Endere\u00e7o:<\/strong><\/p>\n<p>Universidade Estadual de Campinas<br \/>\nFaculdade de Tecnologia<br \/>\nRua Paschoal Marmo, 1888 \u2013 Jd. Nova It\u00e1lia<br \/>\nCEP: 13484-332 \u2013 Limeira, SP<\/p>\n<p>&nbsp;<\/p>\n","protected":false},"excerpt":{"rendered":"<p>Prof. Dr. Felippe Benavente Canteras Email:\u00a0felippe.canteras@ft.unicamp.br Telefone:\u00a0+55 (19) 2113-3404 &nbsp; Profa. Dra. Tal\u00eda Sim\u00f5es dos Santos Email:\u00a0talia@ft.unicamp.br Telefone:\u00a0+55 (19) 2113-3491 &nbsp; Prof. Dr. Vitor Eduardo Molina Junior Email:\u00a0molina@ft.unicamp.br Telefone:\u00a0+55 (19) 2113-3447 &nbsp; Eng. Jos\u00e9 Rinaldi de Oliveira Lima Email:jose@bbholding.com.br &nbsp; &hellip; <a href=\"https:\/\/wordpress.ft.unicamp.br\/ceiot\/comissao\/\">Continue lendo <span class=\"meta-nav\">&rarr;<\/span><\/a><\/p>\n","protected":false},"author":1,"featured_media":0,"parent":0,"menu_order":0,"comment_status":"closed","ping_status":"closed","template":"","meta":{"footnotes":""},"class_list":["post-31","page","type-page","status-publish","hentry"],"yoast_head":"<!-- This site is optimized with the Yoast SEO plugin v27.5 - https:\/\/yoast.com\/product\/yoast-seo-wordpress\/ -->\n<title>Comiss\u00e3o organizadora - F\u00f3rum Sustentabilidade e Automa\u00e7\u00e3o: Desafios Tecnol\u00f3gicos da Constru\u00e7\u00e3o de Edif\u00edcios Inteligentes<\/title>\n<meta name=\"robots\" content=\"index, follow, max-snippet:-1, max-image-preview:large, max-video-preview:-1\" \/>\n<link rel=\"canonical\" href=\"https:\/\/wordpress.ft.unicamp.br\/ceiot\/comissao\/\" \/>\n<meta property=\"og:locale\" content=\"pt_BR\" \/>\n<meta property=\"og:type\" content=\"article\" \/>\n<meta property=\"og:title\" content=\"Comiss\u00e3o organizadora - F\u00f3rum Sustentabilidade e Automa\u00e7\u00e3o: Desafios Tecnol\u00f3gicos da Constru\u00e7\u00e3o de Edif\u00edcios Inteligentes\" \/>\n<meta property=\"og:description\" content=\"Prof. Dr. Felippe Benavente Canteras Email:\u00a0felippe.canteras@ft.unicamp.br Telefone:\u00a0+55 (19) 2113-3404 &nbsp; Profa. Dra. Tal\u00eda Sim\u00f5es dos Santos Email:\u00a0talia@ft.unicamp.br Telefone:\u00a0+55 (19) 2113-3491 &nbsp; Prof. Dr. Vitor Eduardo Molina Junior Email:\u00a0molina@ft.unicamp.br Telefone:\u00a0+55 (19) 2113-3447 &nbsp; Eng. Jos\u00e9 Rinaldi de Oliveira Lima Email:jose@bbholding.com.br &nbsp; &hellip; Continue lendo &rarr;\" \/>\n<meta property=\"og:url\" content=\"https:\/\/wordpress.ft.unicamp.br\/ceiot\/comissao\/\" \/>\n<meta property=\"og:site_name\" content=\"F\u00f3rum Sustentabilidade e Automa\u00e7\u00e3o: Desafios Tecnol\u00f3gicos da Constru\u00e7\u00e3o de Edif\u00edcios Inteligentes\" \/>\n<meta property=\"article:modified_time\" content=\"2018-08-15T19:10:52+00:00\" \/>\n<meta name=\"twitter:card\" content=\"summary_large_image\" \/>\n<script type=\"application\/ld+json\" class=\"yoast-schema-graph\">{\"@context\":\"https:\\\/\\\/schema.org\",\"@graph\":[{\"@type\":\"WebPage\",\"@id\":\"https:\\\/\\\/wordpress.ft.unicamp.br\\\/ceiot\\\/comissao\\\/\",\"url\":\"https:\\\/\\\/wordpress.ft.unicamp.br\\\/ceiot\\\/comissao\\\/\",\"name\":\"Comiss\u00e3o organizadora - F\u00f3rum Sustentabilidade e Automa\u00e7\u00e3o: Desafios Tecnol\u00f3gicos da Constru\u00e7\u00e3o de Edif\u00edcios Inteligentes\",\"isPartOf\":{\"@id\":\"https:\\\/\\\/wordpress.ft.unicamp.br\\\/ceiot\\\/#website\"},\"datePublished\":\"2018-08-13T23:30:55+00:00\",\"dateModified\":\"2018-08-15T19:10:52+00:00\",\"breadcrumb\":{\"@id\":\"https:\\\/\\\/wordpress.ft.unicamp.br\\\/ceiot\\\/comissao\\\/#breadcrumb\"},\"inLanguage\":\"pt-BR\",\"potentialAction\":[{\"@type\":\"ReadAction\",\"target\":[\"https:\\\/\\\/wordpress.ft.unicamp.br\\\/ceiot\\\/comissao\\\/\"]}]},{\"@type\":\"BreadcrumbList\",\"@id\":\"https:\\\/\\\/wordpress.ft.unicamp.br\\\/ceiot\\\/comissao\\\/#breadcrumb\",\"itemListElement\":[{\"@type\":\"ListItem\",\"position\":1,\"name\":\"Home\",\"item\":\"https:\\\/\\\/wordpress.ft.unicamp.br\\\/ceiot\\\/\"},{\"@type\":\"ListItem\",\"position\":2,\"name\":\"Comiss\u00e3o organizadora\"}]},{\"@type\":\"WebSite\",\"@id\":\"https:\\\/\\\/wordpress.ft.unicamp.br\\\/ceiot\\\/#website\",\"url\":\"https:\\\/\\\/wordpress.ft.unicamp.br\\\/ceiot\\\/\",\"name\":\"F\u00f3rum Sustentabilidade e Automa\u00e7\u00e3o: Desafios Tecnol\u00f3gicos da Constru\u00e7\u00e3o de Edif\u00edcios Inteligentes\",\"description\":\"\",\"potentialAction\":[{\"@type\":\"SearchAction\",\"target\":{\"@type\":\"EntryPoint\",\"urlTemplate\":\"https:\\\/\\\/wordpress.ft.unicamp.br\\\/ceiot\\\/?s={search_term_string}\"},\"query-input\":{\"@type\":\"PropertyValueSpecification\",\"valueRequired\":true,\"valueName\":\"search_term_string\"}}],\"inLanguage\":\"pt-BR\"}]}<\/script>\n<!-- \/ Yoast SEO plugin. -->","yoast_head_json":{"title":"Comiss\u00e3o organizadora - F\u00f3rum Sustentabilidade e Automa\u00e7\u00e3o: Desafios Tecnol\u00f3gicos da Constru\u00e7\u00e3o de Edif\u00edcios Inteligentes","robots":{"index":"index","follow":"follow","max-snippet":"max-snippet:-1","max-image-preview":"max-image-preview:large","max-video-preview":"max-video-preview:-1"},"canonical":"https:\/\/wordpress.ft.unicamp.br\/ceiot\/comissao\/","og_locale":"pt_BR","og_type":"article","og_title":"Comiss\u00e3o organizadora - F\u00f3rum Sustentabilidade e Automa\u00e7\u00e3o: Desafios Tecnol\u00f3gicos da Constru\u00e7\u00e3o de Edif\u00edcios Inteligentes","og_description":"Prof. Dr. Felippe Benavente Canteras Email:\u00a0felippe.canteras@ft.unicamp.br Telefone:\u00a0+55 (19) 2113-3404 &nbsp; Profa. Dra. Tal\u00eda Sim\u00f5es dos Santos Email:\u00a0talia@ft.unicamp.br Telefone:\u00a0+55 (19) 2113-3491 &nbsp; Prof. Dr. Vitor Eduardo Molina Junior Email:\u00a0molina@ft.unicamp.br Telefone:\u00a0+55 (19) 2113-3447 &nbsp; Eng. Jos\u00e9 Rinaldi de Oliveira Lima Email:jose@bbholding.com.br &nbsp; &hellip; Continue lendo &rarr;","og_url":"https:\/\/wordpress.ft.unicamp.br\/ceiot\/comissao\/","og_site_name":"F\u00f3rum Sustentabilidade e Automa\u00e7\u00e3o: Desafios Tecnol\u00f3gicos da Constru\u00e7\u00e3o de Edif\u00edcios Inteligentes","article_modified_time":"2018-08-15T19:10:52+00:00","twitter_card":"summary_large_image","schema":{"@context":"https:\/\/schema.org","@graph":[{"@type":"WebPage","@id":"https:\/\/wordpress.ft.unicamp.br\/ceiot\/comissao\/","url":"https:\/\/wordpress.ft.unicamp.br\/ceiot\/comissao\/","name":"Comiss\u00e3o organizadora - F\u00f3rum Sustentabilidade e Automa\u00e7\u00e3o: Desafios Tecnol\u00f3gicos da Constru\u00e7\u00e3o de Edif\u00edcios Inteligentes","isPartOf":{"@id":"https:\/\/wordpress.ft.unicamp.br\/ceiot\/#website"},"datePublished":"2018-08-13T23:30:55+00:00","dateModified":"2018-08-15T19:10:52+00:00","breadcrumb":{"@id":"https:\/\/wordpress.ft.unicamp.br\/ceiot\/comissao\/#breadcrumb"},"inLanguage":"pt-BR","potentialAction":[{"@type":"ReadAction","target":["https:\/\/wordpress.ft.unicamp.br\/ceiot\/comissao\/"]}]},{"@type":"BreadcrumbList","@id":"https:\/\/wordpress.ft.unicamp.br\/ceiot\/comissao\/#breadcrumb","itemListElement":[{"@type":"ListItem","position":1,"name":"Home","item":"https:\/\/wordpress.ft.unicamp.br\/ceiot\/"},{"@type":"ListItem","position":2,"name":"Comiss\u00e3o organizadora"}]},{"@type":"WebSite","@id":"https:\/\/wordpress.ft.unicamp.br\/ceiot\/#website","url":"https:\/\/wordpress.ft.unicamp.br\/ceiot\/","name":"F\u00f3rum Sustentabilidade e Automa\u00e7\u00e3o: Desafios Tecnol\u00f3gicos da Constru\u00e7\u00e3o de Edif\u00edcios Inteligentes","description":"","potentialAction":[{"@type":"SearchAction","target":{"@type":"EntryPoint","urlTemplate":"https:\/\/wordpress.ft.unicamp.br\/ceiot\/?s={search_term_string}"},"query-input":{"@type":"PropertyValueSpecification","valueRequired":true,"valueName":"search_term_string"}}],"inLanguage":"pt-BR"}]}},"_links":{"self":[{"href":"https:\/\/wordpress.ft.unicamp.br\/ceiot\/wp-json\/wp\/v2\/pages\/31","targetHints":{"allow":["GET"]}}],"collection":[{"href":"https:\/\/wordpress.ft.unicamp.br\/ceiot\/wp-json\/wp\/v2\/pages"}],"about":[{"href":"https:\/\/wordpress.ft.unicamp.br\/ceiot\/wp-json\/wp\/v2\/types\/page"}],"author":[{"embeddable":true,"href":"https:\/\/wordpress.ft.unicamp.br\/ceiot\/wp-json\/wp\/v2\/users\/1"}],"replies":[{"embeddable":true,"href":"https:\/\/wordpress.ft.unicamp.br\/ceiot\/wp-json\/wp\/v2\/comments?post=31"}],"version-history":[{"count":5,"href":"https:\/\/wordpress.ft.unicamp.br\/ceiot\/wp-json\/wp\/v2\/pages\/31\/revisions"}],"predecessor-version":[{"id":64,"href":"https:\/\/wordpress.ft.unicamp.br\/ceiot\/wp-json\/wp\/v2\/pages\/31\/revisions\/64"}],"wp:attachment":[{"href":"https:\/\/wordpress.ft.unicamp.br\/ceiot\/wp-json\/wp\/v2\/media?parent=31"}],"curies":[{"name":"wp","href":"https:\/\/api.w.org\/{rel}","templated":true}]}}