{"id":56,"date":"2018-08-23T12:42:56","date_gmt":"2018-08-23T12:42:56","guid":{"rendered":"http:\/\/pessoas.unifal-mg.edu.br\/diegorodrigues\/?page_id=56"},"modified":"2023-01-02T17:54:07","modified_gmt":"2023-01-02T17:54:07","slug":"ensino","status":"publish","type":"page","link":"https:\/\/wordpress.ft.unicamp.br\/diegorodrigues\/ensino\/","title":{"rendered":"Ensino"},"content":{"rendered":"<p><span style=\"color: #ffffff\">&#8230;<\/span><\/p>\n<h4><span style=\"font-size: 10pt\"><strong><img fetchpriority=\"high\" decoding=\"async\" class=\"alignnone wp-image-120\" src=\"http:\/\/pessoas.unifal-mg.edu.br\/diegorodrigues\/wp-content\/uploads\/sites\/13\/2018\/08\/aula-300x225.jpg\" alt=\"\" width=\"372\" height=\"279\" srcset=\"https:\/\/wordpress.ft.unicamp.br\/diegorodrigues\/wp-content\/uploads\/sites\/57\/2018\/08\/aula-300x225.jpg 300w, https:\/\/wordpress.ft.unicamp.br\/diegorodrigues\/wp-content\/uploads\/sites\/57\/2018\/08\/aula.jpg 640w\" sizes=\"(max-width: 372px) 100vw, 372px\" \/><br \/><\/strong><\/span><\/h4>\n<p class=\"western\"><span style=\"font-size: xx-small\">Foto: Minicurso no Congresso Aberto aos Estudantes de Biologia do IB-UNICAMP, 2017.<\/span><\/p>\n<p><span style=\"font-size: 10pt\"><span style=\"color: #333333\"><strong><span style=\"color: #333333\"><br \/>&gt;&gt; Disciplinas de P\u00f3s-Gradua\u00e7\u00e3o:<\/span><\/strong><\/span><\/span><\/p>\n<p><span style=\"font-size: 10pt\"><span style=\"color: #333333\"><strong><span style=\"color: #333333\">Programa de P\u00f3s-Gradua\u00e7\u00e3o em Tecnologia\/UNICAMP<br \/><\/span><\/strong><span style=\"color: #333333\">&#8212; 2021\/1; 2022\/1; 2023\/1<br \/><a href=\"https:\/\/www.dac.unicamp.br\/portal\/caderno-de-horarios\/2022\/1\/S\/P\/FT\/FT088\">FT088 &#8211; Modelagem Matem\u00e1tica de Fen\u00f4menos Ambientais e Aproxima\u00e7\u00e3o Num\u00e9rica<\/a><br \/>&#8212; 2020\/1<br \/><a href=\"https:\/\/www.dac.unicamp.br\/portal\/caderno-de-horarios\/2020\/1\/S\/P\/FT\/FT051\">FT051 &#8211; Transportes de Fluidos<\/a><\/span><\/span><\/span><\/p>\n<p><strong><span style=\"font-size: 10pt\"><span style=\"color: #333333\"><span style=\"color: #333333\"><br \/>&gt;&gt; Disciplinas de Gradua\u00e7\u00e3o:<\/span><\/span><\/span><\/strong><\/p>\n<p><span style=\"font-size: 10pt\"><span style=\"color: #333333\"><strong>Faculdade de Tecnologia\/UNICAMP<br \/><\/strong>&#8212; 2023\/1<br \/>EB301 &#8211; C\u00e1lculo III (Engenharia Ambiental e Engenharia de Transportes)<br \/>EB204 &#8211; Laborat\u00f3rio de F\u00edsica II (Engenharia Ambiental e Engenharia de Transportes)<br \/>&#8212; 2022\/2<br \/>EB103 &#8211; F\u00edsica Geral I (Tecnologia em Saneamento Ambiental)<br \/>EB104 &#8211; Laborat\u00f3rio de F\u00edsica I (Engenharia de Transportes)<br \/>EB201 &#8211; C\u00e1lculo II (Engenharia de Transportes)<br \/>&#8212; 2022\/1<br \/>EB301 &#8211; C\u00e1lculo III (Engenharia Ambiental e Engenharia de Transportes)<br \/>EB204 &#8211; Laborat\u00f3rio de F\u00edsica II (Engenharia Ambiental e Engenharia de Transportes)<br \/>&#8212; 2021\/2<br \/>EB103 &#8211; F\u00edsica Geral I (Tecnologia em Saneamento Ambiental)<br \/>EB104 &#8211; Laborat\u00f3rio de F\u00edsica I (Engenharia de Transportes)<br \/>EB201 &#8211; C\u00e1lculo II (Engenharia de Transportes)<br \/>&#8212; 2021\/1<br \/>EB101 &#8211; C\u00e1lculo I (Engenharia Ambiental e Engenharia de Transportes)<br \/>EB204 &#8211; Laborat\u00f3rio de F\u00edsica II (Engenharia Ambiental e Engenharia de Transportes)<br \/>&#8212; 2020\/2<br \/>EB103 &#8211; F\u00edsica Geral I (Tecnologia em Saneamento Ambiental)<br \/>EB104 &#8211; Laborat\u00f3rio de F\u00edsica I (Engenharia de Transportes)<br \/>EB201 &#8211; C\u00e1lculo II (Engenharia de Transportes)<strong><br \/><\/strong>&#8212; 2020\/1<br \/>EB101 &#8211; C\u00e1lculo I (Engenharia Ambiental e Engenharia de Transportes)<strong><br \/><\/strong>EB204 &#8211; Laborat\u00f3rio de F\u00edsica II (Engenharia Ambiental e Engenharia de Transportes)<strong><br \/><\/strong>EL112 &#8211; Fundamentos Conceituais e Pedag\u00f3gicos para Matem\u00e1tica Elementar<strong><br \/><\/strong>&#8212; 2019\/2<strong><br \/><\/strong>EB101 &#8211; C\u00e1lculo I (Engenharia de Transportes)<br \/>EB103 &#8211; F\u00edsica Geral I (Tecnologia em Saneamento Ambiental \/ Tecnologia em Constru\u00e7\u00e3o de Edif\u00edcios)<br \/>EB104 &#8211; Laborat\u00f3rio de F\u00edsica I (Engenharia de Transportes)<\/span><\/span><\/p>\n<p><span style=\"font-size: 10pt\"><span style=\"color: #333333\"><strong>Instituto de Ci\u00eancias Exatas\/UNIFAL-MG<br \/><\/strong><\/span><\/span><span style=\"color: #333333;font-size: 10pt\"><span style=\"font-size: 10pt\">&#8212; 2019\/1<\/span><br \/><span style=\"color: #333333;font-size: 10pt\">Geometria Anal\u00edtica (Licenciatura em F\u00edsica)<\/span><br \/><span style=\"color: #333333\"><span style=\"font-size: 10pt\"><span style=\"font-size: 10pt\">Geometria Anal\u00edtica (Bacharelado em Ci\u00eancia da Computa\u00e7\u00e3o)<\/span><\/span><br \/>C\u00e1lculo II (Bacharelado em Ci\u00eancia da Computa\u00e7\u00e3o)<br \/><\/span><\/span><span style=\"color: #333333;font-size: 10pt\"><span style=\"color: #333333\">&#8212; 2018\/2<br \/>C\u00e1lculo Diferencial e Integral I (Licenciatura em F\u00edsica)<br \/>C\u00e1lculo I (Bacharelado em Ci\u00eancia da Computa\u00e7\u00e3o)<\/span><\/span><span style=\"color: #ffffff\">&#8230;<\/span><\/p>\n<p><span style=\"color: #333333\"><strong><span style=\"font-size: 10pt\">&gt;&gt; Palestras de Divulga\u00e7\u00e3o Cient\u00edfica:<br \/><\/span><\/strong><\/span><span style=\"font-size: 10pt;color: #333333\"><a style=\"color: #333333\" href=\"https:\/\/bit.ly\/3AAoPLC\" target=\"_blank\" rel=\"noopener noreferrer\">A matem\u00e1tica de simples problemas mundanos que entortam at\u00e9 pensamento<\/a><\/span><br \/><span style=\"font-size: 10pt\"><span style=\"color: #333333\"><a style=\"color: #333333\" href=\"https:\/\/bit.ly\/3AcYa5R\" target=\"_blank\" rel=\"noopener noreferrer\">Nas escalas da vida&#8230; vivemos!<\/a><\/span><br \/><\/span><\/p>\n\n\n<p><\/p>\n","protected":false},"excerpt":{"rendered":"<p>&#8230; Foto: Minicurso no Congresso Aberto aos Estudantes de Biologia do IB-UNICAMP, 2017. &gt;&gt; Disciplinas de P\u00f3s-Gradua\u00e7\u00e3o: Programa de P\u00f3s-Gradua\u00e7\u00e3o em Tecnologia\/UNICAMP&#8212; 2021\/1; 2022\/1; 2023\/1FT088 &#8211; Modelagem Matem\u00e1tica de Fen\u00f4menos Ambientais e Aproxima\u00e7\u00e3o Num\u00e9rica&#8212; 2020\/1FT051 &#8211; Transportes de Fluidos &gt;&gt;&hellip; <\/p>\n","protected":false},"author":51,"featured_media":0,"parent":0,"menu_order":0,"comment_status":"closed","ping_status":"closed","template":"","meta":{"footnotes":""},"class_list":["post-56","page","type-page","status-publish","hentry"],"yoast_head":"<!-- This site is optimized with the Yoast SEO plugin v27.5 - https:\/\/yoast.com\/product\/yoast-seo-wordpress\/ -->\n<title>Ensino - Prof. Dr. Diego Samuel Rodrigues<\/title>\n<meta name=\"robots\" content=\"index, follow, max-snippet:-1, max-image-preview:large, max-video-preview:-1\" \/>\n<link rel=\"canonical\" href=\"https:\/\/wordpress.ft.unicamp.br\/diegorodrigues\/ensino\/\" \/>\n<meta property=\"og:locale\" content=\"pt_BR\" \/>\n<meta property=\"og:type\" content=\"article\" \/>\n<meta property=\"og:title\" content=\"Ensino - Prof. Dr. Diego Samuel Rodrigues\" \/>\n<meta property=\"og:description\" content=\"&#8230; Foto: Minicurso no Congresso Aberto aos Estudantes de Biologia do IB-UNICAMP, 2017. &gt;&gt; Disciplinas de P\u00f3s-Gradua\u00e7\u00e3o: Programa de P\u00f3s-Gradua\u00e7\u00e3o em Tecnologia\/UNICAMP&#8212; 2021\/1; 2022\/1; 2023\/1FT088 &#8211; Modelagem Matem\u00e1tica de Fen\u00f4menos Ambientais e Aproxima\u00e7\u00e3o Num\u00e9rica&#8212; 2020\/1FT051 &#8211; Transportes de Fluidos &gt;&gt;&hellip;\" \/>\n<meta property=\"og:url\" content=\"https:\/\/wordpress.ft.unicamp.br\/diegorodrigues\/ensino\/\" \/>\n<meta property=\"og:site_name\" content=\"Prof. Dr. Diego Samuel Rodrigues\" \/>\n<meta property=\"article:modified_time\" content=\"2023-01-02T17:54:07+00:00\" \/>\n<meta property=\"og:image\" content=\"http:\/\/pessoas.unifal-mg.edu.br\/diegorodrigues\/wp-content\/uploads\/sites\/13\/2018\/08\/aula-300x225.jpg\" \/>\n<meta name=\"twitter:card\" content=\"summary_large_image\" \/>\n<meta name=\"twitter:label1\" content=\"Est. tempo de leitura\" \/>\n\t<meta name=\"twitter:data1\" content=\"2 minutos\" \/>\n<script type=\"application\/ld+json\" class=\"yoast-schema-graph\">{\"@context\":\"https:\\\/\\\/schema.org\",\"@graph\":[{\"@type\":\"WebPage\",\"@id\":\"https:\\\/\\\/wordpress.ft.unicamp.br\\\/diegorodrigues\\\/ensino\\\/\",\"url\":\"https:\\\/\\\/wordpress.ft.unicamp.br\\\/diegorodrigues\\\/ensino\\\/\",\"name\":\"Ensino - Prof. Dr. Diego Samuel Rodrigues\",\"isPartOf\":{\"@id\":\"https:\\\/\\\/wordpress.ft.unicamp.br\\\/diegorodrigues\\\/#website\"},\"primaryImageOfPage\":{\"@id\":\"https:\\\/\\\/wordpress.ft.unicamp.br\\\/diegorodrigues\\\/ensino\\\/#primaryimage\"},\"image\":{\"@id\":\"https:\\\/\\\/wordpress.ft.unicamp.br\\\/diegorodrigues\\\/ensino\\\/#primaryimage\"},\"thumbnailUrl\":\"http:\\\/\\\/pessoas.unifal-mg.edu.br\\\/diegorodrigues\\\/wp-content\\\/uploads\\\/sites\\\/13\\\/2018\\\/08\\\/aula-300x225.jpg\",\"datePublished\":\"2018-08-23T12:42:56+00:00\",\"dateModified\":\"2023-01-02T17:54:07+00:00\",\"breadcrumb\":{\"@id\":\"https:\\\/\\\/wordpress.ft.unicamp.br\\\/diegorodrigues\\\/ensino\\\/#breadcrumb\"},\"inLanguage\":\"pt-BR\",\"potentialAction\":[{\"@type\":\"ReadAction\",\"target\":[\"https:\\\/\\\/wordpress.ft.unicamp.br\\\/diegorodrigues\\\/ensino\\\/\"]}]},{\"@type\":\"ImageObject\",\"inLanguage\":\"pt-BR\",\"@id\":\"https:\\\/\\\/wordpress.ft.unicamp.br\\\/diegorodrigues\\\/ensino\\\/#primaryimage\",\"url\":\"http:\\\/\\\/pessoas.unifal-mg.edu.br\\\/diegorodrigues\\\/wp-content\\\/uploads\\\/sites\\\/13\\\/2018\\\/08\\\/aula-300x225.jpg\",\"contentUrl\":\"http:\\\/\\\/pessoas.unifal-mg.edu.br\\\/diegorodrigues\\\/wp-content\\\/uploads\\\/sites\\\/13\\\/2018\\\/08\\\/aula-300x225.jpg\"},{\"@type\":\"BreadcrumbList\",\"@id\":\"https:\\\/\\\/wordpress.ft.unicamp.br\\\/diegorodrigues\\\/ensino\\\/#breadcrumb\",\"itemListElement\":[{\"@type\":\"ListItem\",\"position\":1,\"name\":\"Home\",\"item\":\"https:\\\/\\\/wordpress.ft.unicamp.br\\\/diegorodrigues\\\/\"},{\"@type\":\"ListItem\",\"position\":2,\"name\":\"Ensino\"}]},{\"@type\":\"WebSite\",\"@id\":\"https:\\\/\\\/wordpress.ft.unicamp.br\\\/diegorodrigues\\\/#website\",\"url\":\"https:\\\/\\\/wordpress.ft.unicamp.br\\\/diegorodrigues\\\/\",\"name\":\"Prof. Dr. Diego Samuel Rodrigues\",\"description\":\"Interesse de Pesquisa: Modelagem Matem\u00e1tica e Computacional de Fen\u00f4menos F\u00edsicos e Biol\u00f3gicos\",\"potentialAction\":[{\"@type\":\"SearchAction\",\"target\":{\"@type\":\"EntryPoint\",\"urlTemplate\":\"https:\\\/\\\/wordpress.ft.unicamp.br\\\/diegorodrigues\\\/?s={search_term_string}\"},\"query-input\":{\"@type\":\"PropertyValueSpecification\",\"valueRequired\":true,\"valueName\":\"search_term_string\"}}],\"inLanguage\":\"pt-BR\"}]}<\/script>\n<!-- \/ Yoast SEO plugin. -->","yoast_head_json":{"title":"Ensino - Prof. Dr. Diego Samuel Rodrigues","robots":{"index":"index","follow":"follow","max-snippet":"max-snippet:-1","max-image-preview":"max-image-preview:large","max-video-preview":"max-video-preview:-1"},"canonical":"https:\/\/wordpress.ft.unicamp.br\/diegorodrigues\/ensino\/","og_locale":"pt_BR","og_type":"article","og_title":"Ensino - Prof. Dr. Diego Samuel Rodrigues","og_description":"&#8230; Foto: Minicurso no Congresso Aberto aos Estudantes de Biologia do IB-UNICAMP, 2017. &gt;&gt; Disciplinas de P\u00f3s-Gradua\u00e7\u00e3o: Programa de P\u00f3s-Gradua\u00e7\u00e3o em Tecnologia\/UNICAMP&#8212; 2021\/1; 2022\/1; 2023\/1FT088 &#8211; Modelagem Matem\u00e1tica de Fen\u00f4menos Ambientais e Aproxima\u00e7\u00e3o Num\u00e9rica&#8212; 2020\/1FT051 &#8211; Transportes de Fluidos &gt;&gt;&hellip;","og_url":"https:\/\/wordpress.ft.unicamp.br\/diegorodrigues\/ensino\/","og_site_name":"Prof. Dr. Diego Samuel Rodrigues","article_modified_time":"2023-01-02T17:54:07+00:00","og_image":[{"url":"http:\/\/pessoas.unifal-mg.edu.br\/diegorodrigues\/wp-content\/uploads\/sites\/13\/2018\/08\/aula-300x225.jpg","type":"","width":"","height":""}],"twitter_card":"summary_large_image","twitter_misc":{"Est. tempo de leitura":"2 minutos"},"schema":{"@context":"https:\/\/schema.org","@graph":[{"@type":"WebPage","@id":"https:\/\/wordpress.ft.unicamp.br\/diegorodrigues\/ensino\/","url":"https:\/\/wordpress.ft.unicamp.br\/diegorodrigues\/ensino\/","name":"Ensino - Prof. Dr. Diego Samuel Rodrigues","isPartOf":{"@id":"https:\/\/wordpress.ft.unicamp.br\/diegorodrigues\/#website"},"primaryImageOfPage":{"@id":"https:\/\/wordpress.ft.unicamp.br\/diegorodrigues\/ensino\/#primaryimage"},"image":{"@id":"https:\/\/wordpress.ft.unicamp.br\/diegorodrigues\/ensino\/#primaryimage"},"thumbnailUrl":"http:\/\/pessoas.unifal-mg.edu.br\/diegorodrigues\/wp-content\/uploads\/sites\/13\/2018\/08\/aula-300x225.jpg","datePublished":"2018-08-23T12:42:56+00:00","dateModified":"2023-01-02T17:54:07+00:00","breadcrumb":{"@id":"https:\/\/wordpress.ft.unicamp.br\/diegorodrigues\/ensino\/#breadcrumb"},"inLanguage":"pt-BR","potentialAction":[{"@type":"ReadAction","target":["https:\/\/wordpress.ft.unicamp.br\/diegorodrigues\/ensino\/"]}]},{"@type":"ImageObject","inLanguage":"pt-BR","@id":"https:\/\/wordpress.ft.unicamp.br\/diegorodrigues\/ensino\/#primaryimage","url":"http:\/\/pessoas.unifal-mg.edu.br\/diegorodrigues\/wp-content\/uploads\/sites\/13\/2018\/08\/aula-300x225.jpg","contentUrl":"http:\/\/pessoas.unifal-mg.edu.br\/diegorodrigues\/wp-content\/uploads\/sites\/13\/2018\/08\/aula-300x225.jpg"},{"@type":"BreadcrumbList","@id":"https:\/\/wordpress.ft.unicamp.br\/diegorodrigues\/ensino\/#breadcrumb","itemListElement":[{"@type":"ListItem","position":1,"name":"Home","item":"https:\/\/wordpress.ft.unicamp.br\/diegorodrigues\/"},{"@type":"ListItem","position":2,"name":"Ensino"}]},{"@type":"WebSite","@id":"https:\/\/wordpress.ft.unicamp.br\/diegorodrigues\/#website","url":"https:\/\/wordpress.ft.unicamp.br\/diegorodrigues\/","name":"Prof. Dr. Diego Samuel Rodrigues","description":"Interesse de Pesquisa: Modelagem Matem\u00e1tica e Computacional de Fen\u00f4menos F\u00edsicos e Biol\u00f3gicos","potentialAction":[{"@type":"SearchAction","target":{"@type":"EntryPoint","urlTemplate":"https:\/\/wordpress.ft.unicamp.br\/diegorodrigues\/?s={search_term_string}"},"query-input":{"@type":"PropertyValueSpecification","valueRequired":true,"valueName":"search_term_string"}}],"inLanguage":"pt-BR"}]}},"_links":{"self":[{"href":"https:\/\/wordpress.ft.unicamp.br\/diegorodrigues\/wp-json\/wp\/v2\/pages\/56","targetHints":{"allow":["GET"]}}],"collection":[{"href":"https:\/\/wordpress.ft.unicamp.br\/diegorodrigues\/wp-json\/wp\/v2\/pages"}],"about":[{"href":"https:\/\/wordpress.ft.unicamp.br\/diegorodrigues\/wp-json\/wp\/v2\/types\/page"}],"author":[{"embeddable":true,"href":"https:\/\/wordpress.ft.unicamp.br\/diegorodrigues\/wp-json\/wp\/v2\/users\/51"}],"replies":[{"embeddable":true,"href":"https:\/\/wordpress.ft.unicamp.br\/diegorodrigues\/wp-json\/wp\/v2\/comments?post=56"}],"version-history":[{"count":87,"href":"https:\/\/wordpress.ft.unicamp.br\/diegorodrigues\/wp-json\/wp\/v2\/pages\/56\/revisions"}],"predecessor-version":[{"id":925,"href":"https:\/\/wordpress.ft.unicamp.br\/diegorodrigues\/wp-json\/wp\/v2\/pages\/56\/revisions\/925"}],"wp:attachment":[{"href":"https:\/\/wordpress.ft.unicamp.br\/diegorodrigues\/wp-json\/wp\/v2\/media?parent=56"}],"curies":[{"name":"wp","href":"https:\/\/api.w.org\/{rel}","templated":true}]}}