{"id":17,"date":"2013-03-08T13:26:20","date_gmt":"2013-03-08T13:26:20","guid":{"rendered":"http:\/\/www.ft.unicamp.br\/duplodiploma\/?page_id=17"},"modified":"2013-03-08T13:26:20","modified_gmt":"2013-03-08T13:26:20","slug":"o-programa","status":"publish","type":"page","link":"https:\/\/wordpress.ft.unicamp.br\/duplodiploma\/o-programa\/","title":{"rendered":"O PROGRAMA"},"content":{"rendered":"<p style=\"text-align: justify\">O Programa de Duplo Diploma entre os cursos de Tecnologia em An\u00e1lise e Desenvolvimento de Sistemas (TADS) e Licenciatura em Engenharia Inform\u00e1tica (LEI) estabelece uma gradua\u00e7\u00e3o com dupla diploma\u00e7\u00e3o nas universidades UNICAMP e UC. Esse programa busca promover a internacionaliza\u00e7\u00e3o dos cursos de ambas as faculdades em que se realizam os cursos por meio do interc\u00e2mbio de alunos.<\/p>\n<p style=\"text-align: justify\">O Programa foi iniciado em 2013, sendo estabelecido por meio de conv\u00eanio internacional entre as Institui\u00e7\u00f5es. Seu hist\u00f3rico inicia em 2009 quando do aumento de interc\u00e2mbio de professores e pesquisadores de ambas as Universidades. Espera-se fazer uso de recursos extra-or\u00e7ament\u00e1rios, tais como do Programa Ci\u00eancia Sem Fronteiras, a fim de possibilitar o fluxo de alunos.<\/p>\n<p style=\"text-align: justify\">Como resultado da adequa\u00e7\u00e3o do curso de TADS a este Programa, nota-se a aproxima\u00e7\u00e3o de seu projeto pedag\u00f3gico ao Modelo de Bolonha, adotado pelo curso LEI e por v\u00e1rios outras universidades da Europa.<\/p>\n","protected":false},"excerpt":{"rendered":"<p>O Programa de Duplo Diploma entre os cursos de Tecnologia em An\u00e1lise e Desenvolvimento de Sistemas (TADS) e Licenciatura em Engenharia Inform\u00e1tica (LEI) estabelece uma gradua\u00e7\u00e3o com dupla diploma\u00e7\u00e3o nas universidades UNICAMP e UC. Esse programa busca promover a internacionaliza\u00e7\u00e3o dos cursos de ambas as faculdades em que se realizam os cursos por meio do [&hellip;]<\/p>\n","protected":false},"author":1,"featured_media":0,"parent":0,"menu_order":0,"comment_status":"closed","ping_status":"closed","template":"","meta":{"footnotes":""},"class_list":["post-17","page","type-page","status-publish","hentry"],"yoast_head":"<!-- This site is optimized with the Yoast SEO plugin v27.3 - https:\/\/yoast.com\/product\/yoast-seo-wordpress\/ -->\n<title>O PROGRAMA - Duplo Diploma<\/title>\n<meta name=\"robots\" content=\"index, follow, max-snippet:-1, max-image-preview:large, max-video-preview:-1\" \/>\n<link rel=\"canonical\" href=\"https:\/\/wordpress.ft.unicamp.br\/duplodiploma\/o-programa\/\" \/>\n<meta property=\"og:locale\" content=\"pt_BR\" \/>\n<meta property=\"og:type\" content=\"article\" \/>\n<meta property=\"og:title\" content=\"O PROGRAMA - Duplo Diploma\" \/>\n<meta property=\"og:description\" content=\"O Programa de Duplo Diploma entre os cursos de Tecnologia em An\u00e1lise e Desenvolvimento de Sistemas (TADS) e Licenciatura em Engenharia Inform\u00e1tica (LEI) estabelece uma gradua\u00e7\u00e3o com dupla diploma\u00e7\u00e3o nas universidades UNICAMP e UC. Esse programa busca promover a internacionaliza\u00e7\u00e3o dos cursos de ambas as faculdades em que se realizam os cursos por meio do [&hellip;]\" \/>\n<meta property=\"og:url\" content=\"https:\/\/wordpress.ft.unicamp.br\/duplodiploma\/o-programa\/\" \/>\n<meta property=\"og:site_name\" content=\"Duplo Diploma\" \/>\n<meta name=\"twitter:card\" content=\"summary_large_image\" \/>\n<meta name=\"twitter:label1\" content=\"Est. tempo de leitura\" \/>\n\t<meta name=\"twitter:data1\" content=\"1 minuto\" \/>\n<script type=\"application\/ld+json\" class=\"yoast-schema-graph\">{\"@context\":\"https:\\\/\\\/schema.org\",\"@graph\":[{\"@type\":\"WebPage\",\"@id\":\"https:\\\/\\\/wordpress.ft.unicamp.br\\\/duplodiploma\\\/o-programa\\\/\",\"url\":\"https:\\\/\\\/wordpress.ft.unicamp.br\\\/duplodiploma\\\/o-programa\\\/\",\"name\":\"O PROGRAMA - Duplo Diploma\",\"isPartOf\":{\"@id\":\"https:\\\/\\\/wordpress.ft.unicamp.br\\\/duplodiploma\\\/#website\"},\"datePublished\":\"2013-03-08T13:26:20+00:00\",\"breadcrumb\":{\"@id\":\"https:\\\/\\\/wordpress.ft.unicamp.br\\\/duplodiploma\\\/o-programa\\\/#breadcrumb\"},\"inLanguage\":\"pt-BR\",\"potentialAction\":[{\"@type\":\"ReadAction\",\"target\":[\"https:\\\/\\\/wordpress.ft.unicamp.br\\\/duplodiploma\\\/o-programa\\\/\"]}]},{\"@type\":\"BreadcrumbList\",\"@id\":\"https:\\\/\\\/wordpress.ft.unicamp.br\\\/duplodiploma\\\/o-programa\\\/#breadcrumb\",\"itemListElement\":[{\"@type\":\"ListItem\",\"position\":1,\"name\":\"Home\",\"item\":\"https:\\\/\\\/wordpress.ft.unicamp.br\\\/duplodiploma\\\/\"},{\"@type\":\"ListItem\",\"position\":2,\"name\":\"O PROGRAMA\"}]},{\"@type\":\"WebSite\",\"@id\":\"https:\\\/\\\/wordpress.ft.unicamp.br\\\/duplodiploma\\\/#website\",\"url\":\"https:\\\/\\\/wordpress.ft.unicamp.br\\\/duplodiploma\\\/\",\"name\":\"Duplo Diploma\",\"description\":\"DUPLO DIPLOMA NA GRADUA\u00c7\u00c3O\",\"potentialAction\":[{\"@type\":\"SearchAction\",\"target\":{\"@type\":\"EntryPoint\",\"urlTemplate\":\"https:\\\/\\\/wordpress.ft.unicamp.br\\\/duplodiploma\\\/?s={search_term_string}\"},\"query-input\":{\"@type\":\"PropertyValueSpecification\",\"valueRequired\":true,\"valueName\":\"search_term_string\"}}],\"inLanguage\":\"pt-BR\"}]}<\/script>\n<!-- \/ Yoast SEO plugin. -->","yoast_head_json":{"title":"O PROGRAMA - Duplo Diploma","robots":{"index":"index","follow":"follow","max-snippet":"max-snippet:-1","max-image-preview":"max-image-preview:large","max-video-preview":"max-video-preview:-1"},"canonical":"https:\/\/wordpress.ft.unicamp.br\/duplodiploma\/o-programa\/","og_locale":"pt_BR","og_type":"article","og_title":"O PROGRAMA - Duplo Diploma","og_description":"O Programa de Duplo Diploma entre os cursos de Tecnologia em An\u00e1lise e Desenvolvimento de Sistemas (TADS) e Licenciatura em Engenharia Inform\u00e1tica (LEI) estabelece uma gradua\u00e7\u00e3o com dupla diploma\u00e7\u00e3o nas universidades UNICAMP e UC. Esse programa busca promover a internacionaliza\u00e7\u00e3o dos cursos de ambas as faculdades em que se realizam os cursos por meio do [&hellip;]","og_url":"https:\/\/wordpress.ft.unicamp.br\/duplodiploma\/o-programa\/","og_site_name":"Duplo Diploma","twitter_card":"summary_large_image","twitter_misc":{"Est. tempo de leitura":"1 minuto"},"schema":{"@context":"https:\/\/schema.org","@graph":[{"@type":"WebPage","@id":"https:\/\/wordpress.ft.unicamp.br\/duplodiploma\/o-programa\/","url":"https:\/\/wordpress.ft.unicamp.br\/duplodiploma\/o-programa\/","name":"O PROGRAMA - Duplo Diploma","isPartOf":{"@id":"https:\/\/wordpress.ft.unicamp.br\/duplodiploma\/#website"},"datePublished":"2013-03-08T13:26:20+00:00","breadcrumb":{"@id":"https:\/\/wordpress.ft.unicamp.br\/duplodiploma\/o-programa\/#breadcrumb"},"inLanguage":"pt-BR","potentialAction":[{"@type":"ReadAction","target":["https:\/\/wordpress.ft.unicamp.br\/duplodiploma\/o-programa\/"]}]},{"@type":"BreadcrumbList","@id":"https:\/\/wordpress.ft.unicamp.br\/duplodiploma\/o-programa\/#breadcrumb","itemListElement":[{"@type":"ListItem","position":1,"name":"Home","item":"https:\/\/wordpress.ft.unicamp.br\/duplodiploma\/"},{"@type":"ListItem","position":2,"name":"O PROGRAMA"}]},{"@type":"WebSite","@id":"https:\/\/wordpress.ft.unicamp.br\/duplodiploma\/#website","url":"https:\/\/wordpress.ft.unicamp.br\/duplodiploma\/","name":"Duplo Diploma","description":"DUPLO DIPLOMA NA GRADUA\u00c7\u00c3O","potentialAction":[{"@type":"SearchAction","target":{"@type":"EntryPoint","urlTemplate":"https:\/\/wordpress.ft.unicamp.br\/duplodiploma\/?s={search_term_string}"},"query-input":{"@type":"PropertyValueSpecification","valueRequired":true,"valueName":"search_term_string"}}],"inLanguage":"pt-BR"}]}},"_links":{"self":[{"href":"https:\/\/wordpress.ft.unicamp.br\/duplodiploma\/wp-json\/wp\/v2\/pages\/17","targetHints":{"allow":["GET"]}}],"collection":[{"href":"https:\/\/wordpress.ft.unicamp.br\/duplodiploma\/wp-json\/wp\/v2\/pages"}],"about":[{"href":"https:\/\/wordpress.ft.unicamp.br\/duplodiploma\/wp-json\/wp\/v2\/types\/page"}],"author":[{"embeddable":true,"href":"https:\/\/wordpress.ft.unicamp.br\/duplodiploma\/wp-json\/wp\/v2\/users\/1"}],"replies":[{"embeddable":true,"href":"https:\/\/wordpress.ft.unicamp.br\/duplodiploma\/wp-json\/wp\/v2\/comments?post=17"}],"version-history":[{"count":0,"href":"https:\/\/wordpress.ft.unicamp.br\/duplodiploma\/wp-json\/wp\/v2\/pages\/17\/revisions"}],"wp:attachment":[{"href":"https:\/\/wordpress.ft.unicamp.br\/duplodiploma\/wp-json\/wp\/v2\/media?parent=17"}],"curies":[{"name":"wp","href":"https:\/\/api.w.org\/{rel}","templated":true}]}}