{"id":914,"date":"2019-06-29T20:18:44","date_gmt":"2019-06-29T20:18:44","guid":{"rendered":"http:\/\/wordpress.ft.unicamp.br\/ecoedu\/?page_id=914"},"modified":"2019-06-29T20:25:25","modified_gmt":"2019-06-29T20:25:25","slug":"publicacoes","status":"publish","type":"page","link":"https:\/\/wordpress.ft.unicamp.br\/ecoedu\/publicacoes\/","title":{"rendered":"Publica\u00e7\u00f5es"},"content":{"rendered":"\n<p style=\"text-align:center\" class=\"has-large-font-size\"><strong>PUBLICA\u00c7\u00d5ES<\/strong><\/p>\n\n\n\n<p><strong><a href=\"http:\/\/lattes.cnpq.br\/7149846081415916\" target=\"_blank\" rel=\"noreferrer noopener\"><br>\nRIBEIRO, LUBIENSKA C. L. J.<\/a><\/strong>; OLIVEIRA, H. L. ; PANTALEAO, B. C. F. ;\nGONCALVES, J. ; WOO, M. G. V. A. . Educa\u00e7\u00e3o Formal com o aux\u00edlio da Educa\u00e7\u00e3o\nAmbiental em escola de educa\u00e7\u00e3o infantil. EDUCA\u00c7\u00c3O AMBIENTAL EM A\u00c7\u00c3O, v. 62, p.\n1, 2018.<\/p>\n\n\n\n<p><a href=\"http:\/\/lattes.cnpq.br\/7149846081415916\" target=\"_blank\" rel=\"noreferrer noopener\"><strong>RIBEIRO, L. C. L.\nJ.<\/strong><\/a>;\nBORBUCHI, R. J. A. ; TORRES, R. M. ; BASSETO, R. C. D. ; OLIVEIRA, H. L. ; PEREIRA,\nJ. S. ; GONCALVES, J. . A Educa\u00e7\u00e3o Ambiental e a Educa\u00e7\u00e3o Nutricional como\npr\u00e1ticas educativas na Escola de Educa\u00e7\u00e3o Infantil. EDUCA\u00c7\u00c3O AMBIENTAL EM A\u00c7\u00c3O,\nv. 58, p. 1, 2017.<\/p>\n\n\n\n<p><a href=\"http:\/\/lattes.cnpq.br\/7149846081415916\" target=\"_blank\" rel=\"noreferrer noopener\"><strong>RIBEIRO, L C L J<\/strong><\/a>; PIRES, M. S. G. . Projeto de Extens\u00e3o Comunit\u00e1ria\nbusca amenizar humilha\u00e7\u00f5es t\u00edpicas do bullying.. Educa\u00e7\u00e3o Ambiental em A\u00e7\u00e3o, v.\nXV, p. 1, 2016.<\/p>\n\n\n\n<p>PANTALEAO, B. C. F. ; GONCALVES, J. ; OLIVEIRA, H.\nL. ;&nbsp;<a href=\"http:\/\/lattes.cnpq.br\/7149846081415916\" target=\"_blank\" rel=\"noreferrer noopener\"><strong>RIBEIRO, L C L J<\/strong><\/a>&nbsp;. A Educa\u00e7\u00e3o Ambiental para inclus\u00e3o social\nde crian\u00e7as com s\u00edndrome de downn. In: V Congresso Nacional de Educa\u00e7\u00e3o\nAmbiental &#8211; VCNEA., 2017, Jo\u00e3o Pessoa. V Congresso Nacional de Educa\u00e7\u00e3o\nAmbiental &#8211; VCNEA., 2017.<\/p>\n\n\n\n<p>OLIVEIRA, H. L. ; FREIRIA, R. C. ;&nbsp;<a href=\"http:\/\/lattes.cnpq.br\/7149846081415916\" target=\"_blank\" rel=\"noreferrer noopener\"><strong>RIBEIRO,\nL C L J<\/strong><\/a>. Educa\u00e7\u00e3o Ambiental como agente nas pol\u00edticas p\u00fablicas inclusivas. In: V\nCongresso Nacional de Educa\u00e7\u00e3o Ambiental &#8211; VCNEA, 2017, Jo\u00e3o Pessoa. V\nCongresso Nacional de Educa\u00e7\u00e3o Ambiental &#8211; VCNEA, 2017.<\/p>\n\n\n\n<p>WOO, M. G. V. ; MATTIUZZO, M. R. ; CRUZ, G. N. ;&nbsp;<a href=\"http:\/\/lattes.cnpq.br\/7149846081415916\" target=\"_blank\" rel=\"noreferrer noopener\"><strong>RIBEIRO, L C L J<\/strong><\/a>; BASSETO, R. C. D. ; TORRES, R.\nM. ; BORBUCHI, R. J. A. ; PANTALEAO, B. C. F. ; OLIVEIRA, H. L. ; OLIVEIRA, K.\nN. M. S. ; PEREIRA, J. S. ; OLIVEIRA, V. . A M\u00daSICA A PARTIR DO CONTEXTO DA\nEDUCA\u00c7\u00c3O AMBIENTAL COM CRIAN\u00c7AS DE ESCOLA DE EDUCA\u00c7\u00c3O INFANTIL. In: 7\u00b0\nCongresso Brasileiro de Extens\u00e3o Universit\u00e1ria, 2016, Ouro Preto. 7\u00b0 Congresso\nBrasileiro de Extens\u00e3o Universit\u00e1ria, 2016.<\/p>\n\n\n\n<p>Guerra, F. A. A&gt; ;&nbsp;<a href=\"http:\/\/lattes.cnpq.br\/7149846081415916\" target=\"_blank\" rel=\"noreferrer noopener\"><strong>RIBEIRO, L C L J<\/strong><\/a>; SILVA, I. R. . A INCLUS\u00c3O DA\nPESSOA COM DEFICI\u00caNCIA NA UNIVERSIDADE: EDUCA\u00c7\u00c3O AMBIENTAL E O EMPODERAMENTO.\nIn: VIII F\u00f3rum Brasileiro de Educa\u00e7\u00e3o Ambiental, 2015, Belem. VIII F\u00f3rum\nBrasileiro de Educa\u00e7\u00e3o Ambiental, 2015.<\/p>\n\n\n\n<p>Guerra, F. A. A&gt; ;&nbsp;<a href=\"http:\/\/lattes.cnpq.br\/7149846081415916\" target=\"_blank\" rel=\"noreferrer noopener\"><strong>RIBEIRO, L C L J<\/strong><\/a><strong>.<\/strong>&nbsp;; SILVA,\nI. R. . A INCLUS\u00c3O DE ALUNOS COM DEFICI\u00caNCIA NA UNIVERSIDADE P\u00daBLICA: DESAFIO\nDA EDUCA\u00c7\u00c3O AMBIENTAL. In: VIII EPEA, 2015, Rio de Janeiro. VIII EPEA, 2015.<\/p>\n\n\n\n<p>Guerra, F. A. A&gt; ;&nbsp;<a href=\"http:\/\/lattes.cnpq.br\/7149846081415916\" target=\"_blank\" rel=\"noreferrer noopener\"><strong>RIBEIRO, L C L J<\/strong><\/a>; SILVA, I. R. ; Fabri, L. A. . POL\u00cdTICAS P\u00daBLICAS E MEIO AMBIENTE: MEIO\nFACILITADOR DE INCLUS\u00c3O A PESSOA COM DEFIC\u00caNCIA. In: Congresso de Engenharia\nAmbiental do Sul do Brasil, 2015, Porto Alegre. Congresso de Engenharia\nAmbiental do Sul do Brasil, 2015.<\/p>\n\n\n\n<p>RICK, N. ; Pires,M.S.G. ; GACHET-BARBOSA, L. A. ; LINTZ, R. C. C.\n;&nbsp;<a href=\"http:\/\/lattes.cnpq.br\/7149846081415916\" target=\"_blank\" rel=\"noreferrer noopener\"><strong>RIBEIRO,\nL C L J<\/strong><\/a>&nbsp;. Processo de Forma\u00e7\u00e3o de Educadores em Projeto de Educa\u00e7\u00e3o Ambiental.\nIn: 27 Congresso Brasileiro de Engenharia Sanit\u00e1ria e Ambiental, 2013, Goi\u00e2nia.\n27 Congresso Brasileiro de Engenharia Sanit\u00e1ria e Ambiental, 2013.<\/p>\n\n\n\n<p><a rel=\"noreferrer noopener\" href=\"http:\/\/lattes.cnpq.br\/2321161996869676\" target=\"_blank\"><br><\/a>PAIXAO FILHO, J. L.\u00a0; ALVES, G. R ;\u00a0<a rel=\"noreferrer noopener\" href=\"http:\/\/lattes.cnpq.br\/7149846081415916\" target=\"_blank\"><strong>RIBEIRO, L C L J<\/strong><\/a>\u00a0; Albino,A.M.A ; Pires,M.S.G. . EDUCA\u00c7\u00c3O AMBIENTAL E HORTA EM ESCOLAS DE ENSINO INFANTIL EM LIMEIRA-SP: RELATO DE EXPERI\u00caNCIA COM O TEMA GERADOR \u00c1GUA. In: X Simp\u00f3sio \u00cdtalo-Brasileiro de Engenharia Sanit\u00e1ria e Ambiental, 2010, 2010, Macei\u00f3. X Simp\u00f3sio \u00cdtalo-Brasileiro de Engenharia Sanit\u00e1ria e Ambiental, 2010, 2010.<\/p>\n\n\n\n<p><br>\nLopes,A.M. ; Albino,A.M.A ; Pires,M.S.G. ;\nBARBOSA, L. A. G. ;&nbsp;<a href=\"http:\/\/lattes.cnpq.br\/7149846081415916\" target=\"_blank\" rel=\"noreferrer noopener\"><strong>RIBEIRO,\nL C L J<\/strong><\/a>&nbsp;. Projeto de Educa\u00e7\u00e3o Ambiental realizado na Escola Estadual de Tempo\nIntegral Doutor Tom\u00e1s Alves em Sousas. In: VI Congresso Iberoamericano de\nEducaci\u00f3n Ambiental, 2009, Campinas-SP. VI Congresso Iberoamericano de\nEducaci\u00f3n Ambiental, 2009.<\/p>\n\n\n\n<p><br>\nAlmeida,J. ; Albino,A.M.A ; Pires,M.S.G. ;\nBARBOSA, L. A. G. ;&nbsp;<a href=\"http:\/\/lattes.cnpq.br\/7149846081415916\" target=\"_blank\" rel=\"noreferrer noopener\"><strong>RIBEIRO,\nL. C. L. J.<\/strong><\/a>&nbsp;. Encicl\u00f3p\u00e9dia Digital para auxilio na educa\u00e7\u00e3o ambiental. In: VI Congreso\nIberoamericano de Educaci\u00f3n Ambiental, 2009. VI Congreso Iberoamericano de\nEducaci\u00f3n Ambiental, 2009.<\/p>\n\n\n\n<p>Lammoglia,R. ;&nbsp;<a href=\"http:\/\/lattes.cnpq.br\/7149846081415916\" target=\"_blank\" rel=\"noreferrer noopener\"><strong>RIBEIRO,\nL. C. L. J.<\/strong><\/a>&nbsp;; Pires,M.S.G. ; SANTOS, C. ; Albino,A.M.A . Implanta\u00e7\u00e3o da Disciplina de\nEduca\u00e7\u00e3o Ambiental na Escola &#8220;Maria L\u00e1zara Begossi&#8221;,para crian\u00e7as na\nfaixa et\u00e1ria de 5-6 anos no Munic\u00edpio de Salto. In: VI Congreso Iberoamericano\nde Educaci\u00f3n Ambiental, 2009, Salto. VI Congreso Iberoamericano de Educaci\u00f3n\nAmbiental, 2009.<\/p>\n\n\n\n<p>Esteves,L.M.C. ;&nbsp;<a href=\"http:\/\/lattes.cnpq.br\/7149846081415916\" target=\"_blank\" rel=\"noreferrer noopener\"><strong>RIBEIRO,\nL. C. L. J.<\/strong><\/a>&nbsp;. A Educa\u00e7\u00e3o Ambiental como ferramenta na inser\u00e7\u00e3o de deficientes\nintelectuais na Sociedade : Estudo de caso. In: VI ENEDS &#8211; Encontro Nacional de\nEngenharia e desenvolvimento social, 2009, Campinas. VI ENEDS &#8211; Encontro\nNacional de Engenharia e desenvolvimento social, 2009.<\/p>\n\n\n\n<p><a href=\"http:\/\/lattes.cnpq.br\/7149846081415916\" target=\"_blank\" rel=\"noreferrer noopener\"><strong>RIBEIRO,\nL. C. L. J.<\/strong><\/a>; Kalinka Regina Lucas Jaquie Castelo Branco . Plantar conhecimento, \u00e9\nfazer talentos aparentemente escondidos florescer. In: XIII Simp\u00f3sio\nLuso-Brasileiro de Engenharia Sanit\u00e1ria e Ambiental, 2008, Bel\u00e9m do Par\u00e1. XIII\nSILUBESA, 2008.<\/p>\n\n\n\n<p><a href=\"http:\/\/lattes.cnpq.br\/7149846081415916\" target=\"_blank\" rel=\"noreferrer noopener\"><strong><br>\n<\/strong><strong>RIBEIRO, L. C. L. J.<\/strong><\/a>; CORLATTI, Alessandra de Toledo ;\nGUIDI, Wagner Pizani . Reabilita\u00e7\u00e3o F\u00edsica e Biopsicosocial Atrav\u00e9s do Projeto\nEquoedu &#8211; Ambiental. In: V Simp\u00f3sio Internacional de Qualidade Ambiental, 2006,\nPorto Alegre, 2006.<\/p>\n\n\n\n<p><a rel=\"noreferrer noopener\" href=\"http:\/\/lattes.cnpq.br\/7149846081415916\" target=\"_blank\"><strong>RIBEIRO, L. C. L. J.<\/strong><\/a>; SILVA, Franciele Borges da ; TASSE, Pamella Aparecida ; GUIDI, Wagner Pizani . Criando agentes de defesa do meio ambiente atrav\u00e9s do projeto equoedu-ambiental. In: I Simp\u00f3sio Nordestino de Saneamento Ambiental, 2006, Jo\u00e3o Pessoa. I Simp\u00f3sio Nordestino de Saneamento Ambiental, 2006.<br><a rel=\"noreferrer noopener\" href=\"http:\/\/lattes.cnpq.br\/7149846081415916\" target=\"_blank\"><strong><br> RIBEIRO, L. C. L. J.<\/strong><\/a>; JUSTINO, Marciela ; C\u00c1CERES, Angela Ivonne Briones ; GUIDI, Wagner Pizani . O projeto equoedu-ambiental incentivando a criatividade, perseveran\u00e7a e o respeito aos praticantes de equoterapia. In: I Simp\u00f3sio Nordestino de Saneamento Ambiental, 2006, Jo\u00e3o Pessoa. I Simp\u00f3sio Nordestino de Saneamento Ambiental, 2006.<\/p>\n\n\n\n<p><a href=\"http:\/\/lattes.cnpq.br\/7149846081415916\" target=\"_blank\" rel=\"noreferrer noopener\"><strong>RIBEIRO, L C L J<\/strong><\/a>; VEDOVELLO, A. F. ; DONE, F. ;\nSOUZA, N. T. ; CASTRO, L. S. ; SARTORELLI, L. C. ; FRANCA, G. A. ; SILVA, N. O.\nM. . Projeto de Extens\u00e3o Comunit\u00e1ria Ecoedu Ambiental enriquece a forma\u00e7\u00e3o\nprofissional dos alunos da Unicamp. In: I Congresso de Projetos de Apoio \u00e0\nPerman\u00eancia de Estudantes da Gradua\u00e7\u00e3o da Unicamp, 2018, Campinas. I Congresso\nde Projetos de Apoio \u00e0 Perman\u00eancia de Estudantes da Gradua\u00e7\u00e3o da Unicamp, 2018.<\/p>\n\n\n<p><!--EndFragment--><\/p>","protected":false},"excerpt":{"rendered":"<p>PUBLICA\u00c7\u00d5ES RIBEIRO, LUBIENSKA C. L. J.; OLIVEIRA, H. L. ; PANTALEAO, B. C. F. ; GONCALVES, J. ; WOO, M. G. V. A. . Educa\u00e7\u00e3o Formal com o aux\u00edlio da Educa\u00e7\u00e3o Ambiental em escola de educa\u00e7\u00e3o infantil. EDUCA\u00c7\u00c3O AMBIENTAL EM A\u00c7\u00c3O, v. 62, p. 1, 2018. RIBEIRO, L. C. L. J.; BORBUCHI, R. J. A.<a class=\"read-more\" href=\"https:\/\/wordpress.ft.unicamp.br\/ecoedu\/publicacoes\/\"><br \/>-> Continue reading<span class=\"screen-reader-text\">  Publica\u00e7\u00f5es<\/span><\/a><\/p>\n","protected":false},"author":17,"featured_media":0,"parent":0,"menu_order":0,"comment_status":"closed","ping_status":"closed","template":"template-fullwidth-no-title.php","meta":{"footnotes":""},"class_list":["post-914","page","type-page","status-publish","hentry"],"yoast_head":"<!-- This site is optimized with the Yoast SEO plugin v27.3 - https:\/\/yoast.com\/product\/yoast-seo-wordpress\/ -->\n<title>Publica\u00e7\u00f5es - Ecoedu Ambiental<\/title>\n<meta name=\"robots\" content=\"index, follow, max-snippet:-1, max-image-preview:large, max-video-preview:-1\" \/>\n<link rel=\"canonical\" href=\"https:\/\/wordpress.ft.unicamp.br\/ecoedu\/publicacoes\/\" \/>\n<meta property=\"og:locale\" content=\"pt_BR\" \/>\n<meta property=\"og:type\" content=\"article\" \/>\n<meta property=\"og:title\" content=\"Publica\u00e7\u00f5es - Ecoedu Ambiental\" \/>\n<meta property=\"og:description\" content=\"PUBLICA\u00c7\u00d5ES RIBEIRO, LUBIENSKA C. L. J.; OLIVEIRA, H. L. ; PANTALEAO, B. C. F. ; GONCALVES, J. ; WOO, M. G. V. A. . Educa\u00e7\u00e3o Formal com o aux\u00edlio da Educa\u00e7\u00e3o Ambiental em escola de educa\u00e7\u00e3o infantil. EDUCA\u00c7\u00c3O AMBIENTAL EM A\u00c7\u00c3O, v. 62, p. 1, 2018. RIBEIRO, L. C. L. J.; BORBUCHI, R. J. A.-&gt; Continue reading Publica\u00e7\u00f5es\" \/>\n<meta property=\"og:url\" content=\"https:\/\/wordpress.ft.unicamp.br\/ecoedu\/publicacoes\/\" \/>\n<meta property=\"og:site_name\" content=\"Ecoedu Ambiental\" \/>\n<meta property=\"article:modified_time\" content=\"2019-06-29T20:25:25+00:00\" \/>\n<meta name=\"twitter:card\" content=\"summary_large_image\" \/>\n<meta name=\"twitter:label1\" content=\"Est. tempo de leitura\" \/>\n\t<meta name=\"twitter:data1\" content=\"5 minutos\" \/>\n<script type=\"application\/ld+json\" class=\"yoast-schema-graph\">{\"@context\":\"https:\\\/\\\/schema.org\",\"@graph\":[{\"@type\":\"WebPage\",\"@id\":\"https:\\\/\\\/wordpress.ft.unicamp.br\\\/ecoedu\\\/publicacoes\\\/\",\"url\":\"https:\\\/\\\/wordpress.ft.unicamp.br\\\/ecoedu\\\/publicacoes\\\/\",\"name\":\"Publica\u00e7\u00f5es - Ecoedu Ambiental\",\"isPartOf\":{\"@id\":\"https:\\\/\\\/wordpress.ft.unicamp.br\\\/ecoedu\\\/#website\"},\"datePublished\":\"2019-06-29T20:18:44+00:00\",\"dateModified\":\"2019-06-29T20:25:25+00:00\",\"breadcrumb\":{\"@id\":\"https:\\\/\\\/wordpress.ft.unicamp.br\\\/ecoedu\\\/publicacoes\\\/#breadcrumb\"},\"inLanguage\":\"pt-BR\",\"potentialAction\":[{\"@type\":\"ReadAction\",\"target\":[\"https:\\\/\\\/wordpress.ft.unicamp.br\\\/ecoedu\\\/publicacoes\\\/\"]}]},{\"@type\":\"BreadcrumbList\",\"@id\":\"https:\\\/\\\/wordpress.ft.unicamp.br\\\/ecoedu\\\/publicacoes\\\/#breadcrumb\",\"itemListElement\":[{\"@type\":\"ListItem\",\"position\":1,\"name\":\"Home\",\"item\":\"https:\\\/\\\/wordpress.ft.unicamp.br\\\/ecoedu\\\/\"},{\"@type\":\"ListItem\",\"position\":2,\"name\":\"Publica\u00e7\u00f5es\"}]},{\"@type\":\"WebSite\",\"@id\":\"https:\\\/\\\/wordpress.ft.unicamp.br\\\/ecoedu\\\/#website\",\"url\":\"https:\\\/\\\/wordpress.ft.unicamp.br\\\/ecoedu\\\/\",\"name\":\"Ecoedu Ambiental\",\"description\":\"\",\"potentialAction\":[{\"@type\":\"SearchAction\",\"target\":{\"@type\":\"EntryPoint\",\"urlTemplate\":\"https:\\\/\\\/wordpress.ft.unicamp.br\\\/ecoedu\\\/?s={search_term_string}\"},\"query-input\":{\"@type\":\"PropertyValueSpecification\",\"valueRequired\":true,\"valueName\":\"search_term_string\"}}],\"inLanguage\":\"pt-BR\"}]}<\/script>\n<!-- \/ Yoast SEO plugin. -->","yoast_head_json":{"title":"Publica\u00e7\u00f5es - Ecoedu Ambiental","robots":{"index":"index","follow":"follow","max-snippet":"max-snippet:-1","max-image-preview":"max-image-preview:large","max-video-preview":"max-video-preview:-1"},"canonical":"https:\/\/wordpress.ft.unicamp.br\/ecoedu\/publicacoes\/","og_locale":"pt_BR","og_type":"article","og_title":"Publica\u00e7\u00f5es - Ecoedu Ambiental","og_description":"PUBLICA\u00c7\u00d5ES RIBEIRO, LUBIENSKA C. L. J.; OLIVEIRA, H. L. ; PANTALEAO, B. C. F. ; GONCALVES, J. ; WOO, M. G. V. A. . Educa\u00e7\u00e3o Formal com o aux\u00edlio da Educa\u00e7\u00e3o Ambiental em escola de educa\u00e7\u00e3o infantil. EDUCA\u00c7\u00c3O AMBIENTAL EM A\u00c7\u00c3O, v. 62, p. 1, 2018. RIBEIRO, L. C. L. J.; BORBUCHI, R. J. A.-> Continue reading Publica\u00e7\u00f5es","og_url":"https:\/\/wordpress.ft.unicamp.br\/ecoedu\/publicacoes\/","og_site_name":"Ecoedu Ambiental","article_modified_time":"2019-06-29T20:25:25+00:00","twitter_card":"summary_large_image","twitter_misc":{"Est. tempo de leitura":"5 minutos"},"schema":{"@context":"https:\/\/schema.org","@graph":[{"@type":"WebPage","@id":"https:\/\/wordpress.ft.unicamp.br\/ecoedu\/publicacoes\/","url":"https:\/\/wordpress.ft.unicamp.br\/ecoedu\/publicacoes\/","name":"Publica\u00e7\u00f5es - Ecoedu Ambiental","isPartOf":{"@id":"https:\/\/wordpress.ft.unicamp.br\/ecoedu\/#website"},"datePublished":"2019-06-29T20:18:44+00:00","dateModified":"2019-06-29T20:25:25+00:00","breadcrumb":{"@id":"https:\/\/wordpress.ft.unicamp.br\/ecoedu\/publicacoes\/#breadcrumb"},"inLanguage":"pt-BR","potentialAction":[{"@type":"ReadAction","target":["https:\/\/wordpress.ft.unicamp.br\/ecoedu\/publicacoes\/"]}]},{"@type":"BreadcrumbList","@id":"https:\/\/wordpress.ft.unicamp.br\/ecoedu\/publicacoes\/#breadcrumb","itemListElement":[{"@type":"ListItem","position":1,"name":"Home","item":"https:\/\/wordpress.ft.unicamp.br\/ecoedu\/"},{"@type":"ListItem","position":2,"name":"Publica\u00e7\u00f5es"}]},{"@type":"WebSite","@id":"https:\/\/wordpress.ft.unicamp.br\/ecoedu\/#website","url":"https:\/\/wordpress.ft.unicamp.br\/ecoedu\/","name":"Ecoedu Ambiental","description":"","potentialAction":[{"@type":"SearchAction","target":{"@type":"EntryPoint","urlTemplate":"https:\/\/wordpress.ft.unicamp.br\/ecoedu\/?s={search_term_string}"},"query-input":{"@type":"PropertyValueSpecification","valueRequired":true,"valueName":"search_term_string"}}],"inLanguage":"pt-BR"}]}},"_links":{"self":[{"href":"https:\/\/wordpress.ft.unicamp.br\/ecoedu\/wp-json\/wp\/v2\/pages\/914","targetHints":{"allow":["GET"]}}],"collection":[{"href":"https:\/\/wordpress.ft.unicamp.br\/ecoedu\/wp-json\/wp\/v2\/pages"}],"about":[{"href":"https:\/\/wordpress.ft.unicamp.br\/ecoedu\/wp-json\/wp\/v2\/types\/page"}],"author":[{"embeddable":true,"href":"https:\/\/wordpress.ft.unicamp.br\/ecoedu\/wp-json\/wp\/v2\/users\/17"}],"replies":[{"embeddable":true,"href":"https:\/\/wordpress.ft.unicamp.br\/ecoedu\/wp-json\/wp\/v2\/comments?post=914"}],"version-history":[{"count":5,"href":"https:\/\/wordpress.ft.unicamp.br\/ecoedu\/wp-json\/wp\/v2\/pages\/914\/revisions"}],"predecessor-version":[{"id":921,"href":"https:\/\/wordpress.ft.unicamp.br\/ecoedu\/wp-json\/wp\/v2\/pages\/914\/revisions\/921"}],"wp:attachment":[{"href":"https:\/\/wordpress.ft.unicamp.br\/ecoedu\/wp-json\/wp\/v2\/media?parent=914"}],"curies":[{"name":"wp","href":"https:\/\/api.w.org\/{rel}","templated":true}]}}