{"id":127,"date":"2018-08-05T20:13:51","date_gmt":"2018-08-05T20:13:51","guid":{"rendered":"http:\/\/wordpress.ft.unicamp.br\/espbd\/?page_id=127"},"modified":"2025-06-13T22:16:08","modified_gmt":"2025-06-13T22:16:08","slug":"publico","status":"publish","type":"page","link":"https:\/\/wordpress.ft.unicamp.br\/espbd\/?page_id=127","title":{"rendered":"P\u00fablico"},"content":{"rendered":"<p><span style=\"font-size: x-small;color: #ff0000;background-color: #ff0000\">&#8212;&#8212;&#8212;&#8212;&#8212;&#8212;&#8212;&#8212;&#8212;&#8212;&#8212;&#8212;&#8212;&#8212;&#8212;&#8212;&#8212;&#8212;&#8212;&#8212;&#8212;&#8212;&#8212;&#8212;&#8212;&#8212;&#8212;&#8212;&#8212;-<\/span><\/p>\n<p>O(A) profissional interessado(a) neste curso est\u00e1 em busca do aprimoramento de seus conhecimentos sobre bancos de dados e tecnologias relacionadas.<\/p>\n<p>O(A) profissional para realizar este curso deve ter <span style=\"color: #00ff00\">gradua\u00e7\u00e3o<\/span> em:<\/p>\n<ul>\n<li>Bacharelado em Sistemas de Informa\u00e7\u00e3o (An\u00e1lise de Sistemas ou similar)<\/li>\n<li>Bacharelado em Ci\u00eancia da Computa\u00e7\u00e3o<\/li>\n<li>Bacharelado em Engenharia de Computa\u00e7\u00e3o<\/li>\n<li>Alguma Tecnologia da Informa\u00e7\u00e3o (redes, bancos de dados, gest\u00e3o de ti etc)<\/li>\n<li>ou Gradua\u00e7\u00e3o em demais \u00e1reas mas com atua\u00e7\u00e3o na \u00e1rea de TI.<\/li>\n<\/ul>\n<p>O(A) profissional para realizar este curso deve ter <span style=\"color: #00ff00\">interesse nas posi\u00e7\u00f5es<\/span>\u00a0de:<\/p>\n<ul>\n<li>Engenheiro (Projetista) de Sistemas de Banco de Dados;<\/li>\n<li>Arquiteto de Dados;<\/li>\n<li>Administrador de Banco de Dados (DBA &#8211; Database Administrator);<\/li>\n<li>Analista de Dados;<\/li>\n<li>Gestor de Dados;<\/li>\n<li>Consultor em tecnologia relacionada a bancos de dados.<\/li>\n<\/ul>\n<h6><span style=\"color: #00ff00\"><strong>Constru\u00e7\u00e3o do Perfil<\/strong><\/span><\/h6>\n<p>O egresso no curso \u00e9 um profissional com alta capacidade t\u00e9cnica para realiza\u00e7\u00e3o de atividades sobre bancos de dados e um agente de colabora\u00e7\u00e3o na elabora\u00e7\u00e3o de projetos sobre dados e informa\u00e7\u00f5es, que atrav\u00e9s da agrega\u00e7\u00e3o de tecnologias de informa\u00e7\u00e3o, define solu\u00e7\u00f5es para problemas organizacionais e profissionais.<\/p>\n<p>Entre os componentes deste perfil est\u00e3o: Conhecimento abrangente das atividades inerentes a bancos de dados; Consci\u00eancia da import\u00e2ncia de um aprendizado permanente; Postura \u00e9tica como cidad\u00e3o e profissional, sustentada pela consci\u00eancia de uma responsabilidade no contexto amplo e individual.<\/p>\n<h6><span style=\"color: #00ff00\"><strong>Habilidades e Compet\u00eancias<\/strong><\/span><\/h6>\n<p>A forma\u00e7\u00e3o nesta \u00e1rea deve capacitar o(a) profissional para solucionar problemas, gerar novas oportunidades e inova\u00e7\u00f5es, por meio dos 5 macro-processos. Amplamente, estas atividades envolvem habilidades em:<\/p>\n<ul>\n<li>planejamento e desenvolvimento projetos de sistemas de bancos de dados;<\/li>\n<li>pesquisa dos requisitos e os recursos necess\u00e1rios;<\/li>\n<li>avaliar o desempenho do sistema, em processos de usu\u00e1rios ou grupos;<\/li>\n<li>aplica\u00e7\u00e3o de t\u00e9cnicas e procedimentos de trabalho, instrumentos, ferramentas convencionais e informatizadas, de acordo com especifica\u00e7\u00f5es;<\/li>\n<li>atender usu\u00e1rios e colaboradores, dentro dos princ\u00edpios de qualidade, produtividade, podendo, quando for o caso, prestar consultoria ou assessoria t\u00e9cnica;<\/li>\n<li>conceber e coordenar a elabora\u00e7\u00e3o de projetos relacionados com bancos de dados, a partir de decis\u00f5es em grupo de trabalho;<\/li>\n<li>controlar e coordenar as a\u00e7\u00f5es sobre Bancos de Dados;<\/li>\n<li>planejar e definir recursos que envolvam Bancos de Dados.<\/li>\n<\/ul>\n<p>Para o exerc\u00edcio destas atividades, o(a) aluno(a) deve adquirir compet\u00eancias em:<\/p>\n<ul>\n<li>acompanhar a evolu\u00e7\u00e3o das tecnologias de informa\u00e7\u00e3o de forma aut\u00f4noma e independente;<\/li>\n<li>prospectar novas tecnologias da informa\u00e7\u00e3o e auxiliar sua incorpora\u00e7\u00e3o \u00e0s estrat\u00e9gias, planejamentos e pr\u00e1ticas da organiza\u00e7\u00e3o;<\/li>\n<li>empreender a busca de solu\u00e7\u00f5es para os desafios das organiza\u00e7\u00f5es e de novas oportunidades de crescimento profissional;<\/li>\n<li>identificar problemas de ordem organizacional, operacional ou sist\u00eamica, relacionados com dados e informa\u00e7\u00f5es e propor solu\u00e7\u00f5es eficazes ou adequar as j\u00e1 existentes \u00e0 realidade vigente, sejam elas automatizadas ou manuais.<\/li>\n<\/ul>\n<h6><span style=\"color: #00ff00\"><strong>Organiza\u00e7\u00f5es<\/strong><\/span><\/h6>\n<p>Profissionais que realizaram o curso atuam ou atuaram em organiza\u00e7\u00f5es em diversas \u00e1reas de neg\u00f3cio, entre as quais:<\/p>\n<ul>\n<li>Institui\u00e7\u00f5es Financeiras, Cr\u00e9dito e Investimento<\/li>\n<li>Ind\u00fastrias de Alimentos<\/li>\n<li>Ind\u00fastrias de Computadores e Componentes<\/li>\n<li>Industrias de Embalagens<\/li>\n<li>Ind\u00fastrias Farmac\u00eauticas e Qu\u00edmicas<\/li>\n<li>Ind\u00fastrias de Bens de Consumo<\/li>\n<li>Ind\u00fastrias Automotivas \/ Montadoras e Pe\u00e7as<\/li>\n<li>Ind\u00fastrias de Maquin\u00e1rios<\/li>\n<li>Ind\u00fastrias de Equipamentos e Ferramentas<\/li>\n<li>Hospitais e Cooperativas M\u00e9dicas<\/li>\n<li>Ind\u00fastrias Metal\u00fargicas, Sider\u00fargicas<\/li>\n<li>Empresas de Engenharia (Civil, Ambiental, &#8230;)<\/li>\n<li>Empresas de Consultoria<\/li>\n<li>Empresas de Automa\u00e7\u00e3o<\/li>\n<li>Empresas de Servi\u00e7os<\/li>\n<li>Empresas de Telecomunica\u00e7\u00e3o e Telefonia<\/li>\n<li>Empresas de Energia<\/li>\n<li>Empresas de Solu\u00e7\u00e3o em TI<\/li>\n<li>Empresas de Auditoria<\/li>\n<li>Empresas de Agroneg\u00f3cios<\/li>\n<li>Empresas de Seguran\u00e7a<\/li>\n<li>Organiza\u00e7\u00f5es de Representa\u00e7\u00e3o de Classes<\/li>\n<li>Centros de Pesquisa e Inova\u00e7\u00e3o<\/li>\n<li>Institui\u00e7\u00f5es de Educa\u00e7\u00e3o<\/li>\n<li>Poder Executivo<\/li>\n<li>Poder Judici\u00e1rio<\/li>\n<li>entre outras.<\/li>\n<\/ul>\n\n\n<p><\/p>\n","protected":false},"excerpt":{"rendered":"<p>&#8212;&#8212;&#8212;&#8212;&#8212;&#8212;&#8212;&#8212;&#8212;&#8212;&#8212;&#8212;&#8212;&#8212;&#8212;&#8212;&#8212;&#8212;&#8212;&#8212;&#8212;&#8212;&#8212;&#8212;&#8212;&#8212;&#8212;&#8212;&#8212;- O(A) profissional interessado(a) neste curso est\u00e1 em busca do aprimoramento de seus conhecimentos sobre bancos de dados e tecnologias relacionadas. O(A) profissional para realizar este curso deve ter gradua\u00e7\u00e3o <a class=\"more-link\" href=\"https:\/\/wordpress.ft.unicamp.br\/espbd\/?page_id=127\">Continue Reading &rarr;<\/a><\/p>\n","protected":false},"author":31,"featured_media":0,"parent":0,"menu_order":0,"comment_status":"closed","ping_status":"closed","template":"","meta":{"footnotes":""},"class_list":["post-127","page","type-page","status-publish","hentry"],"yoast_head":"<!-- This site is optimized with the Yoast SEO plugin v27.3 - https:\/\/yoast.com\/product\/yoast-seo-wordpress\/ -->\n<title>P\u00fablico - Engenharia e Adm. de Banco de Dados<\/title>\n<meta name=\"robots\" content=\"index, follow, max-snippet:-1, max-image-preview:large, max-video-preview:-1\" \/>\n<link rel=\"canonical\" href=\"https:\/\/wordpress.ft.unicamp.br\/espbd\/?page_id=127\" \/>\n<meta property=\"og:locale\" content=\"pt_BR\" \/>\n<meta property=\"og:type\" content=\"article\" \/>\n<meta property=\"og:title\" content=\"P\u00fablico - Engenharia e Adm. de Banco de Dados\" \/>\n<meta property=\"og:description\" content=\"&#8212;&#8212;&#8212;&#8212;&#8212;&#8212;&#8212;&#8212;&#8212;&#8212;&#8212;&#8212;&#8212;&#8212;&#8212;&#8212;&#8212;&#8212;&#8212;&#8212;&#8212;&#8212;&#8212;&#8212;&#8212;&#8212;&#8212;&#8212;&#8212;- O(A) profissional interessado(a) neste curso est\u00e1 em busca do aprimoramento de seus conhecimentos sobre bancos de dados e tecnologias relacionadas. O(A) profissional para realizar este curso deve ter gradua\u00e7\u00e3o Continue Reading &rarr;\" \/>\n<meta property=\"og:url\" content=\"https:\/\/wordpress.ft.unicamp.br\/espbd\/?page_id=127\" \/>\n<meta property=\"og:site_name\" content=\"Engenharia e Adm. de Banco de Dados\" \/>\n<meta property=\"article:modified_time\" content=\"2025-06-13T22:16:08+00:00\" \/>\n<meta name=\"twitter:card\" content=\"summary_large_image\" \/>\n<meta name=\"twitter:label1\" content=\"Est. tempo de leitura\" \/>\n\t<meta name=\"twitter:data1\" content=\"4 minutos\" \/>\n<script type=\"application\/ld+json\" class=\"yoast-schema-graph\">{\"@context\":\"https:\\\/\\\/schema.org\",\"@graph\":[{\"@type\":\"WebPage\",\"@id\":\"https:\\\/\\\/wordpress.ft.unicamp.br\\\/espbd\\\/?page_id=127\",\"url\":\"https:\\\/\\\/wordpress.ft.unicamp.br\\\/espbd\\\/?page_id=127\",\"name\":\"P\u00fablico - Engenharia e Adm. de Banco de Dados\",\"isPartOf\":{\"@id\":\"https:\\\/\\\/wordpress.ft.unicamp.br\\\/espbd\\\/#website\"},\"datePublished\":\"2018-08-05T20:13:51+00:00\",\"dateModified\":\"2025-06-13T22:16:08+00:00\",\"breadcrumb\":{\"@id\":\"https:\\\/\\\/wordpress.ft.unicamp.br\\\/espbd\\\/?page_id=127#breadcrumb\"},\"inLanguage\":\"pt-BR\",\"potentialAction\":[{\"@type\":\"ReadAction\",\"target\":[\"https:\\\/\\\/wordpress.ft.unicamp.br\\\/espbd\\\/?page_id=127\"]}]},{\"@type\":\"BreadcrumbList\",\"@id\":\"https:\\\/\\\/wordpress.ft.unicamp.br\\\/espbd\\\/?page_id=127#breadcrumb\",\"itemListElement\":[{\"@type\":\"ListItem\",\"position\":1,\"name\":\"Home\",\"item\":\"https:\\\/\\\/wordpress.ft.unicamp.br\\\/espbd\\\/\"},{\"@type\":\"ListItem\",\"position\":2,\"name\":\"P\u00fablico\"}]},{\"@type\":\"WebSite\",\"@id\":\"https:\\\/\\\/wordpress.ft.unicamp.br\\\/espbd\\\/#website\",\"url\":\"https:\\\/\\\/wordpress.ft.unicamp.br\\\/espbd\\\/\",\"name\":\"Engenharia e Adm. de Banco de Dados\",\"description\":\"Engenharia de Dados (pr\u00e9 e p\u00f3s); Administra\u00e7\u00e3o de Dados; Seguran\u00e7a; Arquitetura; Ci\u00eancia dos Dados; Gest\u00e3o de Dados\",\"publisher\":{\"@id\":\"https:\\\/\\\/wordpress.ft.unicamp.br\\\/espbd\\\/#organization\"},\"potentialAction\":[{\"@type\":\"SearchAction\",\"target\":{\"@type\":\"EntryPoint\",\"urlTemplate\":\"https:\\\/\\\/wordpress.ft.unicamp.br\\\/espbd\\\/?s={search_term_string}\"},\"query-input\":{\"@type\":\"PropertyValueSpecification\",\"valueRequired\":true,\"valueName\":\"search_term_string\"}}],\"inLanguage\":\"pt-BR\"},{\"@type\":\"Organization\",\"@id\":\"https:\\\/\\\/wordpress.ft.unicamp.br\\\/espbd\\\/#organization\",\"name\":\"UNICAMP\",\"url\":\"https:\\\/\\\/wordpress.ft.unicamp.br\\\/espbd\\\/\",\"logo\":{\"@type\":\"ImageObject\",\"inLanguage\":\"pt-BR\",\"@id\":\"https:\\\/\\\/wordpress.ft.unicamp.br\\\/espbd\\\/#\\\/schema\\\/logo\\\/image\\\/\",\"url\":\"https:\\\/\\\/wordpress.ft.unicamp.br\\\/espbd\\\/wp-content\\\/uploads\\\/sites\\\/48\\\/2022\\\/04\\\/logo-Unicamp.jpg\",\"contentUrl\":\"https:\\\/\\\/wordpress.ft.unicamp.br\\\/espbd\\\/wp-content\\\/uploads\\\/sites\\\/48\\\/2022\\\/04\\\/logo-Unicamp.jpg\",\"width\":200,\"height\":225,\"caption\":\"UNICAMP\"},\"image\":{\"@id\":\"https:\\\/\\\/wordpress.ft.unicamp.br\\\/espbd\\\/#\\\/schema\\\/logo\\\/image\\\/\"}}]}<\/script>\n<!-- \/ Yoast SEO plugin. -->","yoast_head_json":{"title":"P\u00fablico - Engenharia e Adm. de Banco de Dados","robots":{"index":"index","follow":"follow","max-snippet":"max-snippet:-1","max-image-preview":"max-image-preview:large","max-video-preview":"max-video-preview:-1"},"canonical":"https:\/\/wordpress.ft.unicamp.br\/espbd\/?page_id=127","og_locale":"pt_BR","og_type":"article","og_title":"P\u00fablico - Engenharia e Adm. de Banco de Dados","og_description":"&#8212;&#8212;&#8212;&#8212;&#8212;&#8212;&#8212;&#8212;&#8212;&#8212;&#8212;&#8212;&#8212;&#8212;&#8212;&#8212;&#8212;&#8212;&#8212;&#8212;&#8212;&#8212;&#8212;&#8212;&#8212;&#8212;&#8212;&#8212;&#8212;- O(A) profissional interessado(a) neste curso est\u00e1 em busca do aprimoramento de seus conhecimentos sobre bancos de dados e tecnologias relacionadas. O(A) profissional para realizar este curso deve ter gradua\u00e7\u00e3o Continue Reading &rarr;","og_url":"https:\/\/wordpress.ft.unicamp.br\/espbd\/?page_id=127","og_site_name":"Engenharia e Adm. de Banco de Dados","article_modified_time":"2025-06-13T22:16:08+00:00","twitter_card":"summary_large_image","twitter_misc":{"Est. tempo de leitura":"4 minutos"},"schema":{"@context":"https:\/\/schema.org","@graph":[{"@type":"WebPage","@id":"https:\/\/wordpress.ft.unicamp.br\/espbd\/?page_id=127","url":"https:\/\/wordpress.ft.unicamp.br\/espbd\/?page_id=127","name":"P\u00fablico - Engenharia e Adm. de Banco de Dados","isPartOf":{"@id":"https:\/\/wordpress.ft.unicamp.br\/espbd\/#website"},"datePublished":"2018-08-05T20:13:51+00:00","dateModified":"2025-06-13T22:16:08+00:00","breadcrumb":{"@id":"https:\/\/wordpress.ft.unicamp.br\/espbd\/?page_id=127#breadcrumb"},"inLanguage":"pt-BR","potentialAction":[{"@type":"ReadAction","target":["https:\/\/wordpress.ft.unicamp.br\/espbd\/?page_id=127"]}]},{"@type":"BreadcrumbList","@id":"https:\/\/wordpress.ft.unicamp.br\/espbd\/?page_id=127#breadcrumb","itemListElement":[{"@type":"ListItem","position":1,"name":"Home","item":"https:\/\/wordpress.ft.unicamp.br\/espbd\/"},{"@type":"ListItem","position":2,"name":"P\u00fablico"}]},{"@type":"WebSite","@id":"https:\/\/wordpress.ft.unicamp.br\/espbd\/#website","url":"https:\/\/wordpress.ft.unicamp.br\/espbd\/","name":"Engenharia e Adm. de Banco de Dados","description":"Engenharia de Dados (pr\u00e9 e p\u00f3s); Administra\u00e7\u00e3o de Dados; Seguran\u00e7a; Arquitetura; Ci\u00eancia dos Dados; Gest\u00e3o de Dados","publisher":{"@id":"https:\/\/wordpress.ft.unicamp.br\/espbd\/#organization"},"potentialAction":[{"@type":"SearchAction","target":{"@type":"EntryPoint","urlTemplate":"https:\/\/wordpress.ft.unicamp.br\/espbd\/?s={search_term_string}"},"query-input":{"@type":"PropertyValueSpecification","valueRequired":true,"valueName":"search_term_string"}}],"inLanguage":"pt-BR"},{"@type":"Organization","@id":"https:\/\/wordpress.ft.unicamp.br\/espbd\/#organization","name":"UNICAMP","url":"https:\/\/wordpress.ft.unicamp.br\/espbd\/","logo":{"@type":"ImageObject","inLanguage":"pt-BR","@id":"https:\/\/wordpress.ft.unicamp.br\/espbd\/#\/schema\/logo\/image\/","url":"https:\/\/wordpress.ft.unicamp.br\/espbd\/wp-content\/uploads\/sites\/48\/2022\/04\/logo-Unicamp.jpg","contentUrl":"https:\/\/wordpress.ft.unicamp.br\/espbd\/wp-content\/uploads\/sites\/48\/2022\/04\/logo-Unicamp.jpg","width":200,"height":225,"caption":"UNICAMP"},"image":{"@id":"https:\/\/wordpress.ft.unicamp.br\/espbd\/#\/schema\/logo\/image\/"}}]}},"_links":{"self":[{"href":"https:\/\/wordpress.ft.unicamp.br\/espbd\/index.php?rest_route=\/wp\/v2\/pages\/127","targetHints":{"allow":["GET"]}}],"collection":[{"href":"https:\/\/wordpress.ft.unicamp.br\/espbd\/index.php?rest_route=\/wp\/v2\/pages"}],"about":[{"href":"https:\/\/wordpress.ft.unicamp.br\/espbd\/index.php?rest_route=\/wp\/v2\/types\/page"}],"author":[{"embeddable":true,"href":"https:\/\/wordpress.ft.unicamp.br\/espbd\/index.php?rest_route=\/wp\/v2\/users\/31"}],"replies":[{"embeddable":true,"href":"https:\/\/wordpress.ft.unicamp.br\/espbd\/index.php?rest_route=%2Fwp%2Fv2%2Fcomments&post=127"}],"version-history":[{"count":11,"href":"https:\/\/wordpress.ft.unicamp.br\/espbd\/index.php?rest_route=\/wp\/v2\/pages\/127\/revisions"}],"predecessor-version":[{"id":1332,"href":"https:\/\/wordpress.ft.unicamp.br\/espbd\/index.php?rest_route=\/wp\/v2\/pages\/127\/revisions\/1332"}],"wp:attachment":[{"href":"https:\/\/wordpress.ft.unicamp.br\/espbd\/index.php?rest_route=%2Fwp%2Fv2%2Fmedia&parent=127"}],"curies":[{"name":"wp","href":"https:\/\/api.w.org\/{rel}","templated":true}]}}