{"id":20,"date":"2015-10-15T16:46:44","date_gmt":"2015-10-15T16:46:44","guid":{"rendered":"http:\/\/www.ft.unicamp.br\/espho\/?page_id=20"},"modified":"2024-01-05T21:44:24","modified_gmt":"2024-01-05T21:44:24","slug":"perguntas","status":"publish","type":"page","link":"https:\/\/wordpress.ft.unicamp.br\/espho\/perguntas\/","title":{"rendered":"Perguntas"},"content":{"rendered":"<ul>\n<li><strong>Em que dia da semana e em que per\u00edodo o curso ser\u00e1 oferecido?<\/strong><\/li>\n<\/ul>\n<p>O curso ser\u00e1 online &#8211; sincrono e ocorrer\u00e1 aos s\u00e1bados, quase sempre alternados, das 8:30h \u00e0s 17:30h (manh\u00e3 e tarde).<\/p>\n<ul>\n<li><strong>H\u00e1 limites m\u00ednimo e m\u00e1ximo de alunos por turma?<\/strong><\/li>\n<\/ul>\n<p>O curso ser\u00e1 oferecido a partir do n\u00famero m\u00ednimo de 20 (vinte) participantes e as turmas poder\u00e3o contar com o n\u00famero m\u00e1ximo de 40 (quarenta) participantes. A princ\u00edpio, ser\u00e3o aceitas inscri\u00e7\u00f5es sem considerar o limite de 40 (quarenta) interessados, pois somente ap\u00f3s as mesmas encerradas haver\u00e1 a an\u00e1lise da documenta\u00e7\u00e3o dos interessados por ordem de chegada dos documentos. A partir da\u00ed ter\u00e1 in\u00edcio o per\u00edodo de matr\u00edcula para o qual um n\u00famero m\u00e1ximo de quarenta inscritos, com toda a documenta\u00e7\u00e3o requerida entregue, ser\u00e1 chamado pela ordem de entrega. Os demais interessados ficar\u00e3o em lista de espera para oportunidades futuras de oferecimento do curso. Importante mencionar que poder\u00e3o haver inscri\u00e7\u00f5es n\u00e3o aprovadas em fun\u00e7\u00e3o do n\u00e3o atendimento ao perfil exigido para o curso.<\/p>\n<ul>\n<li><strong>Qual o n\u00edvel de conhecimento pr\u00e9vio em Higiene Ocupacional necess\u00e1rio para realizar o curso?<\/strong><\/li>\n<\/ul>\n<p>N\u00e3o h\u00e1 exig\u00eancia pr\u00e9via de conhecimento sobre H.O. Somente s\u00e3o necess\u00e1rios conhecimentos b\u00e1sicos de f\u00edsica, qu\u00edmica, biologia e matem\u00e1tica para o entendimento de conceitos relacionados.<\/p>\n<ul>\n<li><strong>Haver\u00e1 disciplinas pr\u00e1ticas em laborat\u00f3rio?<\/strong><\/li>\n<\/ul>\n<p>Sim, o curso oferecer\u00e1 visita t\u00e9cnica a laborat\u00f3rios especializados em equipamentos e an\u00e1lises relacionados \u00e0 higiene ocupacional, oportunidade em que os alunos poder\u00e3o conhecer em detalhes alguns equipamentos e acompanhar ensaios laboratorias realizados, bem como dirimir d\u00favidas sobre o tema. Al\u00e9m disso, ser\u00e3o ministradas aulas com a demonstra\u00e7\u00e3o e utiliza\u00e7\u00e3o de equipamentos de coleta e medi\u00e7\u00e3o direta\/indireta de contaminantes qu\u00edmicos e agentes f\u00edsicos.<\/p>\n<ul>\n<li><strong>O curso est\u00e1 inserido na modalidade p\u00f3s-gradua\u00e7\u00e3o Lato-Sensu?<\/strong><\/li>\n<\/ul>\n<p>O curso em Higiene Ocupacional ser\u00e1 oferecida na modalidade Especialidade Profissional, regulamentada pela Pr\u00f3-Reitoria de Extens\u00e3o. Cursos nesta modalidade s\u00e3o integrantes do sistema de ensino da UNICAMP com oferecimento sob demanda, quando h\u00e1 quantidade suficiente de alunos inscritos\/matriculados. Com disponibilidade abrangente em diversas \u00e1reas do conhecimento, estes cursos n\u00e3o s\u00e3o gratuitos e s\u00e3o destinados a portadores de diploma superior, principalmente atuando no setor produtivo privado (cargos e fun\u00e7\u00f5es em empresas) que desejem atualiza\u00e7\u00e3o em \u00e1reas espec\u00edficas que o mercado de trabalho exige. J\u00e1 a modalidade Lato Sensu, que n\u00e3o \u00e9 a modalidade deste curso, \u00e9 destinada a portadores de diploma superior que tenham interesse pelo setor p\u00fablico e doc\u00eancia (cargos e fun\u00e7\u00f5es governamentais, professores). A legisla\u00e7\u00e3o federal e estadual vigente estabelece que os cursos na modalidade lato sensu devem ser gratuitos. As duas modalidades apresentadas de Especializa\u00e7\u00e3o, Extens\u00e3o e Lato Sensu, s\u00e3o adotadas pelas institui\u00e7\u00f5es p\u00fablicas estaduais de S\u00e3o Paulo (UNICAMP, USP, UNESP e FATEC) atendendo as demandas de forma\u00e7\u00e3o de profissionais no Brasil e no exterior.<\/p>\n\n\n<p><\/p>\n","protected":false},"excerpt":{"rendered":"<p>Em que dia da semana e em que per\u00edodo o curso ser\u00e1 oferecido? O curso ser\u00e1 online &#8211; sincrono e ocorrer\u00e1 aos s\u00e1bados, quase sempre alternados, das 8:30h \u00e0s 17:30h (manh\u00e3 e tarde). H\u00e1 limites m\u00ednimo e m\u00e1ximo de alunos por turma? O curso ser\u00e1 oferecido a partir do n\u00famero m\u00ednimo de 20 (vinte) participantes &hellip; <a href=\"https:\/\/wordpress.ft.unicamp.br\/espho\/perguntas\/\" class=\"more-link\">Continue lendo <span class=\"screen-reader-text\">Perguntas<\/span> <span class=\"meta-nav\">&rarr;<\/span><\/a><\/p>\n","protected":false},"author":56,"featured_media":0,"parent":0,"menu_order":4,"comment_status":"closed","ping_status":"closed","template":"","meta":{"footnotes":""},"class_list":["post-20","page","type-page","status-publish","hentry"],"yoast_head":"<!-- This site is optimized with the Yoast SEO plugin v27.2 - https:\/\/yoast.com\/product\/yoast-seo-wordpress\/ -->\n<title>Perguntas - Especialidade Profissional em Higiene Ocupacional<\/title>\n<meta name=\"robots\" content=\"index, follow, max-snippet:-1, max-image-preview:large, max-video-preview:-1\" \/>\n<link rel=\"canonical\" href=\"https:\/\/wordpress.ft.unicamp.br\/espho\/perguntas\/\" \/>\n<meta property=\"og:locale\" content=\"pt_BR\" \/>\n<meta property=\"og:type\" content=\"article\" \/>\n<meta property=\"og:title\" content=\"Perguntas - Especialidade Profissional em Higiene Ocupacional\" \/>\n<meta property=\"og:description\" content=\"Em que dia da semana e em que per\u00edodo o curso ser\u00e1 oferecido? O curso ser\u00e1 online &#8211; sincrono e ocorrer\u00e1 aos s\u00e1bados, quase sempre alternados, das 8:30h \u00e0s 17:30h (manh\u00e3 e tarde). H\u00e1 limites m\u00ednimo e m\u00e1ximo de alunos por turma? O curso ser\u00e1 oferecido a partir do n\u00famero m\u00ednimo de 20 (vinte) participantes &hellip; Continue lendo Perguntas &rarr;\" \/>\n<meta property=\"og:url\" content=\"https:\/\/wordpress.ft.unicamp.br\/espho\/perguntas\/\" \/>\n<meta property=\"og:site_name\" content=\"Especialidade Profissional em Higiene Ocupacional\" \/>\n<meta property=\"article:modified_time\" content=\"2024-01-05T21:44:24+00:00\" \/>\n<meta name=\"twitter:card\" content=\"summary_large_image\" \/>\n<meta name=\"twitter:label1\" content=\"Est. tempo de leitura\" \/>\n\t<meta name=\"twitter:data1\" content=\"3 minutos\" \/>\n<script type=\"application\/ld+json\" class=\"yoast-schema-graph\">{\"@context\":\"https:\/\/schema.org\",\"@graph\":[{\"@type\":\"WebPage\",\"@id\":\"https:\/\/wordpress.ft.unicamp.br\/espho\/perguntas\/\",\"url\":\"https:\/\/wordpress.ft.unicamp.br\/espho\/perguntas\/\",\"name\":\"Perguntas - Especialidade Profissional em Higiene Ocupacional\",\"isPartOf\":{\"@id\":\"https:\/\/wordpress.ft.unicamp.br\/espho\/#website\"},\"datePublished\":\"2015-10-15T16:46:44+00:00\",\"dateModified\":\"2024-01-05T21:44:24+00:00\",\"breadcrumb\":{\"@id\":\"https:\/\/wordpress.ft.unicamp.br\/espho\/perguntas\/#breadcrumb\"},\"inLanguage\":\"pt-BR\",\"potentialAction\":[{\"@type\":\"ReadAction\",\"target\":[\"https:\/\/wordpress.ft.unicamp.br\/espho\/perguntas\/\"]}]},{\"@type\":\"BreadcrumbList\",\"@id\":\"https:\/\/wordpress.ft.unicamp.br\/espho\/perguntas\/#breadcrumb\",\"itemListElement\":[{\"@type\":\"ListItem\",\"position\":1,\"name\":\"Home\",\"item\":\"https:\/\/wordpress.ft.unicamp.br\/espho\/\"},{\"@type\":\"ListItem\",\"position\":2,\"name\":\"Perguntas\"}]},{\"@type\":\"WebSite\",\"@id\":\"https:\/\/wordpress.ft.unicamp.br\/espho\/#website\",\"url\":\"https:\/\/wordpress.ft.unicamp.br\/espho\/\",\"name\":\"Especialidade Profissional em Higiene Ocupacional\",\"description\":\"Faculdade de Tecnologia - UNICAMP\",\"potentialAction\":[{\"@type\":\"SearchAction\",\"target\":{\"@type\":\"EntryPoint\",\"urlTemplate\":\"https:\/\/wordpress.ft.unicamp.br\/espho\/?s={search_term_string}\"},\"query-input\":{\"@type\":\"PropertyValueSpecification\",\"valueRequired\":true,\"valueName\":\"search_term_string\"}}],\"inLanguage\":\"pt-BR\"}]}<\/script>\n<!-- \/ Yoast SEO plugin. -->","yoast_head_json":{"title":"Perguntas - Especialidade Profissional em Higiene Ocupacional","robots":{"index":"index","follow":"follow","max-snippet":"max-snippet:-1","max-image-preview":"max-image-preview:large","max-video-preview":"max-video-preview:-1"},"canonical":"https:\/\/wordpress.ft.unicamp.br\/espho\/perguntas\/","og_locale":"pt_BR","og_type":"article","og_title":"Perguntas - Especialidade Profissional em Higiene Ocupacional","og_description":"Em que dia da semana e em que per\u00edodo o curso ser\u00e1 oferecido? O curso ser\u00e1 online &#8211; sincrono e ocorrer\u00e1 aos s\u00e1bados, quase sempre alternados, das 8:30h \u00e0s 17:30h (manh\u00e3 e tarde). H\u00e1 limites m\u00ednimo e m\u00e1ximo de alunos por turma? O curso ser\u00e1 oferecido a partir do n\u00famero m\u00ednimo de 20 (vinte) participantes &hellip; Continue lendo Perguntas &rarr;","og_url":"https:\/\/wordpress.ft.unicamp.br\/espho\/perguntas\/","og_site_name":"Especialidade Profissional em Higiene Ocupacional","article_modified_time":"2024-01-05T21:44:24+00:00","twitter_card":"summary_large_image","twitter_misc":{"Est. tempo de leitura":"3 minutos"},"schema":{"@context":"https:\/\/schema.org","@graph":[{"@type":"WebPage","@id":"https:\/\/wordpress.ft.unicamp.br\/espho\/perguntas\/","url":"https:\/\/wordpress.ft.unicamp.br\/espho\/perguntas\/","name":"Perguntas - Especialidade Profissional em Higiene Ocupacional","isPartOf":{"@id":"https:\/\/wordpress.ft.unicamp.br\/espho\/#website"},"datePublished":"2015-10-15T16:46:44+00:00","dateModified":"2024-01-05T21:44:24+00:00","breadcrumb":{"@id":"https:\/\/wordpress.ft.unicamp.br\/espho\/perguntas\/#breadcrumb"},"inLanguage":"pt-BR","potentialAction":[{"@type":"ReadAction","target":["https:\/\/wordpress.ft.unicamp.br\/espho\/perguntas\/"]}]},{"@type":"BreadcrumbList","@id":"https:\/\/wordpress.ft.unicamp.br\/espho\/perguntas\/#breadcrumb","itemListElement":[{"@type":"ListItem","position":1,"name":"Home","item":"https:\/\/wordpress.ft.unicamp.br\/espho\/"},{"@type":"ListItem","position":2,"name":"Perguntas"}]},{"@type":"WebSite","@id":"https:\/\/wordpress.ft.unicamp.br\/espho\/#website","url":"https:\/\/wordpress.ft.unicamp.br\/espho\/","name":"Especialidade Profissional em Higiene Ocupacional","description":"Faculdade de Tecnologia - UNICAMP","potentialAction":[{"@type":"SearchAction","target":{"@type":"EntryPoint","urlTemplate":"https:\/\/wordpress.ft.unicamp.br\/espho\/?s={search_term_string}"},"query-input":{"@type":"PropertyValueSpecification","valueRequired":true,"valueName":"search_term_string"}}],"inLanguage":"pt-BR"}]}},"_links":{"self":[{"href":"https:\/\/wordpress.ft.unicamp.br\/espho\/wp-json\/wp\/v2\/pages\/20","targetHints":{"allow":["GET"]}}],"collection":[{"href":"https:\/\/wordpress.ft.unicamp.br\/espho\/wp-json\/wp\/v2\/pages"}],"about":[{"href":"https:\/\/wordpress.ft.unicamp.br\/espho\/wp-json\/wp\/v2\/types\/page"}],"author":[{"embeddable":true,"href":"https:\/\/wordpress.ft.unicamp.br\/espho\/wp-json\/wp\/v2\/users\/56"}],"replies":[{"embeddable":true,"href":"https:\/\/wordpress.ft.unicamp.br\/espho\/wp-json\/wp\/v2\/comments?post=20"}],"version-history":[{"count":10,"href":"https:\/\/wordpress.ft.unicamp.br\/espho\/wp-json\/wp\/v2\/pages\/20\/revisions"}],"predecessor-version":[{"id":139,"href":"https:\/\/wordpress.ft.unicamp.br\/espho\/wp-json\/wp\/v2\/pages\/20\/revisions\/139"}],"wp:attachment":[{"href":"https:\/\/wordpress.ft.unicamp.br\/espho\/wp-json\/wp\/v2\/media?parent=20"}],"curies":[{"name":"wp","href":"https:\/\/api.w.org\/{rel}","templated":true}]}}