{"id":320,"date":"2023-08-03T16:39:56","date_gmt":"2023-08-03T19:39:56","guid":{"rendered":"https:\/\/wordpress.ft.unicamp.br\/etr\/?page_id=320"},"modified":"2023-08-05T15:05:15","modified_gmt":"2023-08-05T18:05:15","slug":"o-curso","status":"publish","type":"page","link":"https:\/\/wordpress.ft.unicamp.br\/etr\/institucional\/o-curso\/","title":{"rendered":"O curso"},"content":{"rendered":"\t\t<div data-elementor-type=\"wp-page\" data-elementor-id=\"320\" class=\"elementor elementor-320\">\n\t\t\t\t\t\t<section class=\"elementor-section elementor-top-section elementor-element elementor-element-6614969 elementor-section-boxed elementor-section-height-default elementor-section-height-default\" data-id=\"6614969\" data-element_type=\"section\" data-e-type=\"section\">\n\t\t\t\t\t\t<div class=\"elementor-container elementor-column-gap-default\">\n\t\t\t\t\t<div class=\"elementor-column elementor-col-100 elementor-top-column elementor-element elementor-element-38f8d28\" data-id=\"38f8d28\" data-element_type=\"column\" data-e-type=\"column\">\n\t\t\t<div class=\"elementor-widget-wrap elementor-element-populated\">\n\t\t\t\t\t\t<div class=\"elementor-element elementor-element-ee48b72 elementor-widget elementor-widget-heading\" data-id=\"ee48b72\" data-element_type=\"widget\" data-e-type=\"widget\" data-widget_type=\"heading.default\">\n\t\t\t\t<div class=\"elementor-widget-container\">\n\t\t\t\t\t<h2 class=\"elementor-heading-title elementor-size-default\">GRADUA\u00c7\u00c3O EM ENGENHARIA DE TRANSPORTES NA UNICAMP<\/h2>\t\t\t\t<\/div>\n\t\t\t\t<\/div>\n\t\t\t\t\t<\/div>\n\t\t<\/div>\n\t\t\t\t\t<\/div>\n\t\t<\/section>\n\t\t\t\t<section class=\"elementor-section elementor-top-section elementor-element elementor-element-7fc1b8f elementor-section-boxed elementor-section-height-default elementor-section-height-default\" data-id=\"7fc1b8f\" data-element_type=\"section\" data-e-type=\"section\">\n\t\t\t\t\t\t<div class=\"elementor-container elementor-column-gap-default\">\n\t\t\t\t\t<div class=\"elementor-column elementor-col-100 elementor-top-column elementor-element elementor-element-80a93f1\" data-id=\"80a93f1\" data-element_type=\"column\" data-e-type=\"column\">\n\t\t\t<div class=\"elementor-widget-wrap elementor-element-populated\">\n\t\t\t\t\t\t<div class=\"elementor-element elementor-element-acfaa1c elementor-widget elementor-widget-text-editor\" data-id=\"acfaa1c\" data-element_type=\"widget\" data-e-type=\"widget\" data-widget_type=\"text-editor.default\">\n\t\t\t\t<div class=\"elementor-widget-container\">\n\t\t\t\t\t\t\t\t\t<p><span style=\"font-size: 15px;text-align: justify;color: var( --e-global-color-text )\">A <b>Engenharia de Transportes<\/b> \u00e9 o ramo respons\u00e1vel pela <b>cria\u00e7\u00e3o, opera\u00e7\u00e3o e manuten\u00e7\u00e3o de sistemas de transportes<\/b>, que ofere\u00e7am boas condi\u00e7\u00f5es de mobilidade a pessoas e cargas. \u00c9 um ramo da engenharia sob o \u201cguarda-chuva\u201d da Engenharia Civil, cujas disciplinas de gradua\u00e7\u00e3o s\u00e3o focadas em conte\u00fados espec\u00edficos para constru\u00e7\u00e3o de pontes, estradas, portos e aeroportos, e para a opera\u00e7\u00e3o de sistemas multimodais de transportes.<\/span><\/p><p style=\"text-align: justify\">O curso de Engenharia de Transportes da Unicamp \u00e9 oferecido pela <b>Faculdade de Tecnologia<\/b>, localizada na cidade de <b>Limeira\/SP<\/b>. O curso possui <b>3780 horas<\/b>, divididas em <b>12 semestres<\/b> em <b>per\u00edodo noturno<\/b>. O projeto pedag\u00f3gico \u00e9 estruturado para formar, de maneira s\u00f3lida, um profissional com conhecimento generalizado em todos os modais, e preparado para atuar de forma especializada no modal terrestre: Sistemas de transporte rodovi\u00e1rio e ferrovi\u00e1rio.<\/p><p>As <b>55 vagas<\/b> oferecidas anualmente s\u00e3o divididas entre as seguintes formas de ingresso:<\/p><p style=\"margin-left: 18.0pt\"><span style=\"font-size: 15px\">40 vagas destinadas ao Vestibular UNICAMP, sendo 8 vagas reservadas a candidatos autodeclarados pretos e pardos pela pol\u00edtica de cotas;<\/span><br \/><span style=\"font-size: 15px\">5 vagas destinadas ao ProFIS;<\/span><br \/><span style=\"font-size: 15px\">2 vagas destinadas ao Vestibular Ind\u00edgena;<\/span><br \/><span style=\"font-size: 15px\">6 vagas de ampla concorr\u00eancia do Edital ENEM-UNICAMP, podendo se transformar em 11 vagas, caso sejam selecionadas 5 delas para autodeclarados pretos e pardos. H\u00e1 flexibilidade na destina\u00e7\u00e3o das vagas entre Vestibular UNICAMP e Edital ENEM-UNICAMP;<\/span><br \/><span style=\"font-size: 15px\">2 vagas no Edital de Vagas Ol\u00edmpicas.<\/span><\/p><p style=\"margin-left: 18.0pt\">* As vagas disponibilizadas \u00e0s formas alternativas de ingresso, caso n\u00e3o preenchidas, retornam ao Vestibular UNICAMP, e s\u00e3o preenchidas pela ampla concorr\u00eancia.<\/p>\t\t\t\t\t\t\t\t<\/div>\n\t\t\t\t<\/div>\n\t\t\t\t\t<\/div>\n\t\t<\/div>\n\t\t\t\t\t<\/div>\n\t\t<\/section>\n\t\t\t\t<\/div>\n\t\t","protected":false},"excerpt":{"rendered":"<p>GRADUA\u00c7\u00c3O EM ENGENHARIA DE TRANSPORTES NA UNICAMP A Engenharia de Transportes \u00e9 o ramo respons\u00e1vel pela cria\u00e7\u00e3o, opera\u00e7\u00e3o e manuten\u00e7\u00e3o&hellip; <\/p>\n","protected":false},"author":98,"featured_media":0,"parent":329,"menu_order":0,"comment_status":"closed","ping_status":"closed","template":"","meta":{"footnotes":""},"class_list":["post-320","page","type-page","status-publish","hentry"],"yoast_head":"<!-- This site is optimized with the Yoast SEO plugin v27.2 - https:\/\/yoast.com\/product\/yoast-seo-wordpress\/ -->\n<title>O curso -<\/title>\n<meta name=\"robots\" content=\"index, follow, max-snippet:-1, max-image-preview:large, max-video-preview:-1\" \/>\n<link rel=\"canonical\" href=\"https:\/\/wordpress.ft.unicamp.br\/etr\/institucional\/o-curso\/\" \/>\n<meta property=\"og:locale\" content=\"pt_BR\" \/>\n<meta property=\"og:type\" content=\"article\" \/>\n<meta property=\"og:title\" content=\"O curso -\" \/>\n<meta property=\"og:description\" content=\"GRADUA\u00c7\u00c3O EM ENGENHARIA DE TRANSPORTES NA UNICAMP A Engenharia de Transportes \u00e9 o ramo respons\u00e1vel pela cria\u00e7\u00e3o, opera\u00e7\u00e3o e manuten\u00e7\u00e3o&hellip;\" \/>\n<meta property=\"og:url\" content=\"https:\/\/wordpress.ft.unicamp.br\/etr\/institucional\/o-curso\/\" \/>\n<meta property=\"article:modified_time\" content=\"2023-08-05T18:05:15+00:00\" \/>\n<meta name=\"twitter:card\" content=\"summary_large_image\" \/>\n<meta name=\"twitter:label1\" content=\"Est. tempo de leitura\" \/>\n\t<meta name=\"twitter:data1\" content=\"2 minutos\" \/>\n<script type=\"application\/ld+json\" class=\"yoast-schema-graph\">{\"@context\":\"https:\/\/schema.org\",\"@graph\":[{\"@type\":\"WebPage\",\"@id\":\"https:\/\/wordpress.ft.unicamp.br\/etr\/institucional\/o-curso\/\",\"url\":\"https:\/\/wordpress.ft.unicamp.br\/etr\/institucional\/o-curso\/\",\"name\":\"O curso -\",\"isPartOf\":{\"@id\":\"https:\/\/wordpress.ft.unicamp.br\/etr\/#website\"},\"datePublished\":\"2023-08-03T19:39:56+00:00\",\"dateModified\":\"2023-08-05T18:05:15+00:00\",\"breadcrumb\":{\"@id\":\"https:\/\/wordpress.ft.unicamp.br\/etr\/institucional\/o-curso\/#breadcrumb\"},\"inLanguage\":\"pt-BR\",\"potentialAction\":[{\"@type\":\"ReadAction\",\"target\":[\"https:\/\/wordpress.ft.unicamp.br\/etr\/institucional\/o-curso\/\"]}]},{\"@type\":\"BreadcrumbList\",\"@id\":\"https:\/\/wordpress.ft.unicamp.br\/etr\/institucional\/o-curso\/#breadcrumb\",\"itemListElement\":[{\"@type\":\"ListItem\",\"position\":1,\"name\":\"Home\",\"item\":\"https:\/\/wordpress.ft.unicamp.br\/etr\/\"},{\"@type\":\"ListItem\",\"position\":2,\"name\":\"INSTITUCIONAL\",\"item\":\"https:\/\/wordpress.ft.unicamp.br\/etr\/institucional\/\"},{\"@type\":\"ListItem\",\"position\":3,\"name\":\"O curso\"}]},{\"@type\":\"WebSite\",\"@id\":\"https:\/\/wordpress.ft.unicamp.br\/etr\/#website\",\"url\":\"https:\/\/wordpress.ft.unicamp.br\/etr\/\",\"name\":\"\",\"description\":\"Faculdade de Tecnologia, UNICAMP\",\"potentialAction\":[{\"@type\":\"SearchAction\",\"target\":{\"@type\":\"EntryPoint\",\"urlTemplate\":\"https:\/\/wordpress.ft.unicamp.br\/etr\/?s={search_term_string}\"},\"query-input\":{\"@type\":\"PropertyValueSpecification\",\"valueRequired\":true,\"valueName\":\"search_term_string\"}}],\"inLanguage\":\"pt-BR\"}]}<\/script>\n<!-- \/ Yoast SEO plugin. -->","yoast_head_json":{"title":"O curso -","robots":{"index":"index","follow":"follow","max-snippet":"max-snippet:-1","max-image-preview":"max-image-preview:large","max-video-preview":"max-video-preview:-1"},"canonical":"https:\/\/wordpress.ft.unicamp.br\/etr\/institucional\/o-curso\/","og_locale":"pt_BR","og_type":"article","og_title":"O curso -","og_description":"GRADUA\u00c7\u00c3O EM ENGENHARIA DE TRANSPORTES NA UNICAMP A Engenharia de Transportes \u00e9 o ramo respons\u00e1vel pela cria\u00e7\u00e3o, opera\u00e7\u00e3o e manuten\u00e7\u00e3o&hellip;","og_url":"https:\/\/wordpress.ft.unicamp.br\/etr\/institucional\/o-curso\/","article_modified_time":"2023-08-05T18:05:15+00:00","twitter_card":"summary_large_image","twitter_misc":{"Est. tempo de leitura":"2 minutos"},"schema":{"@context":"https:\/\/schema.org","@graph":[{"@type":"WebPage","@id":"https:\/\/wordpress.ft.unicamp.br\/etr\/institucional\/o-curso\/","url":"https:\/\/wordpress.ft.unicamp.br\/etr\/institucional\/o-curso\/","name":"O curso -","isPartOf":{"@id":"https:\/\/wordpress.ft.unicamp.br\/etr\/#website"},"datePublished":"2023-08-03T19:39:56+00:00","dateModified":"2023-08-05T18:05:15+00:00","breadcrumb":{"@id":"https:\/\/wordpress.ft.unicamp.br\/etr\/institucional\/o-curso\/#breadcrumb"},"inLanguage":"pt-BR","potentialAction":[{"@type":"ReadAction","target":["https:\/\/wordpress.ft.unicamp.br\/etr\/institucional\/o-curso\/"]}]},{"@type":"BreadcrumbList","@id":"https:\/\/wordpress.ft.unicamp.br\/etr\/institucional\/o-curso\/#breadcrumb","itemListElement":[{"@type":"ListItem","position":1,"name":"Home","item":"https:\/\/wordpress.ft.unicamp.br\/etr\/"},{"@type":"ListItem","position":2,"name":"INSTITUCIONAL","item":"https:\/\/wordpress.ft.unicamp.br\/etr\/institucional\/"},{"@type":"ListItem","position":3,"name":"O curso"}]},{"@type":"WebSite","@id":"https:\/\/wordpress.ft.unicamp.br\/etr\/#website","url":"https:\/\/wordpress.ft.unicamp.br\/etr\/","name":"","description":"Faculdade de Tecnologia, UNICAMP","potentialAction":[{"@type":"SearchAction","target":{"@type":"EntryPoint","urlTemplate":"https:\/\/wordpress.ft.unicamp.br\/etr\/?s={search_term_string}"},"query-input":{"@type":"PropertyValueSpecification","valueRequired":true,"valueName":"search_term_string"}}],"inLanguage":"pt-BR"}]}},"_links":{"self":[{"href":"https:\/\/wordpress.ft.unicamp.br\/etr\/wp-json\/wp\/v2\/pages\/320","targetHints":{"allow":["GET"]}}],"collection":[{"href":"https:\/\/wordpress.ft.unicamp.br\/etr\/wp-json\/wp\/v2\/pages"}],"about":[{"href":"https:\/\/wordpress.ft.unicamp.br\/etr\/wp-json\/wp\/v2\/types\/page"}],"author":[{"embeddable":true,"href":"https:\/\/wordpress.ft.unicamp.br\/etr\/wp-json\/wp\/v2\/users\/98"}],"replies":[{"embeddable":true,"href":"https:\/\/wordpress.ft.unicamp.br\/etr\/wp-json\/wp\/v2\/comments?post=320"}],"version-history":[{"count":10,"href":"https:\/\/wordpress.ft.unicamp.br\/etr\/wp-json\/wp\/v2\/pages\/320\/revisions"}],"predecessor-version":[{"id":1052,"href":"https:\/\/wordpress.ft.unicamp.br\/etr\/wp-json\/wp\/v2\/pages\/320\/revisions\/1052"}],"up":[{"embeddable":true,"href":"https:\/\/wordpress.ft.unicamp.br\/etr\/wp-json\/wp\/v2\/pages\/329"}],"wp:attachment":[{"href":"https:\/\/wordpress.ft.unicamp.br\/etr\/wp-json\/wp\/v2\/media?parent=320"}],"curies":[{"name":"wp","href":"https:\/\/api.w.org\/{rel}","templated":true}]}}