{"id":372,"date":"2023-08-03T17:05:02","date_gmt":"2023-08-03T20:05:02","guid":{"rendered":"https:\/\/wordpress.ft.unicamp.br\/etr\/?page_id=372"},"modified":"2023-08-05T13:10:51","modified_gmt":"2023-08-05T16:10:51","slug":"coordenacao","status":"publish","type":"page","link":"https:\/\/wordpress.ft.unicamp.br\/etr\/docentes\/coordenacao\/","title":{"rendered":"Coordena\u00e7\u00e3o"},"content":{"rendered":"\t\t<div data-elementor-type=\"wp-page\" data-elementor-id=\"372\" class=\"elementor elementor-372\">\n\t\t\t\t\t\t<section class=\"elementor-section elementor-top-section elementor-element elementor-element-89b9ea4 elementor-section-boxed elementor-section-height-default elementor-section-height-default\" data-id=\"89b9ea4\" data-element_type=\"section\" data-e-type=\"section\">\n\t\t\t\t\t\t<div class=\"elementor-container elementor-column-gap-default\">\n\t\t\t\t\t<div class=\"elementor-column elementor-col-100 elementor-top-column elementor-element elementor-element-9aff1e0\" data-id=\"9aff1e0\" data-element_type=\"column\" data-e-type=\"column\">\n\t\t\t<div class=\"elementor-widget-wrap elementor-element-populated\">\n\t\t\t\t\t\t<div class=\"elementor-element elementor-element-5e4fc00 elementor-widget elementor-widget-heading\" data-id=\"5e4fc00\" data-element_type=\"widget\" data-e-type=\"widget\" data-widget_type=\"heading.default\">\n\t\t\t\t<div class=\"elementor-widget-container\">\n\t\t\t\t\t<h1 class=\"elementor-heading-title elementor-size-default\">COORDENA\u00c7\u00c3O<\/h1>\t\t\t\t<\/div>\n\t\t\t\t<\/div>\n\t\t\t\t<div class=\"elementor-element elementor-element-b2652fc elementor-widget elementor-widget-text-editor\" data-id=\"b2652fc\" data-element_type=\"widget\" data-e-type=\"widget\" data-widget_type=\"text-editor.default\">\n\t\t\t\t<div class=\"elementor-widget-container\">\n\t\t\t\t\t\t\t\t\t<h5>Para o bi\u00eanio 2023-2024, os professores Doutores Felippe Benavente Canteras e Vitor Eduardo Molina J\u00fanior s\u00e3o coordenador e coordenador associado, respectivamente, do curso de Engenharia de Transportes.<\/h5>\t\t\t\t\t\t\t\t<\/div>\n\t\t\t\t<\/div>\n\t\t\t\t<div class=\"elementor-element elementor-element-af0c139 gallery-spacing-custom elementor-widget elementor-widget-image-gallery\" data-id=\"af0c139\" data-element_type=\"widget\" data-e-type=\"widget\" data-widget_type=\"image-gallery.default\">\n\t\t\t\t<div class=\"elementor-widget-container\">\n\t\t\t\t\t\t\t<div class=\"elementor-image-gallery\">\n\t\t\t<div id='gallery-1' class='gallery galleryid-372 gallery-columns-3 gallery-size-large'><figure class='gallery-item'>\n\t\t\t<div class='gallery-icon portrait'>\n\t\t\t\t<a data-elementor-open-lightbox=\"yes\" data-elementor-lightbox-slideshow=\"af0c139\" data-elementor-lightbox-title=\"FELIPPE BENAVENTE CANTERAS\" data-elementor-lightbox-description=\"Coordenador\" data-e-action-hash=\"#elementor-action%3Aaction%3Dlightbox%26settings%3DeyJpZCI6ODY3LCJ1cmwiOiJodHRwczpcL1wvd29yZHByZXNzLmZ0LnVuaWNhbXAuYnJcL2V0clwvd3AtY29udGVudFwvdXBsb2Fkc1wvc2l0ZXNcLzY4XC8yMDIzXC8wOFwvZmVsaXBwZWNhbnRlcmFzLmpwZyIsInNsaWRlc2hvdyI6ImFmMGMxMzkifQ%3D%3D\" href='https:\/\/wordpress.ft.unicamp.br\/etr\/wp-content\/uploads\/sites\/68\/2023\/08\/felippecanteras.jpg'><img fetchpriority=\"high\" decoding=\"async\" width=\"768\" height=\"1024\" src=\"https:\/\/wordpress.ft.unicamp.br\/etr\/wp-content\/uploads\/sites\/68\/2023\/08\/felippecanteras-768x1024.jpg\" class=\"attachment-large size-large\" alt=\"\" aria-describedby=\"gallery-1-867\" srcset=\"https:\/\/wordpress.ft.unicamp.br\/etr\/wp-content\/uploads\/sites\/68\/2023\/08\/felippecanteras-768x1024.jpg 768w, https:\/\/wordpress.ft.unicamp.br\/etr\/wp-content\/uploads\/sites\/68\/2023\/08\/felippecanteras-225x300.jpg 225w, https:\/\/wordpress.ft.unicamp.br\/etr\/wp-content\/uploads\/sites\/68\/2023\/08\/felippecanteras.jpg 960w\" sizes=\"(max-width: 768px) 100vw, 768px\" \/><\/a>\n\t\t\t<\/div>\n\t\t\t\t<figcaption class='wp-caption-text gallery-caption' id='gallery-1-867'>\n\t\t\t\tFELIPPE BENAVENTE CANTERAS\n\t\t\t\t<\/figcaption><\/figure><figure class='gallery-item'>\n\t\t\t<div class='gallery-icon portrait'>\n\t\t\t\t<a data-elementor-open-lightbox=\"yes\" data-elementor-lightbox-slideshow=\"af0c139\" data-elementor-lightbox-title=\"VITOR EDUARDO MOLINA J\u00daNIOR\" data-elementor-lightbox-description=\"Coordenador Associado\" data-e-action-hash=\"#elementor-action%3Aaction%3Dlightbox%26settings%3DeyJpZCI6ODY2LCJ1cmwiOiJodHRwczpcL1wvd29yZHByZXNzLmZ0LnVuaWNhbXAuYnJcL2V0clwvd3AtY29udGVudFwvdXBsb2Fkc1wvc2l0ZXNcLzY4XC8yMDIzXC8wOFwvdml0b3Jtb2xpbmEuanBnIiwic2xpZGVzaG93IjoiYWYwYzEzOSJ9\" href='https:\/\/wordpress.ft.unicamp.br\/etr\/wp-content\/uploads\/sites\/68\/2023\/08\/vitormolina.jpg'><img decoding=\"async\" width=\"768\" height=\"1024\" src=\"https:\/\/wordpress.ft.unicamp.br\/etr\/wp-content\/uploads\/sites\/68\/2023\/08\/vitormolina-768x1024.jpg\" class=\"attachment-large size-large\" alt=\"\" aria-describedby=\"gallery-1-866\" srcset=\"https:\/\/wordpress.ft.unicamp.br\/etr\/wp-content\/uploads\/sites\/68\/2023\/08\/vitormolina-768x1024.jpg 768w, https:\/\/wordpress.ft.unicamp.br\/etr\/wp-content\/uploads\/sites\/68\/2023\/08\/vitormolina-225x300.jpg 225w, https:\/\/wordpress.ft.unicamp.br\/etr\/wp-content\/uploads\/sites\/68\/2023\/08\/vitormolina.jpg 960w\" sizes=\"(max-width: 768px) 100vw, 768px\" \/><\/a>\n\t\t\t<\/div>\n\t\t\t\t<figcaption class='wp-caption-text gallery-caption' id='gallery-1-866'>\n\t\t\t\tVITOR EDUARDO MOLINA J\u00daNIOR\n\t\t\t\t<\/figcaption><\/figure>\n\t\t<\/div>\n\t\t<\/div>\n\t\t\t\t\t\t<\/div>\n\t\t\t\t<\/div>\n\t\t\t\t\t<\/div>\n\t\t<\/div>\n\t\t\t\t\t<\/div>\n\t\t<\/section>\n\t\t\t\t<\/div>\n\t\t","protected":false},"excerpt":{"rendered":"<p>COORDENA\u00c7\u00c3O Para o bi\u00eanio 2023-2024, os professores Doutores Felippe Benavente Canteras e Vitor Eduardo Molina J\u00fanior s\u00e3o coordenador e coordenador&hellip; <\/p>\n","protected":false},"author":99,"featured_media":0,"parent":122,"menu_order":0,"comment_status":"closed","ping_status":"closed","template":"","meta":{"footnotes":""},"class_list":["post-372","page","type-page","status-publish","hentry"],"yoast_head":"<!-- This site is optimized with the Yoast SEO plugin v27.2 - https:\/\/yoast.com\/product\/yoast-seo-wordpress\/ -->\n<title>Coordena\u00e7\u00e3o -<\/title>\n<meta name=\"robots\" content=\"index, follow, max-snippet:-1, max-image-preview:large, max-video-preview:-1\" \/>\n<link rel=\"canonical\" href=\"https:\/\/wordpress.ft.unicamp.br\/etr\/docentes\/coordenacao\/\" \/>\n<meta property=\"og:locale\" content=\"pt_BR\" \/>\n<meta property=\"og:type\" content=\"article\" \/>\n<meta property=\"og:title\" content=\"Coordena\u00e7\u00e3o -\" \/>\n<meta property=\"og:description\" content=\"COORDENA\u00c7\u00c3O Para o bi\u00eanio 2023-2024, os professores Doutores Felippe Benavente Canteras e Vitor Eduardo Molina J\u00fanior s\u00e3o coordenador e coordenador&hellip;\" \/>\n<meta property=\"og:url\" content=\"https:\/\/wordpress.ft.unicamp.br\/etr\/docentes\/coordenacao\/\" \/>\n<meta property=\"article:modified_time\" content=\"2023-08-05T16:10:51+00:00\" \/>\n<meta property=\"og:image\" content=\"http:\/\/wordpress.ft.unicamp.br\/etr\/wp-content\/uploads\/sites\/68\/2023\/08\/felippecanteras-768x1024.jpg\" \/>\n<meta name=\"twitter:card\" content=\"summary_large_image\" \/>\n<meta name=\"twitter:label1\" content=\"Est. tempo de leitura\" \/>\n\t<meta name=\"twitter:data1\" content=\"1 minuto\" \/>\n<script type=\"application\/ld+json\" class=\"yoast-schema-graph\">{\"@context\":\"https:\/\/schema.org\",\"@graph\":[{\"@type\":\"WebPage\",\"@id\":\"https:\/\/wordpress.ft.unicamp.br\/etr\/docentes\/coordenacao\/\",\"url\":\"https:\/\/wordpress.ft.unicamp.br\/etr\/docentes\/coordenacao\/\",\"name\":\"Coordena\u00e7\u00e3o -\",\"isPartOf\":{\"@id\":\"https:\/\/wordpress.ft.unicamp.br\/etr\/#website\"},\"primaryImageOfPage\":{\"@id\":\"https:\/\/wordpress.ft.unicamp.br\/etr\/docentes\/coordenacao\/#primaryimage\"},\"image\":{\"@id\":\"https:\/\/wordpress.ft.unicamp.br\/etr\/docentes\/coordenacao\/#primaryimage\"},\"thumbnailUrl\":\"http:\/\/wordpress.ft.unicamp.br\/etr\/wp-content\/uploads\/sites\/68\/2023\/08\/felippecanteras-768x1024.jpg\",\"datePublished\":\"2023-08-03T20:05:02+00:00\",\"dateModified\":\"2023-08-05T16:10:51+00:00\",\"breadcrumb\":{\"@id\":\"https:\/\/wordpress.ft.unicamp.br\/etr\/docentes\/coordenacao\/#breadcrumb\"},\"inLanguage\":\"pt-BR\",\"potentialAction\":[{\"@type\":\"ReadAction\",\"target\":[\"https:\/\/wordpress.ft.unicamp.br\/etr\/docentes\/coordenacao\/\"]}]},{\"@type\":\"ImageObject\",\"inLanguage\":\"pt-BR\",\"@id\":\"https:\/\/wordpress.ft.unicamp.br\/etr\/docentes\/coordenacao\/#primaryimage\",\"url\":\"http:\/\/wordpress.ft.unicamp.br\/etr\/wp-content\/uploads\/sites\/68\/2023\/08\/felippecanteras-768x1024.jpg\",\"contentUrl\":\"http:\/\/wordpress.ft.unicamp.br\/etr\/wp-content\/uploads\/sites\/68\/2023\/08\/felippecanteras-768x1024.jpg\"},{\"@type\":\"BreadcrumbList\",\"@id\":\"https:\/\/wordpress.ft.unicamp.br\/etr\/docentes\/coordenacao\/#breadcrumb\",\"itemListElement\":[{\"@type\":\"ListItem\",\"position\":1,\"name\":\"Home\",\"item\":\"https:\/\/wordpress.ft.unicamp.br\/etr\/\"},{\"@type\":\"ListItem\",\"position\":2,\"name\":\"DOCENTES\",\"item\":\"https:\/\/wordpress.ft.unicamp.br\/etr\/docentes\/\"},{\"@type\":\"ListItem\",\"position\":3,\"name\":\"Coordena\u00e7\u00e3o\"}]},{\"@type\":\"WebSite\",\"@id\":\"https:\/\/wordpress.ft.unicamp.br\/etr\/#website\",\"url\":\"https:\/\/wordpress.ft.unicamp.br\/etr\/\",\"name\":\"\",\"description\":\"Faculdade de Tecnologia, UNICAMP\",\"potentialAction\":[{\"@type\":\"SearchAction\",\"target\":{\"@type\":\"EntryPoint\",\"urlTemplate\":\"https:\/\/wordpress.ft.unicamp.br\/etr\/?s={search_term_string}\"},\"query-input\":{\"@type\":\"PropertyValueSpecification\",\"valueRequired\":true,\"valueName\":\"search_term_string\"}}],\"inLanguage\":\"pt-BR\"}]}<\/script>\n<!-- \/ Yoast SEO plugin. -->","yoast_head_json":{"title":"Coordena\u00e7\u00e3o -","robots":{"index":"index","follow":"follow","max-snippet":"max-snippet:-1","max-image-preview":"max-image-preview:large","max-video-preview":"max-video-preview:-1"},"canonical":"https:\/\/wordpress.ft.unicamp.br\/etr\/docentes\/coordenacao\/","og_locale":"pt_BR","og_type":"article","og_title":"Coordena\u00e7\u00e3o -","og_description":"COORDENA\u00c7\u00c3O Para o bi\u00eanio 2023-2024, os professores Doutores Felippe Benavente Canteras e Vitor Eduardo Molina J\u00fanior s\u00e3o coordenador e coordenador&hellip;","og_url":"https:\/\/wordpress.ft.unicamp.br\/etr\/docentes\/coordenacao\/","article_modified_time":"2023-08-05T16:10:51+00:00","og_image":[{"url":"http:\/\/wordpress.ft.unicamp.br\/etr\/wp-content\/uploads\/sites\/68\/2023\/08\/felippecanteras-768x1024.jpg","type":"","width":"","height":""}],"twitter_card":"summary_large_image","twitter_misc":{"Est. tempo de leitura":"1 minuto"},"schema":{"@context":"https:\/\/schema.org","@graph":[{"@type":"WebPage","@id":"https:\/\/wordpress.ft.unicamp.br\/etr\/docentes\/coordenacao\/","url":"https:\/\/wordpress.ft.unicamp.br\/etr\/docentes\/coordenacao\/","name":"Coordena\u00e7\u00e3o -","isPartOf":{"@id":"https:\/\/wordpress.ft.unicamp.br\/etr\/#website"},"primaryImageOfPage":{"@id":"https:\/\/wordpress.ft.unicamp.br\/etr\/docentes\/coordenacao\/#primaryimage"},"image":{"@id":"https:\/\/wordpress.ft.unicamp.br\/etr\/docentes\/coordenacao\/#primaryimage"},"thumbnailUrl":"http:\/\/wordpress.ft.unicamp.br\/etr\/wp-content\/uploads\/sites\/68\/2023\/08\/felippecanteras-768x1024.jpg","datePublished":"2023-08-03T20:05:02+00:00","dateModified":"2023-08-05T16:10:51+00:00","breadcrumb":{"@id":"https:\/\/wordpress.ft.unicamp.br\/etr\/docentes\/coordenacao\/#breadcrumb"},"inLanguage":"pt-BR","potentialAction":[{"@type":"ReadAction","target":["https:\/\/wordpress.ft.unicamp.br\/etr\/docentes\/coordenacao\/"]}]},{"@type":"ImageObject","inLanguage":"pt-BR","@id":"https:\/\/wordpress.ft.unicamp.br\/etr\/docentes\/coordenacao\/#primaryimage","url":"http:\/\/wordpress.ft.unicamp.br\/etr\/wp-content\/uploads\/sites\/68\/2023\/08\/felippecanteras-768x1024.jpg","contentUrl":"http:\/\/wordpress.ft.unicamp.br\/etr\/wp-content\/uploads\/sites\/68\/2023\/08\/felippecanteras-768x1024.jpg"},{"@type":"BreadcrumbList","@id":"https:\/\/wordpress.ft.unicamp.br\/etr\/docentes\/coordenacao\/#breadcrumb","itemListElement":[{"@type":"ListItem","position":1,"name":"Home","item":"https:\/\/wordpress.ft.unicamp.br\/etr\/"},{"@type":"ListItem","position":2,"name":"DOCENTES","item":"https:\/\/wordpress.ft.unicamp.br\/etr\/docentes\/"},{"@type":"ListItem","position":3,"name":"Coordena\u00e7\u00e3o"}]},{"@type":"WebSite","@id":"https:\/\/wordpress.ft.unicamp.br\/etr\/#website","url":"https:\/\/wordpress.ft.unicamp.br\/etr\/","name":"","description":"Faculdade de Tecnologia, UNICAMP","potentialAction":[{"@type":"SearchAction","target":{"@type":"EntryPoint","urlTemplate":"https:\/\/wordpress.ft.unicamp.br\/etr\/?s={search_term_string}"},"query-input":{"@type":"PropertyValueSpecification","valueRequired":true,"valueName":"search_term_string"}}],"inLanguage":"pt-BR"}]}},"_links":{"self":[{"href":"https:\/\/wordpress.ft.unicamp.br\/etr\/wp-json\/wp\/v2\/pages\/372","targetHints":{"allow":["GET"]}}],"collection":[{"href":"https:\/\/wordpress.ft.unicamp.br\/etr\/wp-json\/wp\/v2\/pages"}],"about":[{"href":"https:\/\/wordpress.ft.unicamp.br\/etr\/wp-json\/wp\/v2\/types\/page"}],"author":[{"embeddable":true,"href":"https:\/\/wordpress.ft.unicamp.br\/etr\/wp-json\/wp\/v2\/users\/99"}],"replies":[{"embeddable":true,"href":"https:\/\/wordpress.ft.unicamp.br\/etr\/wp-json\/wp\/v2\/comments?post=372"}],"version-history":[{"count":59,"href":"https:\/\/wordpress.ft.unicamp.br\/etr\/wp-json\/wp\/v2\/pages\/372\/revisions"}],"predecessor-version":[{"id":927,"href":"https:\/\/wordpress.ft.unicamp.br\/etr\/wp-json\/wp\/v2\/pages\/372\/revisions\/927"}],"up":[{"embeddable":true,"href":"https:\/\/wordpress.ft.unicamp.br\/etr\/wp-json\/wp\/v2\/pages\/122"}],"wp:attachment":[{"href":"https:\/\/wordpress.ft.unicamp.br\/etr\/wp-json\/wp\/v2\/media?parent=372"}],"curies":[{"name":"wp","href":"https:\/\/api.w.org\/{rel}","templated":true}]}}