{"id":28,"date":"2017-09-11T15:17:01","date_gmt":"2017-09-11T15:17:01","guid":{"rendered":"http:\/\/wordpress.ft.unicamp.br\/gotas\/?page_id=28"},"modified":"2022-09-14T22:06:38","modified_gmt":"2022-09-14T22:06:38","slug":"who-you-are","status":"publish","type":"page","link":"https:\/\/wordpress.ft.unicamp.br\/gotas\/en\/who-you-are\/","title":{"rendered":"Who we are"},"content":{"rendered":"<p><strong><u>Coordinator<\/u><\/strong>:<\/p>\n<p><a href=\"http:\/\/buscatextual.cnpq.br\/buscatextual\/visualizacv.do?id=K4766949T6\">Prof. Enelton Fagnani, Ph.D.<\/a> &#8211; School of Technology (UNICAMP, Limeira-SP)<\/p>\n<p><a href=\"https:\/\/orcid.org\/0000-0002-2409-5070\">ORCID<\/a>\u00a0 \u00a0<a href=\"https:\/\/scholar.google.com.br\/citations?user=fO-yZacAAAAJ&amp;hl=pt-BR\">Google Scholar<\/a>\u00a0 \u00a0<a href=\"http:\/\/buscatextual.cnpq.br\/buscatextual\/visualizacv.do?id=K4766949T6&amp;tokenCaptchar=03AERD8Xq5rZ_oFFoSLbASwDZz3Cdsf3thGy_vwkB807T92sjVKlwreyWxV9bbI_Nm0QoaE0Zbh774PHUl-_2K5zj64GfzEJimCuVU6AYSo_Pfq4wGj3i1BNQBW6htkFtf1Ebi0sR4I80p9F_aaaBA5HS_Y3chkEoyKIySB-cI_OXQTNhcdpHTBg9rzIleG_8kkqnRRbGUcGw5RI7pO0wn6gAgI24vTRkasLzbJFLRsY0FMNqWM9hibMp1JNepX3iL3VGzIS6YCZmerYwkP9PnomozEiCyKG7j9SNZgkoFjjFqNIzPs1cOSlYuDTiTxFug92A1OcnQw60VL-EeY-Jds87ZIJ7VDAUFFHsvW7ytg3ayVr4vAZ2qZmLclPESkToGFQ6bpGHZ-vRYOND1I5M21akVnMKwKyB4lg\">Curriculum Lattes<\/a>\u00a0 \u00a0 \u00a0 <a href=\"https:\/\/www.researchgate.net\/profile\/Enelton_Fagnani\">ResearchGate<\/a>\u00a0\u00a0 \u00a0 <a href=\"https:\/\/wordpress.ft.unicamp.br\/enelton\/en\/home-2\/\">Personal webpage<\/a><\/p>\n<p><strong><u>Colaborators<\/u><\/strong>:<\/p>\n<p><a href=\"http:\/\/buscatextual.cnpq.br\/buscatextual\/visualizacv.do?id=K4768963E8\">Prof. Edenir Rodrigues Pereira-Filho, Ph.D.<\/a> &#8211; Department of Chemistry (UFSCar, S\u00e3o Carlos-SP)<\/p>\n<p><a href=\"http:\/\/buscatextual.cnpq.br\/buscatextual\/visualizacv.do?id=K4789679U7\">Prof. Jos\u00e9 Roberto Guimar\u00e3es, Ph.D.<\/a> &#8211; School of Civil Engineering, Architecture and Urban Design (UNICAMP, Campinas-SP)<\/p>\n<p><a href=\"http:\/\/buscatextual.cnpq.br\/buscatextual\/visualizacv.do?id=K4785034Y7\">Prof. Pedro S\u00e9rgio Fadini, Ph.D.<\/a> &#8211; Department of Chemistry (UFSCar, S\u00e3o Carlos-SP)<\/p>\n<p><a href=\"http:\/\/buscatextual.cnpq.br\/buscatextual\/visualizacv.do?id=K4702078Y6\">Prof. Renato Falc\u00e3o Dantas, Ph.D.<\/a> &#8211; School of Technology (UNICAMP, Limeira-SP)<\/p>\n<p><a href=\"http:\/\/buscatextual.cnpq.br\/buscatextual\/visualizacv.do?id=K4759557H7\">Fernando Pena Candello,\u00a0<\/a><a href=\"http:\/\/buscatextual.cnpq.br\/buscatextual\/visualizacv.do?id=K4759557H7\">MSc. <\/a> &#8211; Researcher &#8211; School of Civil Engineering, Architecture and Urban Design (UNICAMP, Campinas-SP)<\/p>\n<p><a href=\"http:\/\/buscatextual.cnpq.br\/buscatextual\/visualizacv.do?id=K4751117E8\">Joyce Cristale, Ph.D.<\/a> &#8211; Researcher (PNPD\/CNPq) &#8211; School of Technology (UNICAMP, Limeira-SP) and Center for Nuclear Energy in Agriculture (CENA-USP, Piracicaba-SP)<\/p>\n<p><a href=\"http:\/\/buscatextual.cnpq.br\/buscatextual\/visualizacv.do?id=K4760529D7\">Paulo Eduardo dos Santos Soldera, Ph.D<\/a> &#8211; Researcher &#8211; <a href=\"http:\/\/www.gerenciaambiental.com.br\/\">Gerenciamento Ambiental Ltda<\/a> (Campinas-SP)<\/p>\n<p><strong><u>Students currently linked<\/u><\/strong>:<\/p>\n<p><a href=\"http:\/\/buscatextual.cnpq.br\/buscatextual\/visualizacv.do?id=K8498577H0\">Amanda Ara\u00fajo da Silva<\/a> &#8211; PhD. in Tecnology (FT UNICAMP) &#8211; in progress<\/p>\n<p><a href=\"http:\/\/buscatextual.cnpq.br\/buscatextual\/visualizacv.do?id=K8498577H0\" data-rich-text-format-boundary=\"true\">Belisa Lima Soares<\/a> &#8211; PhD. in Technology (FT UNICAMP) &#8211; in progress<\/p>\n<p><a href=\"http:\/\/buscatextual.cnpq.br\/buscatextual\/visualizacv.do?id=K8816245A6&amp;tokenCaptchar=03AERD8Xoa_8chGuToWd1ovSOsDR8r0CIe0CPbOw_XDZWW1wS-e4Vk1VBmqMb0oBQrHJuKhwHMYdqUtIfE9-VV2W4lkI1EapBvvxpsCOQqbSMom1D_zJDBdQvg45B1E4GQ33xyym1iEY-c14XqZfkLoGcg-XnLY-13CrfV-6ymcLCbrdNayMbFwrCLqksXNaYb5mBYJpWGk2MgcScGS-zOHVwkosxlq7HGC-l0sN9af1CGsQ1M_AL8KpHdOAsS-jk4LteC6X_BRK4bV7_A91fUxB8Qxm2r3Cz8PjKrdu_3f5xor2Yj637KNOtBS1QVjUeRVMx56bPnL4HMF5Yc0VC8GimlaukUVv2XRybJtYnFdnP4gC5Goy-NLc-uxP0ZuKI8G6fAVPi8TFQro0GtLzsd_MzobqTs64U3Qw\">Caroline Mayara Pessoa<\/a> &#8211; MSc. in Tecnology (FT UNICAMP) &#8211; in progress<\/p>\n<p>Livia Saldanha Bolognese &#8211; undergraduate scientific initiation (FT UNICAMP) &#8211; in progress<\/p>\n<p>Nadiely Cristina Silva &#8211; undergraduate scientific initiation (FT UNICAMP) &#8211; in progress<\/p>\n<p>\u00a0<\/p>\n\n\n<p><\/p>\n","protected":false},"excerpt":{"rendered":"<p>Coordinator: Prof. Enelton Fagnani, Ph.D. &#8211; School of Technology (UNICAMP, Limeira-SP) ORCID\u00a0 \u00a0Google Scholar\u00a0 \u00a0Curriculum Lattes\u00a0 \u00a0 \u00a0 ResearchGate\u00a0\u00a0 \u00a0 Personal webpage Colaborators: Prof. Edenir Rodrigues Pereira-Filho, Ph.D. &#8211; Department of Chemistry (UFSCar, S\u00e3o Carlos-SP) Prof. Jos\u00e9 Roberto Guimar\u00e3es, Ph.D. &hellip; <a href=\"https:\/\/wordpress.ft.unicamp.br\/gotas\/en\/who-you-are\/\">Continue lendo <span class=\"meta-nav\">&rarr;<\/span><\/a><\/p>\n","protected":false},"author":1,"featured_media":0,"parent":0,"menu_order":0,"comment_status":"closed","ping_status":"closed","template":"","meta":{"footnotes":""},"class_list":["post-28","page","type-page","status-publish","hentry"],"yoast_head":"<!-- This site is optimized with the Yoast SEO plugin v27.3 - https:\/\/yoast.com\/product\/yoast-seo-wordpress\/ -->\n<title>Who we are - GOTAS<\/title>\n<meta name=\"robots\" content=\"index, follow, max-snippet:-1, max-image-preview:large, max-video-preview:-1\" \/>\n<link rel=\"canonical\" href=\"https:\/\/wordpress.ft.unicamp.br\/gotas\/en\/who-you-are\/\" \/>\n<meta property=\"og:locale\" content=\"pt_BR\" \/>\n<meta property=\"og:type\" content=\"article\" \/>\n<meta property=\"og:title\" content=\"Who we are - GOTAS\" \/>\n<meta property=\"og:description\" content=\"Coordinator: Prof. Enelton Fagnani, Ph.D. &#8211; School of Technology (UNICAMP, Limeira-SP) ORCID\u00a0 \u00a0Google Scholar\u00a0 \u00a0Curriculum Lattes\u00a0 \u00a0 \u00a0 ResearchGate\u00a0\u00a0 \u00a0 Personal webpage Colaborators: Prof. Edenir Rodrigues Pereira-Filho, Ph.D. &#8211; Department of Chemistry (UFSCar, S\u00e3o Carlos-SP) Prof. Jos\u00e9 Roberto Guimar\u00e3es, Ph.D. &hellip; Continue lendo &rarr;\" \/>\n<meta property=\"og:url\" content=\"https:\/\/wordpress.ft.unicamp.br\/gotas\/en\/who-you-are\/\" \/>\n<meta property=\"og:site_name\" content=\"GOTAS\" \/>\n<meta property=\"article:modified_time\" content=\"2022-09-14T22:06:38+00:00\" \/>\n<meta name=\"twitter:card\" content=\"summary_large_image\" \/>\n<meta name=\"twitter:label1\" content=\"Est. tempo de leitura\" \/>\n\t<meta name=\"twitter:data1\" content=\"1 minuto\" \/>\n<script type=\"application\/ld+json\" class=\"yoast-schema-graph\">{\"@context\":\"https:\\\/\\\/schema.org\",\"@graph\":[{\"@type\":\"WebPage\",\"@id\":\"https:\\\/\\\/wordpress.ft.unicamp.br\\\/gotas\\\/en\\\/who-you-are\\\/\",\"url\":\"https:\\\/\\\/wordpress.ft.unicamp.br\\\/gotas\\\/en\\\/who-you-are\\\/\",\"name\":\"Who we are - GOTAS\",\"isPartOf\":{\"@id\":\"https:\\\/\\\/wordpress.ft.unicamp.br\\\/gotas\\\/#website\"},\"datePublished\":\"2017-09-11T15:17:01+00:00\",\"dateModified\":\"2022-09-14T22:06:38+00:00\",\"breadcrumb\":{\"@id\":\"https:\\\/\\\/wordpress.ft.unicamp.br\\\/gotas\\\/en\\\/who-you-are\\\/#breadcrumb\"},\"inLanguage\":\"pt-BR\",\"potentialAction\":[{\"@type\":\"ReadAction\",\"target\":[\"https:\\\/\\\/wordpress.ft.unicamp.br\\\/gotas\\\/en\\\/who-you-are\\\/\"]}]},{\"@type\":\"BreadcrumbList\",\"@id\":\"https:\\\/\\\/wordpress.ft.unicamp.br\\\/gotas\\\/en\\\/who-you-are\\\/#breadcrumb\",\"itemListElement\":[{\"@type\":\"ListItem\",\"position\":1,\"name\":\"Home\",\"item\":\"https:\\\/\\\/wordpress.ft.unicamp.br\\\/gotas\\\/en\\\/home-2\\\/\"},{\"@type\":\"ListItem\",\"position\":2,\"name\":\"Who we are\"}]},{\"@type\":\"WebSite\",\"@id\":\"https:\\\/\\\/wordpress.ft.unicamp.br\\\/gotas\\\/#website\",\"url\":\"https:\\\/\\\/wordpress.ft.unicamp.br\\\/gotas\\\/\",\"name\":\"GOTAS\",\"description\":\"Grupo de Otimiza\u00e7\u00e3o de Tecnologias Anal\u00edticas Aplicadas a Amostras Ambientais e Sanit\u00e1rias\",\"potentialAction\":[{\"@type\":\"SearchAction\",\"target\":{\"@type\":\"EntryPoint\",\"urlTemplate\":\"https:\\\/\\\/wordpress.ft.unicamp.br\\\/gotas\\\/?s={search_term_string}\"},\"query-input\":{\"@type\":\"PropertyValueSpecification\",\"valueRequired\":true,\"valueName\":\"search_term_string\"}}],\"inLanguage\":\"pt-BR\"}]}<\/script>\n<!-- \/ Yoast SEO plugin. -->","yoast_head_json":{"title":"Who we are - GOTAS","robots":{"index":"index","follow":"follow","max-snippet":"max-snippet:-1","max-image-preview":"max-image-preview:large","max-video-preview":"max-video-preview:-1"},"canonical":"https:\/\/wordpress.ft.unicamp.br\/gotas\/en\/who-you-are\/","og_locale":"pt_BR","og_type":"article","og_title":"Who we are - GOTAS","og_description":"Coordinator: Prof. Enelton Fagnani, Ph.D. &#8211; School of Technology (UNICAMP, Limeira-SP) ORCID\u00a0 \u00a0Google Scholar\u00a0 \u00a0Curriculum Lattes\u00a0 \u00a0 \u00a0 ResearchGate\u00a0\u00a0 \u00a0 Personal webpage Colaborators: Prof. Edenir Rodrigues Pereira-Filho, Ph.D. &#8211; Department of Chemistry (UFSCar, S\u00e3o Carlos-SP) Prof. Jos\u00e9 Roberto Guimar\u00e3es, Ph.D. &hellip; Continue lendo &rarr;","og_url":"https:\/\/wordpress.ft.unicamp.br\/gotas\/en\/who-you-are\/","og_site_name":"GOTAS","article_modified_time":"2022-09-14T22:06:38+00:00","twitter_card":"summary_large_image","twitter_misc":{"Est. tempo de leitura":"1 minuto"},"schema":{"@context":"https:\/\/schema.org","@graph":[{"@type":"WebPage","@id":"https:\/\/wordpress.ft.unicamp.br\/gotas\/en\/who-you-are\/","url":"https:\/\/wordpress.ft.unicamp.br\/gotas\/en\/who-you-are\/","name":"Who we are - GOTAS","isPartOf":{"@id":"https:\/\/wordpress.ft.unicamp.br\/gotas\/#website"},"datePublished":"2017-09-11T15:17:01+00:00","dateModified":"2022-09-14T22:06:38+00:00","breadcrumb":{"@id":"https:\/\/wordpress.ft.unicamp.br\/gotas\/en\/who-you-are\/#breadcrumb"},"inLanguage":"pt-BR","potentialAction":[{"@type":"ReadAction","target":["https:\/\/wordpress.ft.unicamp.br\/gotas\/en\/who-you-are\/"]}]},{"@type":"BreadcrumbList","@id":"https:\/\/wordpress.ft.unicamp.br\/gotas\/en\/who-you-are\/#breadcrumb","itemListElement":[{"@type":"ListItem","position":1,"name":"Home","item":"https:\/\/wordpress.ft.unicamp.br\/gotas\/en\/home-2\/"},{"@type":"ListItem","position":2,"name":"Who we are"}]},{"@type":"WebSite","@id":"https:\/\/wordpress.ft.unicamp.br\/gotas\/#website","url":"https:\/\/wordpress.ft.unicamp.br\/gotas\/","name":"GOTAS","description":"Grupo de Otimiza\u00e7\u00e3o de Tecnologias Anal\u00edticas Aplicadas a Amostras Ambientais e Sanit\u00e1rias","potentialAction":[{"@type":"SearchAction","target":{"@type":"EntryPoint","urlTemplate":"https:\/\/wordpress.ft.unicamp.br\/gotas\/?s={search_term_string}"},"query-input":{"@type":"PropertyValueSpecification","valueRequired":true,"valueName":"search_term_string"}}],"inLanguage":"pt-BR"}]}},"_links":{"self":[{"href":"https:\/\/wordpress.ft.unicamp.br\/gotas\/wp-json\/wp\/v2\/pages\/28","targetHints":{"allow":["GET"]}}],"collection":[{"href":"https:\/\/wordpress.ft.unicamp.br\/gotas\/wp-json\/wp\/v2\/pages"}],"about":[{"href":"https:\/\/wordpress.ft.unicamp.br\/gotas\/wp-json\/wp\/v2\/types\/page"}],"author":[{"embeddable":true,"href":"https:\/\/wordpress.ft.unicamp.br\/gotas\/wp-json\/wp\/v2\/users\/1"}],"replies":[{"embeddable":true,"href":"https:\/\/wordpress.ft.unicamp.br\/gotas\/wp-json\/wp\/v2\/comments?post=28"}],"version-history":[{"count":19,"href":"https:\/\/wordpress.ft.unicamp.br\/gotas\/wp-json\/wp\/v2\/pages\/28\/revisions"}],"predecessor-version":[{"id":379,"href":"https:\/\/wordpress.ft.unicamp.br\/gotas\/wp-json\/wp\/v2\/pages\/28\/revisions\/379"}],"wp:attachment":[{"href":"https:\/\/wordpress.ft.unicamp.br\/gotas\/wp-json\/wp\/v2\/media?parent=28"}],"curies":[{"name":"wp","href":"https:\/\/api.w.org\/{rel}","templated":true}]}}