{"id":65,"date":"2019-05-06T12:10:01","date_gmt":"2019-05-06T12:10:01","guid":{"rendered":"http:\/\/wordpress.ft.unicamp.br\/hidraulica\/?page_id=65"},"modified":"2019-05-14T15:17:10","modified_gmt":"2019-05-14T15:17:10","slug":"publicacoes","status":"publish","type":"page","link":"https:\/\/wordpress.ft.unicamp.br\/hidraulica\/publicacoes\/","title":{"rendered":"Publica\u00e7\u00f5es"},"content":{"rendered":"\n<div class=\"wp-block-image\"><figure class=\"aligncenter\"><a href=\"https:\/\/wordpress.ft.unicamp.br\/hidraulica\/wp-content\/uploads\/sites\/56\/2019\/05\/teses-1.png\" target=\"_blank\" rel=\"noreferrer noopener\"><img fetchpriority=\"high\" decoding=\"async\" width=\"541\" height=\"1024\" src=\"https:\/\/wordpress.ft.unicamp.br\/hidraulica\/wp-content\/uploads\/sites\/56\/2019\/05\/teses-1-541x1024.png\" alt=\"\" class=\"wp-image-211\" srcset=\"https:\/\/wordpress.ft.unicamp.br\/hidraulica\/wp-content\/uploads\/sites\/56\/2019\/05\/teses-1-541x1024.png 541w, https:\/\/wordpress.ft.unicamp.br\/hidraulica\/wp-content\/uploads\/sites\/56\/2019\/05\/teses-1-158x300.png 158w, https:\/\/wordpress.ft.unicamp.br\/hidraulica\/wp-content\/uploads\/sites\/56\/2019\/05\/teses-1-768x1454.png 768w, https:\/\/wordpress.ft.unicamp.br\/hidraulica\/wp-content\/uploads\/sites\/56\/2019\/05\/teses-1.png 824w\" sizes=\"(max-width: 541px) 100vw, 541px\" \/><\/a><\/figure><\/div>\n","protected":false},"excerpt":{"rendered":"","protected":false},"author":17,"featured_media":0,"parent":0,"menu_order":0,"comment_status":"closed","ping_status":"closed","template":"","meta":{"footnotes":""},"class_list":["post-65","page","type-page","status-publish","hentry"],"yoast_head":"<!-- This site is optimized with the Yoast SEO plugin v27.2 - https:\/\/yoast.com\/product\/yoast-seo-wordpress\/ -->\n<title>Publica\u00e7\u00f5es - Laborat\u00f3rio de Hidr\u00e1ulica<\/title>\n<meta name=\"robots\" content=\"index, follow, max-snippet:-1, max-image-preview:large, max-video-preview:-1\" \/>\n<link rel=\"canonical\" href=\"https:\/\/wordpress.ft.unicamp.br\/hidraulica\/publicacoes\/\" \/>\n<meta property=\"og:locale\" content=\"pt_BR\" \/>\n<meta property=\"og:type\" content=\"article\" \/>\n<meta property=\"og:title\" content=\"Publica\u00e7\u00f5es - Laborat\u00f3rio de Hidr\u00e1ulica\" \/>\n<meta property=\"og:url\" content=\"https:\/\/wordpress.ft.unicamp.br\/hidraulica\/publicacoes\/\" \/>\n<meta property=\"og:site_name\" content=\"Laborat\u00f3rio de Hidr\u00e1ulica\" \/>\n<meta property=\"article:modified_time\" content=\"2019-05-14T15:17:10+00:00\" \/>\n<meta property=\"og:image\" content=\"https:\/\/wordpress.ft.unicamp.br\/hidraulica\/wp-content\/uploads\/sites\/56\/2019\/05\/teses-1-541x1024.png\" \/>\n<meta name=\"twitter:card\" content=\"summary_large_image\" \/>\n<script type=\"application\/ld+json\" class=\"yoast-schema-graph\">{\"@context\":\"https:\/\/schema.org\",\"@graph\":[{\"@type\":\"WebPage\",\"@id\":\"https:\/\/wordpress.ft.unicamp.br\/hidraulica\/publicacoes\/\",\"url\":\"https:\/\/wordpress.ft.unicamp.br\/hidraulica\/publicacoes\/\",\"name\":\"Publica\u00e7\u00f5es - Laborat\u00f3rio de Hidr\u00e1ulica\",\"isPartOf\":{\"@id\":\"https:\/\/wordpress.ft.unicamp.br\/hidraulica\/#website\"},\"primaryImageOfPage\":{\"@id\":\"https:\/\/wordpress.ft.unicamp.br\/hidraulica\/publicacoes\/#primaryimage\"},\"image\":{\"@id\":\"https:\/\/wordpress.ft.unicamp.br\/hidraulica\/publicacoes\/#primaryimage\"},\"thumbnailUrl\":\"https:\/\/wordpress.ft.unicamp.br\/hidraulica\/wp-content\/uploads\/sites\/56\/2019\/05\/teses-1-541x1024.png\",\"datePublished\":\"2019-05-06T12:10:01+00:00\",\"dateModified\":\"2019-05-14T15:17:10+00:00\",\"breadcrumb\":{\"@id\":\"https:\/\/wordpress.ft.unicamp.br\/hidraulica\/publicacoes\/#breadcrumb\"},\"inLanguage\":\"pt-BR\",\"potentialAction\":[{\"@type\":\"ReadAction\",\"target\":[\"https:\/\/wordpress.ft.unicamp.br\/hidraulica\/publicacoes\/\"]}]},{\"@type\":\"ImageObject\",\"inLanguage\":\"pt-BR\",\"@id\":\"https:\/\/wordpress.ft.unicamp.br\/hidraulica\/publicacoes\/#primaryimage\",\"url\":\"https:\/\/wordpress.ft.unicamp.br\/hidraulica\/wp-content\/uploads\/sites\/56\/2019\/05\/teses-1-541x1024.png\",\"contentUrl\":\"https:\/\/wordpress.ft.unicamp.br\/hidraulica\/wp-content\/uploads\/sites\/56\/2019\/05\/teses-1-541x1024.png\"},{\"@type\":\"BreadcrumbList\",\"@id\":\"https:\/\/wordpress.ft.unicamp.br\/hidraulica\/publicacoes\/#breadcrumb\",\"itemListElement\":[{\"@type\":\"ListItem\",\"position\":1,\"name\":\"Home\",\"item\":\"https:\/\/wordpress.ft.unicamp.br\/hidraulica\/\"},{\"@type\":\"ListItem\",\"position\":2,\"name\":\"Publica\u00e7\u00f5es\"}]},{\"@type\":\"WebSite\",\"@id\":\"https:\/\/wordpress.ft.unicamp.br\/hidraulica\/#website\",\"url\":\"https:\/\/wordpress.ft.unicamp.br\/hidraulica\/\",\"name\":\"Laborat\u00f3rio de Hidr\u00e1ulica\",\"description\":\"\",\"potentialAction\":[{\"@type\":\"SearchAction\",\"target\":{\"@type\":\"EntryPoint\",\"urlTemplate\":\"https:\/\/wordpress.ft.unicamp.br\/hidraulica\/?s={search_term_string}\"},\"query-input\":{\"@type\":\"PropertyValueSpecification\",\"valueRequired\":true,\"valueName\":\"search_term_string\"}}],\"inLanguage\":\"pt-BR\"}]}<\/script>\n<!-- \/ Yoast SEO plugin. -->","yoast_head_json":{"title":"Publica\u00e7\u00f5es - Laborat\u00f3rio de Hidr\u00e1ulica","robots":{"index":"index","follow":"follow","max-snippet":"max-snippet:-1","max-image-preview":"max-image-preview:large","max-video-preview":"max-video-preview:-1"},"canonical":"https:\/\/wordpress.ft.unicamp.br\/hidraulica\/publicacoes\/","og_locale":"pt_BR","og_type":"article","og_title":"Publica\u00e7\u00f5es - Laborat\u00f3rio de Hidr\u00e1ulica","og_url":"https:\/\/wordpress.ft.unicamp.br\/hidraulica\/publicacoes\/","og_site_name":"Laborat\u00f3rio de Hidr\u00e1ulica","article_modified_time":"2019-05-14T15:17:10+00:00","og_image":[{"url":"https:\/\/wordpress.ft.unicamp.br\/hidraulica\/wp-content\/uploads\/sites\/56\/2019\/05\/teses-1-541x1024.png","type":"","width":"","height":""}],"twitter_card":"summary_large_image","schema":{"@context":"https:\/\/schema.org","@graph":[{"@type":"WebPage","@id":"https:\/\/wordpress.ft.unicamp.br\/hidraulica\/publicacoes\/","url":"https:\/\/wordpress.ft.unicamp.br\/hidraulica\/publicacoes\/","name":"Publica\u00e7\u00f5es - Laborat\u00f3rio de Hidr\u00e1ulica","isPartOf":{"@id":"https:\/\/wordpress.ft.unicamp.br\/hidraulica\/#website"},"primaryImageOfPage":{"@id":"https:\/\/wordpress.ft.unicamp.br\/hidraulica\/publicacoes\/#primaryimage"},"image":{"@id":"https:\/\/wordpress.ft.unicamp.br\/hidraulica\/publicacoes\/#primaryimage"},"thumbnailUrl":"https:\/\/wordpress.ft.unicamp.br\/hidraulica\/wp-content\/uploads\/sites\/56\/2019\/05\/teses-1-541x1024.png","datePublished":"2019-05-06T12:10:01+00:00","dateModified":"2019-05-14T15:17:10+00:00","breadcrumb":{"@id":"https:\/\/wordpress.ft.unicamp.br\/hidraulica\/publicacoes\/#breadcrumb"},"inLanguage":"pt-BR","potentialAction":[{"@type":"ReadAction","target":["https:\/\/wordpress.ft.unicamp.br\/hidraulica\/publicacoes\/"]}]},{"@type":"ImageObject","inLanguage":"pt-BR","@id":"https:\/\/wordpress.ft.unicamp.br\/hidraulica\/publicacoes\/#primaryimage","url":"https:\/\/wordpress.ft.unicamp.br\/hidraulica\/wp-content\/uploads\/sites\/56\/2019\/05\/teses-1-541x1024.png","contentUrl":"https:\/\/wordpress.ft.unicamp.br\/hidraulica\/wp-content\/uploads\/sites\/56\/2019\/05\/teses-1-541x1024.png"},{"@type":"BreadcrumbList","@id":"https:\/\/wordpress.ft.unicamp.br\/hidraulica\/publicacoes\/#breadcrumb","itemListElement":[{"@type":"ListItem","position":1,"name":"Home","item":"https:\/\/wordpress.ft.unicamp.br\/hidraulica\/"},{"@type":"ListItem","position":2,"name":"Publica\u00e7\u00f5es"}]},{"@type":"WebSite","@id":"https:\/\/wordpress.ft.unicamp.br\/hidraulica\/#website","url":"https:\/\/wordpress.ft.unicamp.br\/hidraulica\/","name":"Laborat\u00f3rio de Hidr\u00e1ulica","description":"","potentialAction":[{"@type":"SearchAction","target":{"@type":"EntryPoint","urlTemplate":"https:\/\/wordpress.ft.unicamp.br\/hidraulica\/?s={search_term_string}"},"query-input":{"@type":"PropertyValueSpecification","valueRequired":true,"valueName":"search_term_string"}}],"inLanguage":"pt-BR"}]}},"_links":{"self":[{"href":"https:\/\/wordpress.ft.unicamp.br\/hidraulica\/wp-json\/wp\/v2\/pages\/65","targetHints":{"allow":["GET"]}}],"collection":[{"href":"https:\/\/wordpress.ft.unicamp.br\/hidraulica\/wp-json\/wp\/v2\/pages"}],"about":[{"href":"https:\/\/wordpress.ft.unicamp.br\/hidraulica\/wp-json\/wp\/v2\/types\/page"}],"author":[{"embeddable":true,"href":"https:\/\/wordpress.ft.unicamp.br\/hidraulica\/wp-json\/wp\/v2\/users\/17"}],"replies":[{"embeddable":true,"href":"https:\/\/wordpress.ft.unicamp.br\/hidraulica\/wp-json\/wp\/v2\/comments?post=65"}],"version-history":[{"count":6,"href":"https:\/\/wordpress.ft.unicamp.br\/hidraulica\/wp-json\/wp\/v2\/pages\/65\/revisions"}],"predecessor-version":[{"id":288,"href":"https:\/\/wordpress.ft.unicamp.br\/hidraulica\/wp-json\/wp\/v2\/pages\/65\/revisions\/288"}],"wp:attachment":[{"href":"https:\/\/wordpress.ft.unicamp.br\/hidraulica\/wp-json\/wp\/v2\/media?parent=65"}],"curies":[{"name":"wp","href":"https:\/\/api.w.org\/{rel}","templated":true}]}}