{"id":46,"date":"2015-08-28T17:17:40","date_gmt":"2015-08-28T17:17:40","guid":{"rendered":"http:\/\/www.ft.unicamp.br\/labfisq\/?page_id=46"},"modified":"2015-08-28T17:17:40","modified_gmt":"2015-08-28T17:17:40","slug":"fispq","status":"publish","type":"page","link":"https:\/\/wordpress.ft.unicamp.br\/labfisq\/fispq\/","title":{"rendered":"FISPQ"},"content":{"rendered":"<p><a href=\"http:\/\/www.unicamp.br\" target=\"_blank\">Unicamp<\/a> em constru\u00e7\u00e3o<a href=\"http:\/\/wordpress.ft.unicamp.br\/labfisq\/wp-content\/uploads\/sites\/16\/2015\/08\/telecom.jpg\"><img decoding=\"async\" class=\"alignnone size-medium wp-image-48\" src=\"http:\/\/wordpress.ft.unicamp.br\/labfisq\/wp-content\/uploads\/sites\/16\/2015\/08\/telecom-300x27.jpg\" alt=\"telecom\" width=\"300\" height=\"27\" srcset=\"https:\/\/wordpress.ft.unicamp.br\/labfisq\/wp-content\/uploads\/sites\/16\/2015\/08\/telecom-300x27.jpg 300w, https:\/\/wordpress.ft.unicamp.br\/labfisq\/wp-content\/uploads\/sites\/16\/2015\/08\/telecom-768x68.jpg 768w, https:\/\/wordpress.ft.unicamp.br\/labfisq\/wp-content\/uploads\/sites\/16\/2015\/08\/telecom.jpg 945w\" sizes=\"(max-width: 300px) 100vw, 300px\" \/><\/a><\/p>\n","protected":false},"excerpt":{"rendered":"<p>Unicamp em constru\u00e7\u00e3o<\/p>\n","protected":false},"author":12,"featured_media":0,"parent":0,"menu_order":0,"comment_status":"closed","ping_status":"closed","template":"","meta":{"footnotes":""},"class_list":["post-46","page","type-page","status-publish","hentry"],"yoast_head":"<!-- This site is optimized with the Yoast SEO plugin v27.3 - https:\/\/yoast.com\/product\/yoast-seo-wordpress\/ -->\n<title>FISPQ - Laborat\u00f3rio F\u00edsico Qu\u00edmico<\/title>\n<meta name=\"robots\" content=\"index, follow, max-snippet:-1, max-image-preview:large, max-video-preview:-1\" \/>\n<link rel=\"canonical\" href=\"https:\/\/wordpress.ft.unicamp.br\/labfisq\/fispq\/\" \/>\n<meta property=\"og:locale\" content=\"pt_BR\" \/>\n<meta property=\"og:type\" content=\"article\" \/>\n<meta property=\"og:title\" content=\"FISPQ - Laborat\u00f3rio F\u00edsico Qu\u00edmico\" \/>\n<meta property=\"og:description\" content=\"Unicamp em constru\u00e7\u00e3o\" \/>\n<meta property=\"og:url\" content=\"https:\/\/wordpress.ft.unicamp.br\/labfisq\/fispq\/\" \/>\n<meta property=\"og:site_name\" content=\"Laborat\u00f3rio F\u00edsico Qu\u00edmico\" \/>\n<meta property=\"og:image\" content=\"http:\/\/wordpress.ft.unicamp.br\/labfisq\/wp-content\/uploads\/sites\/16\/2015\/08\/telecom-300x27.jpg\" \/>\n<meta name=\"twitter:card\" content=\"summary_large_image\" \/>\n<script type=\"application\/ld+json\" class=\"yoast-schema-graph\">{\"@context\":\"https:\\\/\\\/schema.org\",\"@graph\":[{\"@type\":\"WebPage\",\"@id\":\"https:\\\/\\\/wordpress.ft.unicamp.br\\\/labfisq\\\/fispq\\\/\",\"url\":\"https:\\\/\\\/wordpress.ft.unicamp.br\\\/labfisq\\\/fispq\\\/\",\"name\":\"FISPQ - Laborat\u00f3rio F\u00edsico Qu\u00edmico\",\"isPartOf\":{\"@id\":\"https:\\\/\\\/wordpress.ft.unicamp.br\\\/labfisq\\\/#website\"},\"primaryImageOfPage\":{\"@id\":\"https:\\\/\\\/wordpress.ft.unicamp.br\\\/labfisq\\\/fispq\\\/#primaryimage\"},\"image\":{\"@id\":\"https:\\\/\\\/wordpress.ft.unicamp.br\\\/labfisq\\\/fispq\\\/#primaryimage\"},\"thumbnailUrl\":\"http:\\\/\\\/wordpress.ft.unicamp.br\\\/labfisq\\\/wp-content\\\/uploads\\\/sites\\\/16\\\/2015\\\/08\\\/telecom-300x27.jpg\",\"datePublished\":\"2015-08-28T17:17:40+00:00\",\"breadcrumb\":{\"@id\":\"https:\\\/\\\/wordpress.ft.unicamp.br\\\/labfisq\\\/fispq\\\/#breadcrumb\"},\"inLanguage\":\"pt-BR\",\"potentialAction\":[{\"@type\":\"ReadAction\",\"target\":[\"https:\\\/\\\/wordpress.ft.unicamp.br\\\/labfisq\\\/fispq\\\/\"]}]},{\"@type\":\"ImageObject\",\"inLanguage\":\"pt-BR\",\"@id\":\"https:\\\/\\\/wordpress.ft.unicamp.br\\\/labfisq\\\/fispq\\\/#primaryimage\",\"url\":\"https:\\\/\\\/wordpress.ft.unicamp.br\\\/labfisq\\\/wp-content\\\/uploads\\\/sites\\\/16\\\/2015\\\/08\\\/telecom.jpg\",\"contentUrl\":\"https:\\\/\\\/wordpress.ft.unicamp.br\\\/labfisq\\\/wp-content\\\/uploads\\\/sites\\\/16\\\/2015\\\/08\\\/telecom.jpg\",\"width\":945,\"height\":84},{\"@type\":\"BreadcrumbList\",\"@id\":\"https:\\\/\\\/wordpress.ft.unicamp.br\\\/labfisq\\\/fispq\\\/#breadcrumb\",\"itemListElement\":[{\"@type\":\"ListItem\",\"position\":1,\"name\":\"Home\",\"item\":\"https:\\\/\\\/wordpress.ft.unicamp.br\\\/labfisq\\\/\"},{\"@type\":\"ListItem\",\"position\":2,\"name\":\"FISPQ\"}]},{\"@type\":\"WebSite\",\"@id\":\"https:\\\/\\\/wordpress.ft.unicamp.br\\\/labfisq\\\/#website\",\"url\":\"https:\\\/\\\/wordpress.ft.unicamp.br\\\/labfisq\\\/\",\"name\":\"Laborat\u00f3rio F\u00edsico Qu\u00edmico\",\"description\":\"\",\"potentialAction\":[{\"@type\":\"SearchAction\",\"target\":{\"@type\":\"EntryPoint\",\"urlTemplate\":\"https:\\\/\\\/wordpress.ft.unicamp.br\\\/labfisq\\\/?s={search_term_string}\"},\"query-input\":{\"@type\":\"PropertyValueSpecification\",\"valueRequired\":true,\"valueName\":\"search_term_string\"}}],\"inLanguage\":\"pt-BR\"}]}<\/script>\n<!-- \/ Yoast SEO plugin. -->","yoast_head_json":{"title":"FISPQ - Laborat\u00f3rio F\u00edsico Qu\u00edmico","robots":{"index":"index","follow":"follow","max-snippet":"max-snippet:-1","max-image-preview":"max-image-preview:large","max-video-preview":"max-video-preview:-1"},"canonical":"https:\/\/wordpress.ft.unicamp.br\/labfisq\/fispq\/","og_locale":"pt_BR","og_type":"article","og_title":"FISPQ - Laborat\u00f3rio F\u00edsico Qu\u00edmico","og_description":"Unicamp em constru\u00e7\u00e3o","og_url":"https:\/\/wordpress.ft.unicamp.br\/labfisq\/fispq\/","og_site_name":"Laborat\u00f3rio F\u00edsico Qu\u00edmico","og_image":[{"url":"http:\/\/wordpress.ft.unicamp.br\/labfisq\/wp-content\/uploads\/sites\/16\/2015\/08\/telecom-300x27.jpg","type":"","width":"","height":""}],"twitter_card":"summary_large_image","schema":{"@context":"https:\/\/schema.org","@graph":[{"@type":"WebPage","@id":"https:\/\/wordpress.ft.unicamp.br\/labfisq\/fispq\/","url":"https:\/\/wordpress.ft.unicamp.br\/labfisq\/fispq\/","name":"FISPQ - Laborat\u00f3rio F\u00edsico Qu\u00edmico","isPartOf":{"@id":"https:\/\/wordpress.ft.unicamp.br\/labfisq\/#website"},"primaryImageOfPage":{"@id":"https:\/\/wordpress.ft.unicamp.br\/labfisq\/fispq\/#primaryimage"},"image":{"@id":"https:\/\/wordpress.ft.unicamp.br\/labfisq\/fispq\/#primaryimage"},"thumbnailUrl":"http:\/\/wordpress.ft.unicamp.br\/labfisq\/wp-content\/uploads\/sites\/16\/2015\/08\/telecom-300x27.jpg","datePublished":"2015-08-28T17:17:40+00:00","breadcrumb":{"@id":"https:\/\/wordpress.ft.unicamp.br\/labfisq\/fispq\/#breadcrumb"},"inLanguage":"pt-BR","potentialAction":[{"@type":"ReadAction","target":["https:\/\/wordpress.ft.unicamp.br\/labfisq\/fispq\/"]}]},{"@type":"ImageObject","inLanguage":"pt-BR","@id":"https:\/\/wordpress.ft.unicamp.br\/labfisq\/fispq\/#primaryimage","url":"https:\/\/wordpress.ft.unicamp.br\/labfisq\/wp-content\/uploads\/sites\/16\/2015\/08\/telecom.jpg","contentUrl":"https:\/\/wordpress.ft.unicamp.br\/labfisq\/wp-content\/uploads\/sites\/16\/2015\/08\/telecom.jpg","width":945,"height":84},{"@type":"BreadcrumbList","@id":"https:\/\/wordpress.ft.unicamp.br\/labfisq\/fispq\/#breadcrumb","itemListElement":[{"@type":"ListItem","position":1,"name":"Home","item":"https:\/\/wordpress.ft.unicamp.br\/labfisq\/"},{"@type":"ListItem","position":2,"name":"FISPQ"}]},{"@type":"WebSite","@id":"https:\/\/wordpress.ft.unicamp.br\/labfisq\/#website","url":"https:\/\/wordpress.ft.unicamp.br\/labfisq\/","name":"Laborat\u00f3rio F\u00edsico Qu\u00edmico","description":"","potentialAction":[{"@type":"SearchAction","target":{"@type":"EntryPoint","urlTemplate":"https:\/\/wordpress.ft.unicamp.br\/labfisq\/?s={search_term_string}"},"query-input":{"@type":"PropertyValueSpecification","valueRequired":true,"valueName":"search_term_string"}}],"inLanguage":"pt-BR"}]}},"_links":{"self":[{"href":"https:\/\/wordpress.ft.unicamp.br\/labfisq\/wp-json\/wp\/v2\/pages\/46","targetHints":{"allow":["GET"]}}],"collection":[{"href":"https:\/\/wordpress.ft.unicamp.br\/labfisq\/wp-json\/wp\/v2\/pages"}],"about":[{"href":"https:\/\/wordpress.ft.unicamp.br\/labfisq\/wp-json\/wp\/v2\/types\/page"}],"author":[{"embeddable":true,"href":"https:\/\/wordpress.ft.unicamp.br\/labfisq\/wp-json\/wp\/v2\/users\/12"}],"replies":[{"embeddable":true,"href":"https:\/\/wordpress.ft.unicamp.br\/labfisq\/wp-json\/wp\/v2\/comments?post=46"}],"version-history":[{"count":0,"href":"https:\/\/wordpress.ft.unicamp.br\/labfisq\/wp-json\/wp\/v2\/pages\/46\/revisions"}],"wp:attachment":[{"href":"https:\/\/wordpress.ft.unicamp.br\/labfisq\/wp-json\/wp\/v2\/media?parent=46"}],"curies":[{"name":"wp","href":"https:\/\/api.w.org\/{rel}","templated":true}]}}