{"id":9,"date":"2015-08-19T18:00:31","date_gmt":"2015-08-19T18:00:31","guid":{"rendered":"http:\/\/www.ft.unicamp.br\/labfisq\/?page_id=9"},"modified":"2015-08-19T18:00:31","modified_gmt":"2015-08-19T18:00:31","slug":"formularios-e-normas","status":"publish","type":"page","link":"https:\/\/wordpress.ft.unicamp.br\/labfisq\/formularios-e-normas\/","title":{"rendered":"Formul\u00e1rios e Normas"},"content":{"rendered":"<p><!--:pt-->Formul\u00e1rios e Normas<!--:--><!--:en-->Forms and Rules<!--:--><\/p>\n","protected":false},"excerpt":{"rendered":"<p>Formul\u00e1rios e NormasForms and Rules<\/p>\n","protected":false},"author":1,"featured_media":0,"parent":0,"menu_order":0,"comment_status":"closed","ping_status":"closed","template":"","meta":{"footnotes":""},"class_list":["post-9","page","type-page","status-publish","hentry"],"yoast_head":"<!-- This site is optimized with the Yoast SEO plugin v27.5 - https:\/\/yoast.com\/product\/yoast-seo-wordpress\/ -->\n<title>Formul\u00e1rios e Normas - Laborat\u00f3rio F\u00edsico Qu\u00edmico<\/title>\n<meta name=\"robots\" content=\"index, follow, max-snippet:-1, max-image-preview:large, max-video-preview:-1\" \/>\n<link rel=\"canonical\" href=\"https:\/\/wordpress.ft.unicamp.br\/labfisq\/formularios-e-normas\/\" \/>\n<meta property=\"og:locale\" content=\"pt_BR\" \/>\n<meta property=\"og:type\" content=\"article\" \/>\n<meta property=\"og:title\" content=\"Formul\u00e1rios e Normas - Laborat\u00f3rio F\u00edsico Qu\u00edmico\" \/>\n<meta property=\"og:description\" content=\"Formul\u00e1rios e NormasForms and Rules\" \/>\n<meta property=\"og:url\" content=\"https:\/\/wordpress.ft.unicamp.br\/labfisq\/formularios-e-normas\/\" \/>\n<meta property=\"og:site_name\" content=\"Laborat\u00f3rio F\u00edsico Qu\u00edmico\" \/>\n<meta name=\"twitter:card\" content=\"summary_large_image\" \/>\n<script type=\"application\/ld+json\" class=\"yoast-schema-graph\">{\"@context\":\"https:\\\/\\\/schema.org\",\"@graph\":[{\"@type\":\"WebPage\",\"@id\":\"https:\\\/\\\/wordpress.ft.unicamp.br\\\/labfisq\\\/formularios-e-normas\\\/\",\"url\":\"https:\\\/\\\/wordpress.ft.unicamp.br\\\/labfisq\\\/formularios-e-normas\\\/\",\"name\":\"Formul\u00e1rios e Normas - Laborat\u00f3rio F\u00edsico Qu\u00edmico\",\"isPartOf\":{\"@id\":\"https:\\\/\\\/wordpress.ft.unicamp.br\\\/labfisq\\\/#website\"},\"datePublished\":\"2015-08-19T18:00:31+00:00\",\"breadcrumb\":{\"@id\":\"https:\\\/\\\/wordpress.ft.unicamp.br\\\/labfisq\\\/formularios-e-normas\\\/#breadcrumb\"},\"inLanguage\":\"pt-BR\",\"potentialAction\":[{\"@type\":\"ReadAction\",\"target\":[\"https:\\\/\\\/wordpress.ft.unicamp.br\\\/labfisq\\\/formularios-e-normas\\\/\"]}]},{\"@type\":\"BreadcrumbList\",\"@id\":\"https:\\\/\\\/wordpress.ft.unicamp.br\\\/labfisq\\\/formularios-e-normas\\\/#breadcrumb\",\"itemListElement\":[{\"@type\":\"ListItem\",\"position\":1,\"name\":\"Home\",\"item\":\"https:\\\/\\\/wordpress.ft.unicamp.br\\\/labfisq\\\/\"},{\"@type\":\"ListItem\",\"position\":2,\"name\":\"Formul\u00e1rios e Normas\"}]},{\"@type\":\"WebSite\",\"@id\":\"https:\\\/\\\/wordpress.ft.unicamp.br\\\/labfisq\\\/#website\",\"url\":\"https:\\\/\\\/wordpress.ft.unicamp.br\\\/labfisq\\\/\",\"name\":\"Laborat\u00f3rio F\u00edsico Qu\u00edmico\",\"description\":\"\",\"potentialAction\":[{\"@type\":\"SearchAction\",\"target\":{\"@type\":\"EntryPoint\",\"urlTemplate\":\"https:\\\/\\\/wordpress.ft.unicamp.br\\\/labfisq\\\/?s={search_term_string}\"},\"query-input\":{\"@type\":\"PropertyValueSpecification\",\"valueRequired\":true,\"valueName\":\"search_term_string\"}}],\"inLanguage\":\"pt-BR\"}]}<\/script>\n<!-- \/ Yoast SEO plugin. -->","yoast_head_json":{"title":"Formul\u00e1rios e Normas - Laborat\u00f3rio F\u00edsico Qu\u00edmico","robots":{"index":"index","follow":"follow","max-snippet":"max-snippet:-1","max-image-preview":"max-image-preview:large","max-video-preview":"max-video-preview:-1"},"canonical":"https:\/\/wordpress.ft.unicamp.br\/labfisq\/formularios-e-normas\/","og_locale":"pt_BR","og_type":"article","og_title":"Formul\u00e1rios e Normas - Laborat\u00f3rio F\u00edsico Qu\u00edmico","og_description":"Formul\u00e1rios e NormasForms and Rules","og_url":"https:\/\/wordpress.ft.unicamp.br\/labfisq\/formularios-e-normas\/","og_site_name":"Laborat\u00f3rio F\u00edsico Qu\u00edmico","twitter_card":"summary_large_image","schema":{"@context":"https:\/\/schema.org","@graph":[{"@type":"WebPage","@id":"https:\/\/wordpress.ft.unicamp.br\/labfisq\/formularios-e-normas\/","url":"https:\/\/wordpress.ft.unicamp.br\/labfisq\/formularios-e-normas\/","name":"Formul\u00e1rios e Normas - Laborat\u00f3rio F\u00edsico Qu\u00edmico","isPartOf":{"@id":"https:\/\/wordpress.ft.unicamp.br\/labfisq\/#website"},"datePublished":"2015-08-19T18:00:31+00:00","breadcrumb":{"@id":"https:\/\/wordpress.ft.unicamp.br\/labfisq\/formularios-e-normas\/#breadcrumb"},"inLanguage":"pt-BR","potentialAction":[{"@type":"ReadAction","target":["https:\/\/wordpress.ft.unicamp.br\/labfisq\/formularios-e-normas\/"]}]},{"@type":"BreadcrumbList","@id":"https:\/\/wordpress.ft.unicamp.br\/labfisq\/formularios-e-normas\/#breadcrumb","itemListElement":[{"@type":"ListItem","position":1,"name":"Home","item":"https:\/\/wordpress.ft.unicamp.br\/labfisq\/"},{"@type":"ListItem","position":2,"name":"Formul\u00e1rios e Normas"}]},{"@type":"WebSite","@id":"https:\/\/wordpress.ft.unicamp.br\/labfisq\/#website","url":"https:\/\/wordpress.ft.unicamp.br\/labfisq\/","name":"Laborat\u00f3rio F\u00edsico Qu\u00edmico","description":"","potentialAction":[{"@type":"SearchAction","target":{"@type":"EntryPoint","urlTemplate":"https:\/\/wordpress.ft.unicamp.br\/labfisq\/?s={search_term_string}"},"query-input":{"@type":"PropertyValueSpecification","valueRequired":true,"valueName":"search_term_string"}}],"inLanguage":"pt-BR"}]}},"_links":{"self":[{"href":"https:\/\/wordpress.ft.unicamp.br\/labfisq\/wp-json\/wp\/v2\/pages\/9","targetHints":{"allow":["GET"]}}],"collection":[{"href":"https:\/\/wordpress.ft.unicamp.br\/labfisq\/wp-json\/wp\/v2\/pages"}],"about":[{"href":"https:\/\/wordpress.ft.unicamp.br\/labfisq\/wp-json\/wp\/v2\/types\/page"}],"author":[{"embeddable":true,"href":"https:\/\/wordpress.ft.unicamp.br\/labfisq\/wp-json\/wp\/v2\/users\/1"}],"replies":[{"embeddable":true,"href":"https:\/\/wordpress.ft.unicamp.br\/labfisq\/wp-json\/wp\/v2\/comments?post=9"}],"version-history":[{"count":0,"href":"https:\/\/wordpress.ft.unicamp.br\/labfisq\/wp-json\/wp\/v2\/pages\/9\/revisions"}],"wp:attachment":[{"href":"https:\/\/wordpress.ft.unicamp.br\/labfisq\/wp-json\/wp\/v2\/media?parent=9"}],"curies":[{"name":"wp","href":"https:\/\/api.w.org\/{rel}","templated":true}]}}