{"id":62,"date":"2018-04-04T18:17:39","date_gmt":"2018-04-04T18:17:39","guid":{"rendered":"http:\/\/wordpress.ft.unicamp.br\/ladessam\/?page_id=62"},"modified":"2018-04-04T18:17:39","modified_gmt":"2018-04-04T18:17:39","slug":"useful-links","status":"publish","type":"page","link":"https:\/\/wordpress.ft.unicamp.br\/ladessam\/en\/useful-links\/","title":{"rendered":"Useful Links"},"content":{"rendered":"<table border=\"10\" width=\"80%\" align=\"center\">\n<tbody>\n<tr>\n<td><a href=\"http:\/\/www.101science.com\/\" target=\"_new\" rel=\"nofollow\">101SCIENCE.COM<\/a><\/p>\n<p><a href=\"http:\/\/www.abes-dn.org.br\/\" target=\"_new\" rel=\"nofollow\">ABES &#8211; ASSOC BRASIL ENGEN SANIT AMB<\/a><\/p>\n<p><a href=\"http:\/\/www.abnt.org.br\/\" target=\"_new\" rel=\"nofollow\">ABNT<\/a><\/p>\n<p><a href=\"http:\/\/www.abc.org.br\/\" target=\"_new\" rel=\"nofollow\">ACADEMIA BRASILEIRA DE CI\u00caNCIAS<\/a><\/p>\n<p><a href=\"http:\/\/www.aguaonline.com.br\/\" target=\"_new\" rel=\"nofollow\">AGUA ONLINE<\/a><\/p>\n<p><a href=\"http:\/\/allchemy.iq.usp.br\/\" target=\"_new\" rel=\"nofollow\">ALLCHEMY USP<\/a><\/p>\n<p><a href=\"http:\/\/www.ambientebrasil.com.br\/\" target=\"_new\" rel=\"nofollow\">AMBIENTE BRASIL<\/a><\/p>\n<p><a href=\"http:\/\/www.unicamp.br\/bc\/\" target=\"_new\" rel=\"nofollow\">BIBLIOTECA CENTRAL UNICAMP<\/a><\/p>\n<p><a href=\"http:\/\/www.cetesb.sp.gov.br\/\" target=\"_new\" rel=\"nofollow\">CETESB<\/a><\/p>\n<p><a href=\"http:\/\/www.chemfinder.com\/\" target=\"_new\" rel=\"nofollow\">CHEMICAL FINDER<\/a><\/p>\n<p><a href=\"http:\/\/chemkeys.com\/br\" target=\"_new\" rel=\"nofollow\">CHEMKEYS<\/a><\/p>\n<p><a href=\"http:\/\/www.cnpq.br\/\" target=\"_new\" rel=\"nofollow\">CNPq<\/a><\/p>\n<p><a href=\"http:\/\/www.martindalecenter.com\/\" target=\"_new\" rel=\"nofollow\">DAVID MARTINDALE SCRIPTS<\/a><\/p>\n<p><a href=\"http:\/\/www.docstoc.com\/\" target=\"_new\" rel=\"nofollow\">DOCSTOK<\/a><\/p>\n<p><a href=\"http:\/\/download-book.net\/\" target=\"_new\" rel=\"nofollow\">DOWNLOAD BOOK<\/a><\/p>\n<p><a href=\"http:\/\/www.encyclo.co.uk\/\" target=\"_new\" rel=\"nofollow\">ENCYCLO ONLINE ENCYCLOPEDIA<\/a><\/p>\n<p><a href=\"http:\/\/www.epa.gov\/\" target=\"_new\" rel=\"nofollow\">EPA<\/a><\/p>\n<p><a href=\"http:\/\/www.fapesp.br\/\" target=\"_new\" rel=\"nofollow\">FAPESP<\/a><\/p>\n<p><a href=\"http:\/\/pt.thefreedictionary.com\/\" target=\"_new\" rel=\"nofollow\">FREE DICTIONARY<\/a><\/td>\n<td><a href=\"http:\/\/www.globalspec.com\/\" target=\"_new\" rel=\"nofollow\">GLOBALSPEC ENG DATABASE<\/a><\/p>\n<p><a href=\"http:\/\/www.ibict.br\/\" target=\"_new\" rel=\"nofollow\">IBICT &#8211; INST BRASIL INF CIENCIA E TECNOLOG<\/a><\/p>\n<p><a href=\"http:\/\/www.iupac.org\/\" target=\"_new\" rel=\"nofollow\">IUPAC<\/a><\/p>\n<p><a href=\"http:\/\/www.inovacaotecnologica.com.br\/\" target=\"_new\" rel=\"nofollow\">INOVA\u00c7\u00c3O TECNOL\u00d3GICA<\/a><\/p>\n<p><a href=\"http:\/\/www.nist.gov\/\" target=\"_new\" rel=\"nofollow\">NIST<\/a><\/p>\n<p><a href=\"http:\/\/www.portalinovacao.mct.gov.br\/\" target=\"_new\" rel=\"nofollow\">PORTAL INOVA\u00c7\u00c3O<\/a><\/p>\n<p><a href=\"http:\/\/probe.bvs.br\/\" target=\"_new\" rel=\"nofollow\">PROBE &#8211; PROG BIBLIOTECA ELETRONICA<\/a><\/p>\n<p><a href=\"http:\/\/www.quimica.com.br\/\" target=\"_new\" rel=\"nofollow\">QUIMICA.COM.BR<\/a><\/p>\n<p><a href=\"http:\/\/www.rsc.org\/\" target=\"_new\" rel=\"nofollow\">ROYAL SOCIETY OF CHEMISTRY<\/a><\/p>\n<p><a href=\"http:\/\/www.sabesp.com.br\/\" target=\"_new\" rel=\"nofollow\">SABESP<\/a><\/p>\n<p><a href=\"http:\/\/www.sambiental.com.br\/\" target=\"_new\" rel=\"nofollow\">SANEAMENTO AMBIENTAL<\/a><\/p>\n<p><a href=\"http:\/\/www.sbq.org.br\/\" target=\"_new\" rel=\"nofollow\">SBQ &#8211; SOCIEDADE BRASILEIRA DE QUIMICA<\/a><\/p>\n<p><a href=\"http:\/\/www.scielo.br\/\" target=\"_new\" rel=\"nofollow\">SCIELO<\/a><\/p>\n<p><a href=\"http:\/\/www.scribd.com\/\" target=\"_new\" rel=\"nofollow\">SCRIBD<\/a><\/p>\n<p><a href=\"http:\/\/www.tratamentodeagua.com.br\/\" target=\"_new\" rel=\"nofollow\">TRATAMENTODEAGUA.COM.BR<\/a><\/p>\n<p><a href=\"http:\/\/tradukka.com\/\" target=\"_new\" rel=\"nofollow\">TRADUKKA TRANSLATION<\/a><\/p>\n<p><a href=\"http:\/\/www.uniagua.org.br\/\" target=\"_new\" rel=\"nofollow\">UNIVERSIDADE DA \u00c1GUA<\/a><\/p>\n<p><a href=\"http:\/\/www.resol.com.br\/\" target=\"_new\" rel=\"nofollow\">WEB-RESOL<\/a><\/p>\n<p><a href=\"http:\/\/www.wef.org\/\" target=\"_new\" rel=\"nofollow\">WEF &#8211; WATER ENVIRONMENT FEDERATION<\/a><\/td>\n<\/tr>\n<\/tbody>\n<\/table>\n","protected":false},"excerpt":{"rendered":"<p>101SCIENCE.COM ABES &#8211; ASSOC BRASIL ENGEN SANIT AMB ABNT ACADEMIA BRASILEIRA DE CI\u00caNCIAS AGUA ONLINE ALLCHEMY USP AMBIENTE BRASIL BIBLIOTECA CENTRAL UNICAMP CETESB CHEMICAL FINDER CHEMKEYS CNPq DAVID MARTINDALE SCRIPTS DOCSTOK DOWNLOAD BOOK ENCYCLO ONLINE ENCYCLOPEDIA EPA FAPESP FREE DICTIONARY &hellip; <a href=\"https:\/\/wordpress.ft.unicamp.br\/ladessam\/en\/useful-links\/\">Continue lendo <span class=\"meta-nav\">&rarr;<\/span><\/a><\/p>\n","protected":false},"author":1,"featured_media":0,"parent":0,"menu_order":0,"comment_status":"closed","ping_status":"closed","template":"","meta":{"footnotes":""},"class_list":["post-62","page","type-page","status-publish","hentry"],"yoast_head":"<!-- This site is optimized with the Yoast SEO plugin v27.3 - https:\/\/yoast.com\/product\/yoast-seo-wordpress\/ -->\n<title>Useful Links - LADESSAM<\/title>\n<meta name=\"robots\" content=\"index, follow, max-snippet:-1, max-image-preview:large, max-video-preview:-1\" \/>\n<link rel=\"canonical\" href=\"https:\/\/wordpress.ft.unicamp.br\/ladessam\/en\/useful-links\/\" \/>\n<meta property=\"og:locale\" content=\"pt_BR\" \/>\n<meta property=\"og:type\" content=\"article\" \/>\n<meta property=\"og:title\" content=\"Useful Links - LADESSAM\" \/>\n<meta property=\"og:description\" content=\"101SCIENCE.COM ABES &#8211; ASSOC BRASIL ENGEN SANIT AMB ABNT ACADEMIA BRASILEIRA DE CI\u00caNCIAS AGUA ONLINE ALLCHEMY USP AMBIENTE BRASIL BIBLIOTECA CENTRAL UNICAMP CETESB CHEMICAL FINDER CHEMKEYS CNPq DAVID MARTINDALE SCRIPTS DOCSTOK DOWNLOAD BOOK ENCYCLO ONLINE ENCYCLOPEDIA EPA FAPESP FREE DICTIONARY &hellip; Continue lendo &rarr;\" \/>\n<meta property=\"og:url\" content=\"https:\/\/wordpress.ft.unicamp.br\/ladessam\/en\/useful-links\/\" \/>\n<meta property=\"og:site_name\" content=\"LADESSAM\" \/>\n<meta name=\"twitter:card\" content=\"summary_large_image\" \/>\n<script type=\"application\/ld+json\" class=\"yoast-schema-graph\">{\"@context\":\"https:\\\/\\\/schema.org\",\"@graph\":[{\"@type\":\"WebPage\",\"@id\":\"https:\\\/\\\/wordpress.ft.unicamp.br\\\/ladessam\\\/en\\\/useful-links\\\/\",\"url\":\"https:\\\/\\\/wordpress.ft.unicamp.br\\\/ladessam\\\/en\\\/useful-links\\\/\",\"name\":\"Useful Links - LADESSAM\",\"isPartOf\":{\"@id\":\"https:\\\/\\\/wordpress.ft.unicamp.br\\\/ladessam\\\/#website\"},\"datePublished\":\"2018-04-04T18:17:39+00:00\",\"breadcrumb\":{\"@id\":\"https:\\\/\\\/wordpress.ft.unicamp.br\\\/ladessam\\\/en\\\/useful-links\\\/#breadcrumb\"},\"inLanguage\":\"pt-BR\",\"potentialAction\":[{\"@type\":\"ReadAction\",\"target\":[\"https:\\\/\\\/wordpress.ft.unicamp.br\\\/ladessam\\\/en\\\/useful-links\\\/\"]}]},{\"@type\":\"BreadcrumbList\",\"@id\":\"https:\\\/\\\/wordpress.ft.unicamp.br\\\/ladessam\\\/en\\\/useful-links\\\/#breadcrumb\",\"itemListElement\":[{\"@type\":\"ListItem\",\"position\":1,\"name\":\"Home\",\"item\":\"https:\\\/\\\/wordpress.ft.unicamp.br\\\/ladessam\\\/en\\\/home-2\\\/\"},{\"@type\":\"ListItem\",\"position\":2,\"name\":\"Useful Links\"}]},{\"@type\":\"WebSite\",\"@id\":\"https:\\\/\\\/wordpress.ft.unicamp.br\\\/ladessam\\\/#website\",\"url\":\"https:\\\/\\\/wordpress.ft.unicamp.br\\\/ladessam\\\/\",\"name\":\"LADESSAM\",\"description\":\"Laborat\u00f3rio de Desenvolvimento de Sistemas para Saneamento Ambiental\",\"potentialAction\":[{\"@type\":\"SearchAction\",\"target\":{\"@type\":\"EntryPoint\",\"urlTemplate\":\"https:\\\/\\\/wordpress.ft.unicamp.br\\\/ladessam\\\/?s={search_term_string}\"},\"query-input\":{\"@type\":\"PropertyValueSpecification\",\"valueRequired\":true,\"valueName\":\"search_term_string\"}}],\"inLanguage\":\"pt-BR\"}]}<\/script>\n<!-- \/ Yoast SEO plugin. -->","yoast_head_json":{"title":"Useful Links - LADESSAM","robots":{"index":"index","follow":"follow","max-snippet":"max-snippet:-1","max-image-preview":"max-image-preview:large","max-video-preview":"max-video-preview:-1"},"canonical":"https:\/\/wordpress.ft.unicamp.br\/ladessam\/en\/useful-links\/","og_locale":"pt_BR","og_type":"article","og_title":"Useful Links - LADESSAM","og_description":"101SCIENCE.COM ABES &#8211; ASSOC BRASIL ENGEN SANIT AMB ABNT ACADEMIA BRASILEIRA DE CI\u00caNCIAS AGUA ONLINE ALLCHEMY USP AMBIENTE BRASIL BIBLIOTECA CENTRAL UNICAMP CETESB CHEMICAL FINDER CHEMKEYS CNPq DAVID MARTINDALE SCRIPTS DOCSTOK DOWNLOAD BOOK ENCYCLO ONLINE ENCYCLOPEDIA EPA FAPESP FREE DICTIONARY &hellip; Continue lendo &rarr;","og_url":"https:\/\/wordpress.ft.unicamp.br\/ladessam\/en\/useful-links\/","og_site_name":"LADESSAM","twitter_card":"summary_large_image","schema":{"@context":"https:\/\/schema.org","@graph":[{"@type":"WebPage","@id":"https:\/\/wordpress.ft.unicamp.br\/ladessam\/en\/useful-links\/","url":"https:\/\/wordpress.ft.unicamp.br\/ladessam\/en\/useful-links\/","name":"Useful Links - LADESSAM","isPartOf":{"@id":"https:\/\/wordpress.ft.unicamp.br\/ladessam\/#website"},"datePublished":"2018-04-04T18:17:39+00:00","breadcrumb":{"@id":"https:\/\/wordpress.ft.unicamp.br\/ladessam\/en\/useful-links\/#breadcrumb"},"inLanguage":"pt-BR","potentialAction":[{"@type":"ReadAction","target":["https:\/\/wordpress.ft.unicamp.br\/ladessam\/en\/useful-links\/"]}]},{"@type":"BreadcrumbList","@id":"https:\/\/wordpress.ft.unicamp.br\/ladessam\/en\/useful-links\/#breadcrumb","itemListElement":[{"@type":"ListItem","position":1,"name":"Home","item":"https:\/\/wordpress.ft.unicamp.br\/ladessam\/en\/home-2\/"},{"@type":"ListItem","position":2,"name":"Useful Links"}]},{"@type":"WebSite","@id":"https:\/\/wordpress.ft.unicamp.br\/ladessam\/#website","url":"https:\/\/wordpress.ft.unicamp.br\/ladessam\/","name":"LADESSAM","description":"Laborat\u00f3rio de Desenvolvimento de Sistemas para Saneamento Ambiental","potentialAction":[{"@type":"SearchAction","target":{"@type":"EntryPoint","urlTemplate":"https:\/\/wordpress.ft.unicamp.br\/ladessam\/?s={search_term_string}"},"query-input":{"@type":"PropertyValueSpecification","valueRequired":true,"valueName":"search_term_string"}}],"inLanguage":"pt-BR"}]}},"_links":{"self":[{"href":"https:\/\/wordpress.ft.unicamp.br\/ladessam\/wp-json\/wp\/v2\/pages\/62","targetHints":{"allow":["GET"]}}],"collection":[{"href":"https:\/\/wordpress.ft.unicamp.br\/ladessam\/wp-json\/wp\/v2\/pages"}],"about":[{"href":"https:\/\/wordpress.ft.unicamp.br\/ladessam\/wp-json\/wp\/v2\/types\/page"}],"author":[{"embeddable":true,"href":"https:\/\/wordpress.ft.unicamp.br\/ladessam\/wp-json\/wp\/v2\/users\/1"}],"replies":[{"embeddable":true,"href":"https:\/\/wordpress.ft.unicamp.br\/ladessam\/wp-json\/wp\/v2\/comments?post=62"}],"version-history":[{"count":1,"href":"https:\/\/wordpress.ft.unicamp.br\/ladessam\/wp-json\/wp\/v2\/pages\/62\/revisions"}],"predecessor-version":[{"id":63,"href":"https:\/\/wordpress.ft.unicamp.br\/ladessam\/wp-json\/wp\/v2\/pages\/62\/revisions\/63"}],"wp:attachment":[{"href":"https:\/\/wordpress.ft.unicamp.br\/ladessam\/wp-json\/wp\/v2\/media?parent=62"}],"curies":[{"name":"wp","href":"https:\/\/api.w.org\/{rel}","templated":true}]}}