{"id":708,"date":"2017-11-06T17:23:02","date_gmt":"2017-11-06T17:23:02","guid":{"rendered":"http:\/\/wordpress.ft.unicamp.br\/laeg\/?page_id=708"},"modified":"2025-05-06T12:07:07","modified_gmt":"2025-05-06T12:07:07","slug":"historia-2","status":"publish","type":"page","link":"https:\/\/wordpress.ft.unicamp.br\/laeg\/historia-2\/","title":{"rendered":"Hist\u00f3ria"},"content":{"rendered":"\n<div class=\"wp-block-media-text is-stacked-on-mobile is-vertically-aligned-center\" style=\"grid-template-columns:15% auto\"><figure class=\"wp-block-media-text__media\"><img decoding=\"async\" width=\"77\" height=\"93\" src=\"http:\/\/wordpress.ft.unicamp.br\/laeg\/wp-content\/uploads\/sites\/33\/2017\/08\/Foto-Abilio.jpg\" alt=\"\" class=\"wp-image-479 size-full\" \/><\/figure><div class=\"wp-block-media-text__content\">\n<p>Prof. Dr. Ab\u00edlio Lopes de Oliveira Neto<\/p>\n\n\n\n<p><em>In memoriam<\/em><\/p>\n<\/div><\/div>\n\n\n\n<p>O LAEG (Laborat\u00f3rio de Ecotoxicologia e Genotoxicidade), conhecido previamente como LEAL &#8211; Laborat\u00f3rio de Ecotoxicologia Aqu\u00e1tica e Limnologia, iniciou suas atividades em 2004 com a contrata\u00e7\u00e3o do Prof. Ab\u00edlio Lopes de Oliveira Neto, especialista em ecotoxicologia e limnologia.<\/p>\n\n\n\n<p>A partir de 2009, com o in\u00edcio das atividades coordenadas pela Profa. Dra. Gisela de Arag\u00e3o Umbuzeiro, o laborat\u00f3rio passou a atuar nas \u00e1reas de ecotoxicologia e genotoxicidade, surgindo a necessidade de apresentar \u00e0 comunidade as mudan\u00e7as realizadas nas linhas de pesquisa do laborat\u00f3rio atrav\u00e9s da transi\u00e7\u00e3o de nome e escopo.<\/p>\n\n\n\n<h1 class=\"wp-block-heading\">Linha do tempo<\/h1>\n\n\n\n<p><strong>2004<\/strong>&nbsp;\u2013 Cria\u00e7\u00e3o do LEAL em mar\u00e7o de 2004 com a vinda do professor e pesquisador Dr. Ab\u00edlio Lopes de Oliveira Neto, para o CESET\/UNICAMP, quando teve in\u00edcio as atividades de ensino e pesquisa nas \u00e1reas de Ecotoxicologia aqu\u00e1tica e Limnologia. \u2013 Durante 4 anos ele coordenou o laborat\u00f3rio e colaborou para defini\u00e7\u00e3o do nome e do logotipo deste, na \u00e9poca denominado Laborat\u00f3rio de Ecotoxicologia Aqu\u00e1tica e Limnologia \u2013 LEAL. As principais atividades neste per\u00edodo foram: a implanta\u00e7\u00e3o de ensaios ecotoxicol\u00f3gicos com diversos organismos-testes e atividades limnol\u00f3gicas em campo. \u2013 Contou com o apoio e colabora\u00e7\u00e3o de pesquisadores de outras institui\u00e7\u00f5es como profa. Dra Clarice Botta Paschoal e profa Dra. Eneida Salati (USP\/S\u00e3o Carlos\/SP), prof. Dr. Andr\u00e9 Cordeiro A. dos Santos e profa. Dra M\u00f4nica Jones Costa (UFSCAR, Sorocaba\/SP), prof. Dr Angelo A. Saggio e prof. Dr Armando A.H. Vieira (UFSCAR\/ S\u00e3o Carlos\/SP), prof. Dr Rui G.L.G. Ribeiro e profa Dra Isabel M.C. Antunes Lopes (Universidade de Coimbra\/ Portugal), entre outros.<\/p>\n\n\n\n<p><strong>2008<\/strong>&nbsp;\u2013 Com o falecimento do Prof. Ab\u00edlio em mar\u00e7o de 2008 as atividades limnol\u00f3gicas foram cessadas e a coordena\u00e7\u00e3o do laborat\u00f3rio passou para a profa Dra Cassiana M. Reganhan Coneglian que muito auxiliou os alunos e t\u00e9cnicos para dar continuidade \u00e0s atividades ecotoxicol\u00f3gicas. \u2013 Em agosto de 2008 a profa. Dra. Cassiana em nome do LEAL \/CESET \/ UNICAMP recebe o Pr\u00eamio Ecologia e Ambientalismo, pelo destaque em a\u00e7\u00f5es a favor da natureza, do meio ambiente e dos interesses ecol\u00f3gicos, entregue pelo presidente da C\u00e2mara Municipal de Limeira. \u2013 No dia 24 de outubro de 2008 no CESET\/UNICAMP foi descerrada a placa em homenagem ao professor Ab\u00edlio, conferindo ao laborat\u00f3rio o seu nome: \u201dLaborat\u00f3rio de Ecotoxicologia Aqu\u00e1tica e Limnologia \u2013 LEAL, Prof. Dr. Ab\u00edlio Lopes de Oliveira Neto\u201d.<\/p>\n\n\n\n<p><strong>2009<\/strong>&nbsp;\u2013 A contrata\u00e7\u00e3o da pesquisadora e profa. Dra. Gisela de Arag\u00e3o Umbuzeiro, ocorreu em fevereiro de 2009, quando assumiu a coordena\u00e7\u00e3o do<br>laborat\u00f3rio e trouxe novas linhas de pesquisa incluindo a \u00e1rea de genotoxicidade.<\/p>\n\n\n\n<p><strong>2010<\/strong>&nbsp;\u2013 A mudan\u00e7a do nome do laborat\u00f3rio ocorreu devido as altera\u00e7\u00f5es das atividades realizadas. O laborat\u00f3rio passou a ser conhecido como: Laborat\u00f3rio de Ecotoxicologia e Microbiologia Ambiental \u2013 Prof. Dr. Ab\u00edlio Lopes \u2013 LEAL. No mesmo per\u00edodo ocorreu a transi\u00e7\u00e3o de CESET (Centro Superior de Educa\u00e7\u00e3o Tecnol\u00f3gica) para FT (Faculdade de Tecnologia) e deu in\u00edcio ao mestrado na p\u00f3s gradua\u00e7\u00e3o da FT\/UNICAMP.<\/p>\n\n\n\n<p><strong>2012<\/strong>&nbsp;\u2013 Um dos principais desafios do laborat\u00f3rio foi a implanta\u00e7\u00e3o do Sistema de Gest\u00e3o da Qualidade, que contou com a iniciativa da professora Gisela junto com sua aluna de mestrado Consuelo Salgueiro Rico, e a colabora\u00e7\u00e3o de alunos e t\u00e9cnicos que acreditaram que este sonho seria poss\u00edvel.<\/p>\n\n\n\n<p><strong>2013<\/strong>&nbsp;\u2013 Iniciou-se o doutorado na p\u00f3s gradua\u00e7\u00e3o da FT\/UNICAMP. Neste per\u00edodo o LEAL passou atender alunos de gradua\u00e7\u00e3o, mestrado e doutorado, realizando pesquisas especialmente nas \u00e1reas de corantes e nanomateriais.<\/p>\n\n\n\n<p><strong>2017<\/strong>&nbsp;\u2013 Foi realizado o 18 ISTA \u2013 18TH INTERNATIONAL SYMPOSIUM ON TOXICITY ASSESSMENT, sob a coordena\u00e7\u00e3o da professora Gisela de Arag\u00e3o Umbuzeiro, que contou com a colabora\u00e7\u00e3o de equipes de apoio formada por t\u00e9cnicos, alunos e funcion\u00e1rios. O evento contou com a presen\u00e7a de pesquisadores do mundo todo.<br>Com o passar do tempo novas linhas de pesquisa foram inseridas no escopo do laborat\u00f3rio, e o LEAL passou a ser conhecido como LAEG. O nome LAEG \u2013 Laborat\u00f3rio de Ecotoxicologia e Genotoxicidade, surgiu da necessidade de apresentar \u00e0 comunidade as mudan\u00e7as realizadas nas linhas de pesquisa do laborat\u00f3rio durante a sua exist\u00eancia.<\/p>\n\n\n\n<p><\/p>\n","protected":false},"excerpt":{"rendered":"<p>Prof. Dr. Ab\u00edlio Lopes de Oliveira Neto In memoriam O LAEG (Laborat\u00f3rio de Ecotoxicologia e Genotoxicidade), conhecido previamente como LEAL &#8211; Laborat\u00f3rio de Ecotoxicologia Aqu\u00e1tica e Limnologia, iniciou suas atividades em 2004 com a contrata\u00e7\u00e3o do Prof. Ab\u00edlio Lopes de Oliveira Neto, especialista em ecotoxicologia e limnologia. A partir de 2009, com o in\u00edcio das &#8230; <a title=\"Hist\u00f3ria\" class=\"read-more\" href=\"https:\/\/wordpress.ft.unicamp.br\/laeg\/historia-2\/\" aria-label=\"Read more about Hist\u00f3ria\">Ler mais<\/a><\/p>\n","protected":false},"author":1,"featured_media":0,"parent":0,"menu_order":0,"comment_status":"closed","ping_status":"closed","template":"","meta":{"footnotes":""},"class_list":["post-708","page","type-page","status-publish"],"yoast_head":"<!-- This site is optimized with the Yoast SEO plugin v27.5 - https:\/\/yoast.com\/product\/yoast-seo-wordpress\/ -->\n<title>Hist\u00f3ria - LAEG<\/title>\n<meta name=\"robots\" content=\"index, follow, max-snippet:-1, max-image-preview:large, max-video-preview:-1\" \/>\n<link rel=\"canonical\" href=\"https:\/\/wordpress.ft.unicamp.br\/laeg\/historia-2\/\" \/>\n<meta property=\"og:locale\" content=\"pt_BR\" \/>\n<meta property=\"og:type\" content=\"article\" \/>\n<meta property=\"og:title\" content=\"Hist\u00f3ria - LAEG\" \/>\n<meta property=\"og:description\" content=\"Prof. Dr. Ab\u00edlio Lopes de Oliveira Neto In memoriam O LAEG (Laborat\u00f3rio de Ecotoxicologia e Genotoxicidade), conhecido previamente como LEAL &#8211; Laborat\u00f3rio de Ecotoxicologia Aqu\u00e1tica e Limnologia, iniciou suas atividades em 2004 com a contrata\u00e7\u00e3o do Prof. Ab\u00edlio Lopes de Oliveira Neto, especialista em ecotoxicologia e limnologia. A partir de 2009, com o in\u00edcio das ... Ler mais\" \/>\n<meta property=\"og:url\" content=\"https:\/\/wordpress.ft.unicamp.br\/laeg\/historia-2\/\" \/>\n<meta property=\"og:site_name\" content=\"LAEG\" \/>\n<meta property=\"article:modified_time\" content=\"2025-05-06T12:07:07+00:00\" \/>\n<meta property=\"og:image\" content=\"https:\/\/wordpress.ft.unicamp.br\/laeg\/wp-content\/uploads\/sites\/33\/2017\/08\/Foto-Abilio.jpg\" \/>\n\t<meta property=\"og:image:width\" content=\"77\" \/>\n\t<meta property=\"og:image:height\" content=\"93\" \/>\n\t<meta property=\"og:image:type\" content=\"image\/jpeg\" \/>\n<meta name=\"twitter:card\" content=\"summary_large_image\" \/>\n<meta name=\"twitter:label1\" content=\"Est. tempo de leitura\" \/>\n\t<meta name=\"twitter:data1\" content=\"4 minutos\" \/>\n<script type=\"application\/ld+json\" class=\"yoast-schema-graph\">{\"@context\":\"https:\\\/\\\/schema.org\",\"@graph\":[{\"@type\":\"WebPage\",\"@id\":\"https:\\\/\\\/wordpress.ft.unicamp.br\\\/laeg\\\/historia-2\\\/\",\"url\":\"https:\\\/\\\/wordpress.ft.unicamp.br\\\/laeg\\\/historia-2\\\/\",\"name\":\"Hist\u00f3ria - LAEG\",\"isPartOf\":{\"@id\":\"https:\\\/\\\/wordpress.ft.unicamp.br\\\/laeg\\\/#website\"},\"primaryImageOfPage\":{\"@id\":\"https:\\\/\\\/wordpress.ft.unicamp.br\\\/laeg\\\/historia-2\\\/#primaryimage\"},\"image\":{\"@id\":\"https:\\\/\\\/wordpress.ft.unicamp.br\\\/laeg\\\/historia-2\\\/#primaryimage\"},\"thumbnailUrl\":\"http:\\\/\\\/wordpress.ft.unicamp.br\\\/laeg\\\/wp-content\\\/uploads\\\/sites\\\/33\\\/2017\\\/08\\\/Foto-Abilio.jpg\",\"datePublished\":\"2017-11-06T17:23:02+00:00\",\"dateModified\":\"2025-05-06T12:07:07+00:00\",\"breadcrumb\":{\"@id\":\"https:\\\/\\\/wordpress.ft.unicamp.br\\\/laeg\\\/historia-2\\\/#breadcrumb\"},\"inLanguage\":\"pt-BR\",\"potentialAction\":[{\"@type\":\"ReadAction\",\"target\":[\"https:\\\/\\\/wordpress.ft.unicamp.br\\\/laeg\\\/historia-2\\\/\"]}]},{\"@type\":\"ImageObject\",\"inLanguage\":\"pt-BR\",\"@id\":\"https:\\\/\\\/wordpress.ft.unicamp.br\\\/laeg\\\/historia-2\\\/#primaryimage\",\"url\":\"http:\\\/\\\/wordpress.ft.unicamp.br\\\/laeg\\\/wp-content\\\/uploads\\\/sites\\\/33\\\/2017\\\/08\\\/Foto-Abilio.jpg\",\"contentUrl\":\"http:\\\/\\\/wordpress.ft.unicamp.br\\\/laeg\\\/wp-content\\\/uploads\\\/sites\\\/33\\\/2017\\\/08\\\/Foto-Abilio.jpg\"},{\"@type\":\"BreadcrumbList\",\"@id\":\"https:\\\/\\\/wordpress.ft.unicamp.br\\\/laeg\\\/historia-2\\\/#breadcrumb\",\"itemListElement\":[{\"@type\":\"ListItem\",\"position\":1,\"name\":\"Home\",\"item\":\"https:\\\/\\\/wordpress.ft.unicamp.br\\\/laeg\\\/\"},{\"@type\":\"ListItem\",\"position\":2,\"name\":\"Hist\u00f3ria\"}]},{\"@type\":\"WebSite\",\"@id\":\"https:\\\/\\\/wordpress.ft.unicamp.br\\\/laeg\\\/#website\",\"url\":\"https:\\\/\\\/wordpress.ft.unicamp.br\\\/laeg\\\/\",\"name\":\"LAEG\",\"description\":\"Ecotoxicology and Genotoxicity Laboratory\",\"publisher\":{\"@id\":\"https:\\\/\\\/wordpress.ft.unicamp.br\\\/laeg\\\/#organization\"},\"potentialAction\":[{\"@type\":\"SearchAction\",\"target\":{\"@type\":\"EntryPoint\",\"urlTemplate\":\"https:\\\/\\\/wordpress.ft.unicamp.br\\\/laeg\\\/?s={search_term_string}\"},\"query-input\":{\"@type\":\"PropertyValueSpecification\",\"valueRequired\":true,\"valueName\":\"search_term_string\"}}],\"inLanguage\":\"pt-BR\"},{\"@type\":\"Organization\",\"@id\":\"https:\\\/\\\/wordpress.ft.unicamp.br\\\/laeg\\\/#organization\",\"name\":\"LAEG\",\"url\":\"https:\\\/\\\/wordpress.ft.unicamp.br\\\/laeg\\\/\",\"logo\":{\"@type\":\"ImageObject\",\"inLanguage\":\"pt-BR\",\"@id\":\"https:\\\/\\\/wordpress.ft.unicamp.br\\\/laeg\\\/#\\\/schema\\\/logo\\\/image\\\/\",\"url\":\"https:\\\/\\\/wordpress.ft.unicamp.br\\\/laeg\\\/wp-content\\\/uploads\\\/sites\\\/33\\\/2017\\\/10\\\/cropped-Sem-t\u00edtulo-e1507234698751.png\",\"contentUrl\":\"https:\\\/\\\/wordpress.ft.unicamp.br\\\/laeg\\\/wp-content\\\/uploads\\\/sites\\\/33\\\/2017\\\/10\\\/cropped-Sem-t\u00edtulo-e1507234698751.png\",\"width\":1366,\"height\":109,\"caption\":\"LAEG\"},\"image\":{\"@id\":\"https:\\\/\\\/wordpress.ft.unicamp.br\\\/laeg\\\/#\\\/schema\\\/logo\\\/image\\\/\"}}]}<\/script>\n<!-- \/ Yoast SEO plugin. -->","yoast_head_json":{"title":"Hist\u00f3ria - LAEG","robots":{"index":"index","follow":"follow","max-snippet":"max-snippet:-1","max-image-preview":"max-image-preview:large","max-video-preview":"max-video-preview:-1"},"canonical":"https:\/\/wordpress.ft.unicamp.br\/laeg\/historia-2\/","og_locale":"pt_BR","og_type":"article","og_title":"Hist\u00f3ria - LAEG","og_description":"Prof. Dr. Ab\u00edlio Lopes de Oliveira Neto In memoriam O LAEG (Laborat\u00f3rio de Ecotoxicologia e Genotoxicidade), conhecido previamente como LEAL &#8211; Laborat\u00f3rio de Ecotoxicologia Aqu\u00e1tica e Limnologia, iniciou suas atividades em 2004 com a contrata\u00e7\u00e3o do Prof. Ab\u00edlio Lopes de Oliveira Neto, especialista em ecotoxicologia e limnologia. A partir de 2009, com o in\u00edcio das ... Ler mais","og_url":"https:\/\/wordpress.ft.unicamp.br\/laeg\/historia-2\/","og_site_name":"LAEG","article_modified_time":"2025-05-06T12:07:07+00:00","og_image":[{"width":77,"height":93,"url":"https:\/\/wordpress.ft.unicamp.br\/laeg\/wp-content\/uploads\/sites\/33\/2017\/08\/Foto-Abilio.jpg","type":"image\/jpeg"}],"twitter_card":"summary_large_image","twitter_misc":{"Est. tempo de leitura":"4 minutos"},"schema":{"@context":"https:\/\/schema.org","@graph":[{"@type":"WebPage","@id":"https:\/\/wordpress.ft.unicamp.br\/laeg\/historia-2\/","url":"https:\/\/wordpress.ft.unicamp.br\/laeg\/historia-2\/","name":"Hist\u00f3ria - LAEG","isPartOf":{"@id":"https:\/\/wordpress.ft.unicamp.br\/laeg\/#website"},"primaryImageOfPage":{"@id":"https:\/\/wordpress.ft.unicamp.br\/laeg\/historia-2\/#primaryimage"},"image":{"@id":"https:\/\/wordpress.ft.unicamp.br\/laeg\/historia-2\/#primaryimage"},"thumbnailUrl":"http:\/\/wordpress.ft.unicamp.br\/laeg\/wp-content\/uploads\/sites\/33\/2017\/08\/Foto-Abilio.jpg","datePublished":"2017-11-06T17:23:02+00:00","dateModified":"2025-05-06T12:07:07+00:00","breadcrumb":{"@id":"https:\/\/wordpress.ft.unicamp.br\/laeg\/historia-2\/#breadcrumb"},"inLanguage":"pt-BR","potentialAction":[{"@type":"ReadAction","target":["https:\/\/wordpress.ft.unicamp.br\/laeg\/historia-2\/"]}]},{"@type":"ImageObject","inLanguage":"pt-BR","@id":"https:\/\/wordpress.ft.unicamp.br\/laeg\/historia-2\/#primaryimage","url":"http:\/\/wordpress.ft.unicamp.br\/laeg\/wp-content\/uploads\/sites\/33\/2017\/08\/Foto-Abilio.jpg","contentUrl":"http:\/\/wordpress.ft.unicamp.br\/laeg\/wp-content\/uploads\/sites\/33\/2017\/08\/Foto-Abilio.jpg"},{"@type":"BreadcrumbList","@id":"https:\/\/wordpress.ft.unicamp.br\/laeg\/historia-2\/#breadcrumb","itemListElement":[{"@type":"ListItem","position":1,"name":"Home","item":"https:\/\/wordpress.ft.unicamp.br\/laeg\/"},{"@type":"ListItem","position":2,"name":"Hist\u00f3ria"}]},{"@type":"WebSite","@id":"https:\/\/wordpress.ft.unicamp.br\/laeg\/#website","url":"https:\/\/wordpress.ft.unicamp.br\/laeg\/","name":"LAEG","description":"Ecotoxicology and Genotoxicity Laboratory","publisher":{"@id":"https:\/\/wordpress.ft.unicamp.br\/laeg\/#organization"},"potentialAction":[{"@type":"SearchAction","target":{"@type":"EntryPoint","urlTemplate":"https:\/\/wordpress.ft.unicamp.br\/laeg\/?s={search_term_string}"},"query-input":{"@type":"PropertyValueSpecification","valueRequired":true,"valueName":"search_term_string"}}],"inLanguage":"pt-BR"},{"@type":"Organization","@id":"https:\/\/wordpress.ft.unicamp.br\/laeg\/#organization","name":"LAEG","url":"https:\/\/wordpress.ft.unicamp.br\/laeg\/","logo":{"@type":"ImageObject","inLanguage":"pt-BR","@id":"https:\/\/wordpress.ft.unicamp.br\/laeg\/#\/schema\/logo\/image\/","url":"https:\/\/wordpress.ft.unicamp.br\/laeg\/wp-content\/uploads\/sites\/33\/2017\/10\/cropped-Sem-t\u00edtulo-e1507234698751.png","contentUrl":"https:\/\/wordpress.ft.unicamp.br\/laeg\/wp-content\/uploads\/sites\/33\/2017\/10\/cropped-Sem-t\u00edtulo-e1507234698751.png","width":1366,"height":109,"caption":"LAEG"},"image":{"@id":"https:\/\/wordpress.ft.unicamp.br\/laeg\/#\/schema\/logo\/image\/"}}]}},"_links":{"self":[{"href":"https:\/\/wordpress.ft.unicamp.br\/laeg\/wp-json\/wp\/v2\/pages\/708","targetHints":{"allow":["GET"]}}],"collection":[{"href":"https:\/\/wordpress.ft.unicamp.br\/laeg\/wp-json\/wp\/v2\/pages"}],"about":[{"href":"https:\/\/wordpress.ft.unicamp.br\/laeg\/wp-json\/wp\/v2\/types\/page"}],"author":[{"embeddable":true,"href":"https:\/\/wordpress.ft.unicamp.br\/laeg\/wp-json\/wp\/v2\/users\/1"}],"replies":[{"embeddable":true,"href":"https:\/\/wordpress.ft.unicamp.br\/laeg\/wp-json\/wp\/v2\/comments?post=708"}],"version-history":[{"count":5,"href":"https:\/\/wordpress.ft.unicamp.br\/laeg\/wp-json\/wp\/v2\/pages\/708\/revisions"}],"predecessor-version":[{"id":1668,"href":"https:\/\/wordpress.ft.unicamp.br\/laeg\/wp-json\/wp\/v2\/pages\/708\/revisions\/1668"}],"wp:attachment":[{"href":"https:\/\/wordpress.ft.unicamp.br\/laeg\/wp-json\/wp\/v2\/media?parent=708"}],"curies":[{"name":"wp","href":"https:\/\/api.w.org\/{rel}","templated":true}]}}