{"id":35,"date":"2015-07-08T17:26:23","date_gmt":"2015-07-08T17:26:23","guid":{"rendered":"http:\/\/www.ft.unicamp.br\/lapet\/?page_id=35"},"modified":"2015-07-08T17:26:23","modified_gmt":"2015-07-08T17:26:23","slug":"laboratorio","status":"publish","type":"page","link":"https:\/\/wordpress.ft.unicamp.br\/lapet\/laboratorio\/","title":{"rendered":"Laborat\u00f3rio"},"content":{"rendered":"<table>\n<tbody>\n<tr>\n<td width=\"500\" style=\"text-align: justify;vertical-align: top\">Para o desenvolvimento de nossas pesquisas, contamos com um laborat\u00f3rio rec\u00e9m equipado na Faculdade de Tecnologia. Em nosso laborat\u00f3rio, os alunos e pesquisadores envolvidos em nossos projetos contam com os equipamentos necess\u00e1rios para o desenvolvimento das mesmas, al\u00e9m de um suporte de v\u00e1rios materiais de consumo.<\/p>\n<p>Podemos destacar entre os equipamentos de nosso laborat\u00f3rio:<\/p>\n<ul>\n<li>Oscilosc\u00f3pio Hantek DSO5072P 70 MHz \/ 2 Canais<\/li>\n<li>Mult\u00edmetro Digital de Bancada UNI-T UT801<\/li>\n<li>Mult\u00edmetros port\u00e1teis<\/li>\n<li>Esta\u00e7\u00f5es de Solda Hikari HK-936B<\/li>\n<li>Fonte Regul\u00e1vel 0-15V \/ 2A<\/li>\n<li>Furadeira de Bancada<\/li>\n<li>Ferramentas Comuns<\/li>\n<li>Notebooks para Desenvolvimento de Software<\/li>\n<li>Cluster com 15 M\u00f3dulos [em constru\u00e7\u00e3o]<\/li>\n<\/ul>\n<p>Al\u00e9m de nossos equipamentos, contamos com insumos para escrit\u00f3rio, desenvolvimento de projetos com eletr\u00f4nica anal\u00f3gica ou digital, dentre os quais, destacamos:<\/p>\n<ul>\n<li>Placas de prototipagem Intel Galileo Gen2<\/li>\n<li>Placas de prototipagem Arduino<\/li>\n<li>M\u00f3dulos para Arduino<\/li>\n<li>Componentes eletr\u00f4nicos em geral (resistores, capacitores, circuitos integrados, etc)<\/li>\n<li>Material para desenvolvimento\/fabrica\u00e7\u00e3o de placas de circuito impresso &#8211; face simples ou dupla face<\/li>\n<li>Kits para desenvolvimento de carrinhos aut\u00f4nomos<\/li>\n<li>Insumos para trabalho com componentes SMD<\/li>\n<\/ul>\n<\/td>\n<td><img fetchpriority=\"high\" decoding=\"async\" class=\"aligncenter size-full wp-image-137\" src=\"http:\/\/wordpress.ft.unicamp.br\/lapet\/wp-content\/uploads\/sites\/23\/2015\/07\/Lab2.png\" alt=\"\" width=\"406\" height=\"618\" srcset=\"https:\/\/wordpress.ft.unicamp.br\/lapet\/wp-content\/uploads\/sites\/23\/2015\/07\/Lab2.png 406w, https:\/\/wordpress.ft.unicamp.br\/lapet\/wp-content\/uploads\/sites\/23\/2015\/07\/Lab2-197x300.png 197w\" sizes=\"(max-width: 406px) 100vw, 406px\" \/><\/td>\n<\/tr>\n<\/tbody>\n<\/table>\n","protected":false},"excerpt":{"rendered":"<p>Para o desenvolvimento de nossas pesquisas, contamos com um laborat\u00f3rio rec\u00e9m equipado na Faculdade de Tecnologia. Em nosso laborat\u00f3rio, os alunos e pesquisadores envolvidos em nossos projetos contam com os equipamentos necess\u00e1rios para o desenvolvimento das mesmas, al\u00e9m de um suporte de v\u00e1rios materiais de consumo. Podemos destacar entre os equipamentos de nosso laborat\u00f3rio: Oscilosc\u00f3pio <a href=\"https:\/\/wordpress.ft.unicamp.br\/lapet\/laboratorio\/\" rel=\"nofollow\"><span class=\"sr-only\">Leia mais sobreLaborat\u00f3rio<\/span>[&hellip;]<\/a><\/p>\n","protected":false},"author":16,"featured_media":0,"parent":0,"menu_order":0,"comment_status":"closed","ping_status":"open","template":"template-fullwidth.php","meta":{"footnotes":""},"class_list":["post-35","page","type-page","status-publish","hentry"],"yoast_head":"<!-- This site is optimized with the Yoast SEO plugin v27.3 - https:\/\/yoast.com\/product\/yoast-seo-wordpress\/ -->\n<title>Laborat\u00f3rio - LAPET<\/title>\n<meta name=\"robots\" content=\"index, follow, max-snippet:-1, max-image-preview:large, max-video-preview:-1\" \/>\n<link rel=\"canonical\" href=\"https:\/\/wordpress.ft.unicamp.br\/lapet\/laboratorio\/\" \/>\n<meta property=\"og:locale\" content=\"pt_BR\" \/>\n<meta property=\"og:type\" content=\"article\" \/>\n<meta property=\"og:title\" content=\"Laborat\u00f3rio - LAPET\" \/>\n<meta property=\"og:description\" content=\"Para o desenvolvimento de nossas pesquisas, contamos com um laborat\u00f3rio rec\u00e9m equipado na Faculdade de Tecnologia. Em nosso laborat\u00f3rio, os alunos e pesquisadores envolvidos em nossos projetos contam com os equipamentos necess\u00e1rios para o desenvolvimento das mesmas, al\u00e9m de um suporte de v\u00e1rios materiais de consumo. Podemos destacar entre os equipamentos de nosso laborat\u00f3rio: Oscilosc\u00f3pio Leia mais sobreLaborat\u00f3rio[&hellip;]\" \/>\n<meta property=\"og:url\" content=\"https:\/\/wordpress.ft.unicamp.br\/lapet\/laboratorio\/\" \/>\n<meta property=\"og:site_name\" content=\"LAPET\" \/>\n<meta property=\"og:image\" content=\"http:\/\/wordpress.ft.unicamp.br\/lapet\/wp-content\/uploads\/sites\/23\/2015\/07\/Lab2.png\" \/>\n<meta name=\"twitter:card\" content=\"summary_large_image\" \/>\n<meta name=\"twitter:label1\" content=\"Est. tempo de leitura\" \/>\n\t<meta name=\"twitter:data1\" content=\"1 minuto\" \/>\n<script type=\"application\/ld+json\" class=\"yoast-schema-graph\">{\"@context\":\"https:\\\/\\\/schema.org\",\"@graph\":[{\"@type\":\"WebPage\",\"@id\":\"https:\\\/\\\/wordpress.ft.unicamp.br\\\/lapet\\\/laboratorio\\\/\",\"url\":\"https:\\\/\\\/wordpress.ft.unicamp.br\\\/lapet\\\/laboratorio\\\/\",\"name\":\"Laborat\u00f3rio - LAPET\",\"isPartOf\":{\"@id\":\"https:\\\/\\\/wordpress.ft.unicamp.br\\\/lapet\\\/#website\"},\"primaryImageOfPage\":{\"@id\":\"https:\\\/\\\/wordpress.ft.unicamp.br\\\/lapet\\\/laboratorio\\\/#primaryimage\"},\"image\":{\"@id\":\"https:\\\/\\\/wordpress.ft.unicamp.br\\\/lapet\\\/laboratorio\\\/#primaryimage\"},\"thumbnailUrl\":\"http:\\\/\\\/wordpress.ft.unicamp.br\\\/lapet\\\/wp-content\\\/uploads\\\/sites\\\/23\\\/2015\\\/07\\\/Lab2.png\",\"datePublished\":\"2015-07-08T17:26:23+00:00\",\"breadcrumb\":{\"@id\":\"https:\\\/\\\/wordpress.ft.unicamp.br\\\/lapet\\\/laboratorio\\\/#breadcrumb\"},\"inLanguage\":\"pt-BR\",\"potentialAction\":[{\"@type\":\"ReadAction\",\"target\":[\"https:\\\/\\\/wordpress.ft.unicamp.br\\\/lapet\\\/laboratorio\\\/\"]}]},{\"@type\":\"ImageObject\",\"inLanguage\":\"pt-BR\",\"@id\":\"https:\\\/\\\/wordpress.ft.unicamp.br\\\/lapet\\\/laboratorio\\\/#primaryimage\",\"url\":\"https:\\\/\\\/wordpress.ft.unicamp.br\\\/lapet\\\/wp-content\\\/uploads\\\/sites\\\/23\\\/2015\\\/07\\\/Lab2.png\",\"contentUrl\":\"https:\\\/\\\/wordpress.ft.unicamp.br\\\/lapet\\\/wp-content\\\/uploads\\\/sites\\\/23\\\/2015\\\/07\\\/Lab2.png\",\"width\":406,\"height\":618},{\"@type\":\"BreadcrumbList\",\"@id\":\"https:\\\/\\\/wordpress.ft.unicamp.br\\\/lapet\\\/laboratorio\\\/#breadcrumb\",\"itemListElement\":[{\"@type\":\"ListItem\",\"position\":1,\"name\":\"Home\",\"item\":\"https:\\\/\\\/wordpress.ft.unicamp.br\\\/lapet\\\/\"},{\"@type\":\"ListItem\",\"position\":2,\"name\":\"Laborat\u00f3rio\"}]},{\"@type\":\"WebSite\",\"@id\":\"https:\\\/\\\/wordpress.ft.unicamp.br\\\/lapet\\\/#website\",\"url\":\"https:\\\/\\\/wordpress.ft.unicamp.br\\\/lapet\\\/\",\"name\":\"LAPET\",\"description\":\"Laborat\u00f3rio de Aplica\u00e7\u00e3o e Pesquisa em Ensino Tecnol\u00f3gico\",\"publisher\":{\"@id\":\"https:\\\/\\\/wordpress.ft.unicamp.br\\\/lapet\\\/#organization\"},\"potentialAction\":[{\"@type\":\"SearchAction\",\"target\":{\"@type\":\"EntryPoint\",\"urlTemplate\":\"https:\\\/\\\/wordpress.ft.unicamp.br\\\/lapet\\\/?s={search_term_string}\"},\"query-input\":{\"@type\":\"PropertyValueSpecification\",\"valueRequired\":true,\"valueName\":\"search_term_string\"}}],\"inLanguage\":\"pt-BR\"},{\"@type\":\"Organization\",\"@id\":\"https:\\\/\\\/wordpress.ft.unicamp.br\\\/lapet\\\/#organization\",\"name\":\"LAPET\",\"url\":\"https:\\\/\\\/wordpress.ft.unicamp.br\\\/lapet\\\/\",\"logo\":{\"@type\":\"ImageObject\",\"inLanguage\":\"pt-BR\",\"@id\":\"https:\\\/\\\/wordpress.ft.unicamp.br\\\/lapet\\\/#\\\/schema\\\/logo\\\/image\\\/\",\"url\":\"https:\\\/\\\/wordpress.ft.unicamp.br\\\/lapet\\\/wp-content\\\/uploads\\\/sites\\\/23\\\/2015\\\/07\\\/LAPETTexto.png\",\"contentUrl\":\"https:\\\/\\\/wordpress.ft.unicamp.br\\\/lapet\\\/wp-content\\\/uploads\\\/sites\\\/23\\\/2015\\\/07\\\/LAPETTexto.png\",\"width\":600,\"height\":200,\"caption\":\"LAPET\"},\"image\":{\"@id\":\"https:\\\/\\\/wordpress.ft.unicamp.br\\\/lapet\\\/#\\\/schema\\\/logo\\\/image\\\/\"}}]}<\/script>\n<!-- \/ Yoast SEO plugin. -->","yoast_head_json":{"title":"Laborat\u00f3rio - LAPET","robots":{"index":"index","follow":"follow","max-snippet":"max-snippet:-1","max-image-preview":"max-image-preview:large","max-video-preview":"max-video-preview:-1"},"canonical":"https:\/\/wordpress.ft.unicamp.br\/lapet\/laboratorio\/","og_locale":"pt_BR","og_type":"article","og_title":"Laborat\u00f3rio - LAPET","og_description":"Para o desenvolvimento de nossas pesquisas, contamos com um laborat\u00f3rio rec\u00e9m equipado na Faculdade de Tecnologia. Em nosso laborat\u00f3rio, os alunos e pesquisadores envolvidos em nossos projetos contam com os equipamentos necess\u00e1rios para o desenvolvimento das mesmas, al\u00e9m de um suporte de v\u00e1rios materiais de consumo. Podemos destacar entre os equipamentos de nosso laborat\u00f3rio: Oscilosc\u00f3pio Leia mais sobreLaborat\u00f3rio[&hellip;]","og_url":"https:\/\/wordpress.ft.unicamp.br\/lapet\/laboratorio\/","og_site_name":"LAPET","og_image":[{"url":"http:\/\/wordpress.ft.unicamp.br\/lapet\/wp-content\/uploads\/sites\/23\/2015\/07\/Lab2.png","type":"","width":"","height":""}],"twitter_card":"summary_large_image","twitter_misc":{"Est. tempo de leitura":"1 minuto"},"schema":{"@context":"https:\/\/schema.org","@graph":[{"@type":"WebPage","@id":"https:\/\/wordpress.ft.unicamp.br\/lapet\/laboratorio\/","url":"https:\/\/wordpress.ft.unicamp.br\/lapet\/laboratorio\/","name":"Laborat\u00f3rio - LAPET","isPartOf":{"@id":"https:\/\/wordpress.ft.unicamp.br\/lapet\/#website"},"primaryImageOfPage":{"@id":"https:\/\/wordpress.ft.unicamp.br\/lapet\/laboratorio\/#primaryimage"},"image":{"@id":"https:\/\/wordpress.ft.unicamp.br\/lapet\/laboratorio\/#primaryimage"},"thumbnailUrl":"http:\/\/wordpress.ft.unicamp.br\/lapet\/wp-content\/uploads\/sites\/23\/2015\/07\/Lab2.png","datePublished":"2015-07-08T17:26:23+00:00","breadcrumb":{"@id":"https:\/\/wordpress.ft.unicamp.br\/lapet\/laboratorio\/#breadcrumb"},"inLanguage":"pt-BR","potentialAction":[{"@type":"ReadAction","target":["https:\/\/wordpress.ft.unicamp.br\/lapet\/laboratorio\/"]}]},{"@type":"ImageObject","inLanguage":"pt-BR","@id":"https:\/\/wordpress.ft.unicamp.br\/lapet\/laboratorio\/#primaryimage","url":"https:\/\/wordpress.ft.unicamp.br\/lapet\/wp-content\/uploads\/sites\/23\/2015\/07\/Lab2.png","contentUrl":"https:\/\/wordpress.ft.unicamp.br\/lapet\/wp-content\/uploads\/sites\/23\/2015\/07\/Lab2.png","width":406,"height":618},{"@type":"BreadcrumbList","@id":"https:\/\/wordpress.ft.unicamp.br\/lapet\/laboratorio\/#breadcrumb","itemListElement":[{"@type":"ListItem","position":1,"name":"Home","item":"https:\/\/wordpress.ft.unicamp.br\/lapet\/"},{"@type":"ListItem","position":2,"name":"Laborat\u00f3rio"}]},{"@type":"WebSite","@id":"https:\/\/wordpress.ft.unicamp.br\/lapet\/#website","url":"https:\/\/wordpress.ft.unicamp.br\/lapet\/","name":"LAPET","description":"Laborat\u00f3rio de Aplica\u00e7\u00e3o e Pesquisa em Ensino Tecnol\u00f3gico","publisher":{"@id":"https:\/\/wordpress.ft.unicamp.br\/lapet\/#organization"},"potentialAction":[{"@type":"SearchAction","target":{"@type":"EntryPoint","urlTemplate":"https:\/\/wordpress.ft.unicamp.br\/lapet\/?s={search_term_string}"},"query-input":{"@type":"PropertyValueSpecification","valueRequired":true,"valueName":"search_term_string"}}],"inLanguage":"pt-BR"},{"@type":"Organization","@id":"https:\/\/wordpress.ft.unicamp.br\/lapet\/#organization","name":"LAPET","url":"https:\/\/wordpress.ft.unicamp.br\/lapet\/","logo":{"@type":"ImageObject","inLanguage":"pt-BR","@id":"https:\/\/wordpress.ft.unicamp.br\/lapet\/#\/schema\/logo\/image\/","url":"https:\/\/wordpress.ft.unicamp.br\/lapet\/wp-content\/uploads\/sites\/23\/2015\/07\/LAPETTexto.png","contentUrl":"https:\/\/wordpress.ft.unicamp.br\/lapet\/wp-content\/uploads\/sites\/23\/2015\/07\/LAPETTexto.png","width":600,"height":200,"caption":"LAPET"},"image":{"@id":"https:\/\/wordpress.ft.unicamp.br\/lapet\/#\/schema\/logo\/image\/"}}]}},"_links":{"self":[{"href":"https:\/\/wordpress.ft.unicamp.br\/lapet\/wp-json\/wp\/v2\/pages\/35","targetHints":{"allow":["GET"]}}],"collection":[{"href":"https:\/\/wordpress.ft.unicamp.br\/lapet\/wp-json\/wp\/v2\/pages"}],"about":[{"href":"https:\/\/wordpress.ft.unicamp.br\/lapet\/wp-json\/wp\/v2\/types\/page"}],"author":[{"embeddable":true,"href":"https:\/\/wordpress.ft.unicamp.br\/lapet\/wp-json\/wp\/v2\/users\/16"}],"replies":[{"embeddable":true,"href":"https:\/\/wordpress.ft.unicamp.br\/lapet\/wp-json\/wp\/v2\/comments?post=35"}],"version-history":[{"count":0,"href":"https:\/\/wordpress.ft.unicamp.br\/lapet\/wp-json\/wp\/v2\/pages\/35\/revisions"}],"wp:attachment":[{"href":"https:\/\/wordpress.ft.unicamp.br\/lapet\/wp-json\/wp\/v2\/media?parent=35"}],"curies":[{"name":"wp","href":"https:\/\/api.w.org\/{rel}","templated":true}]}}