{"id":30,"date":"2017-05-26T15:49:34","date_gmt":"2017-05-26T15:49:34","guid":{"rendered":"http:\/\/wordpress.ft.unicamp.br\/residuoseconstrucao\/?page_id=30"},"modified":"2021-11-22T21:28:30","modified_gmt":"2021-11-22T21:28:30","slug":"linhas-de-pesquisa","status":"publish","type":"page","link":"https:\/\/wordpress.ft.unicamp.br\/mats\/linhas-de-pesquisa\/","title":{"rendered":"LABORAT\u00d3RIOS"},"content":{"rendered":"\n<p class=\"has-medium-font-size\"><a href=\"https:\/\/www.ft.unicamp.br\/pt-br\/laboratorio\/laborat%C3%B3rio-de-ensaios-n%C3%A3o-destrutivos-lend\"><span style=\"font-weight: 400\">LEND \u2013 LABORAT\u00d3RIO DE ENSAIOS N\u00c3O DESTRUTIVOS<\/span><\/a><\/p>\n\n\n\n<p class=\"has-medium-font-size\"><span style=\"font-weight: 400\">O Laborat\u00f3rio de Ensaios n\u00e3o Destrutivos \u2013 LEND foi criado <\/span><span style=\"font-weight: 400\">em 2017, motivado pelo aumento das pesquisas desenvolvidas sobre o assunto e a aprova\u00e7\u00e3o de um Projeto de Pesquisa submetido ao CNPq. As pesquisas desenvolvidas no LEND est\u00e3o vinculadas ao Grupo de Pesquisa MATS \u2013 Materiais e Tecnologias Sustent\u00e1veis, coordenado pela profa. Dra. Gisleiva C. S. Ferreira.&nbsp;<\/span><\/p>\n\n\n\n<p class=\"has-medium-font-size\"><span style=\"font-weight: 400\">Os projetos de pesquisa desenvolvidos neste laborat\u00f3rio envolvem estudos sobre o uso do ultrassom na caracteriza\u00e7\u00e3o e classifica\u00e7\u00e3o de materiais (matrizes ciment\u00edcias e solo compactado), monitoramento e inspe\u00e7\u00e3o de elementos construtivos e estruturas. <\/span><b>Principais equipamentos:&nbsp;<\/b><\/p>\n\n\n\n<p class=\"has-medium-font-size\"><span style=\"font-weight: 400\">&#8211; 3 equipamentos de ultrassom (PUNDIT; USLab)<\/span><\/p>\n\n\n\n<p class=\"has-medium-font-size\"><span style=\"font-weight: 400\">&#8211; 1 medidor de umidade superficial (FLIR)<\/span><\/p>\n","protected":false},"excerpt":{"rendered":"<p>LEND \u2013 LABORAT\u00d3RIO DE ENSAIOS N\u00c3O DESTRUTIVOS O Laborat\u00f3rio de Ensaios n\u00e3o Destrutivos \u2013 LEND foi criado em 2017, motivado pelo aumento das pesquisas desenvolvidas sobre o assunto e a aprova\u00e7\u00e3o de um Projeto de Pesquisa submetido ao CNPq. As pesquisas desenvolvidas no LEND est\u00e3o vinculadas ao Grupo de Pesquisa MATS \u2013 Materiais e Tecnologias <a href=\"https:\/\/wordpress.ft.unicamp.br\/mats\/linhas-de-pesquisa\/\" rel=\"nofollow\"><span class=\"sr-only\">Leia mais sobreLABORAT\u00d3RIOS<\/span>[&hellip;]<\/a><\/p>\n","protected":false},"author":21,"featured_media":0,"parent":0,"menu_order":0,"comment_status":"closed","ping_status":"closed","template":"","meta":{"footnotes":""},"class_list":["post-30","page","type-page","status-publish","hentry"],"yoast_head":"<!-- This site is optimized with the Yoast SEO plugin v27.3 - https:\/\/yoast.com\/product\/yoast-seo-wordpress\/ -->\n<title>LABORAT\u00d3RIOS - MATS \u2013 Materiais e Tecnologias Sustent\u00e1veis<\/title>\n<meta name=\"robots\" content=\"index, follow, max-snippet:-1, max-image-preview:large, max-video-preview:-1\" \/>\n<link rel=\"canonical\" href=\"https:\/\/wordpress.ft.unicamp.br\/mats\/linhas-de-pesquisa\/\" \/>\n<meta property=\"og:locale\" content=\"pt_BR\" \/>\n<meta property=\"og:type\" content=\"article\" \/>\n<meta property=\"og:title\" content=\"LABORAT\u00d3RIOS - MATS \u2013 Materiais e Tecnologias Sustent\u00e1veis\" \/>\n<meta property=\"og:description\" content=\"LEND \u2013 LABORAT\u00d3RIO DE ENSAIOS N\u00c3O DESTRUTIVOS O Laborat\u00f3rio de Ensaios n\u00e3o Destrutivos \u2013 LEND foi criado em 2017, motivado pelo aumento das pesquisas desenvolvidas sobre o assunto e a aprova\u00e7\u00e3o de um Projeto de Pesquisa submetido ao CNPq. As pesquisas desenvolvidas no LEND est\u00e3o vinculadas ao Grupo de Pesquisa MATS \u2013 Materiais e Tecnologias Leia mais sobreLABORAT\u00d3RIOS[&hellip;]\" \/>\n<meta property=\"og:url\" content=\"https:\/\/wordpress.ft.unicamp.br\/mats\/linhas-de-pesquisa\/\" \/>\n<meta property=\"og:site_name\" content=\"MATS \u2013 Materiais e Tecnologias Sustent\u00e1veis\" \/>\n<meta property=\"article:modified_time\" content=\"2021-11-22T21:28:30+00:00\" \/>\n<meta name=\"twitter:card\" content=\"summary_large_image\" \/>\n<meta name=\"twitter:label1\" content=\"Est. tempo de leitura\" \/>\n\t<meta name=\"twitter:data1\" content=\"1 minuto\" \/>\n<script type=\"application\/ld+json\" class=\"yoast-schema-graph\">{\"@context\":\"https:\\\/\\\/schema.org\",\"@graph\":[{\"@type\":\"WebPage\",\"@id\":\"https:\\\/\\\/wordpress.ft.unicamp.br\\\/mats\\\/linhas-de-pesquisa\\\/\",\"url\":\"https:\\\/\\\/wordpress.ft.unicamp.br\\\/mats\\\/linhas-de-pesquisa\\\/\",\"name\":\"LABORAT\u00d3RIOS - MATS \u2013 Materiais e Tecnologias Sustent\u00e1veis\",\"isPartOf\":{\"@id\":\"https:\\\/\\\/wordpress.ft.unicamp.br\\\/mats\\\/#website\"},\"datePublished\":\"2017-05-26T15:49:34+00:00\",\"dateModified\":\"2021-11-22T21:28:30+00:00\",\"breadcrumb\":{\"@id\":\"https:\\\/\\\/wordpress.ft.unicamp.br\\\/mats\\\/linhas-de-pesquisa\\\/#breadcrumb\"},\"inLanguage\":\"pt-BR\",\"potentialAction\":[{\"@type\":\"ReadAction\",\"target\":[\"https:\\\/\\\/wordpress.ft.unicamp.br\\\/mats\\\/linhas-de-pesquisa\\\/\"]}]},{\"@type\":\"BreadcrumbList\",\"@id\":\"https:\\\/\\\/wordpress.ft.unicamp.br\\\/mats\\\/linhas-de-pesquisa\\\/#breadcrumb\",\"itemListElement\":[{\"@type\":\"ListItem\",\"position\":1,\"name\":\"Home\",\"item\":\"https:\\\/\\\/wordpress.ft.unicamp.br\\\/mats\\\/\"},{\"@type\":\"ListItem\",\"position\":2,\"name\":\"LABORAT\u00d3RIOS\"}]},{\"@type\":\"WebSite\",\"@id\":\"https:\\\/\\\/wordpress.ft.unicamp.br\\\/mats\\\/#website\",\"url\":\"https:\\\/\\\/wordpress.ft.unicamp.br\\\/mats\\\/\",\"name\":\"MATS \u2013 Materiais e Tecnologias Sustent\u00e1veis\",\"description\":\"\",\"publisher\":{\"@id\":\"https:\\\/\\\/wordpress.ft.unicamp.br\\\/mats\\\/#organization\"},\"potentialAction\":[{\"@type\":\"SearchAction\",\"target\":{\"@type\":\"EntryPoint\",\"urlTemplate\":\"https:\\\/\\\/wordpress.ft.unicamp.br\\\/mats\\\/?s={search_term_string}\"},\"query-input\":{\"@type\":\"PropertyValueSpecification\",\"valueRequired\":true,\"valueName\":\"search_term_string\"}}],\"inLanguage\":\"pt-BR\"},{\"@type\":\"Organization\",\"@id\":\"https:\\\/\\\/wordpress.ft.unicamp.br\\\/mats\\\/#organization\",\"name\":\"MATS \u2013 Materiais e Tecnologias Sustent\u00e1veis\",\"url\":\"https:\\\/\\\/wordpress.ft.unicamp.br\\\/mats\\\/\",\"logo\":{\"@type\":\"ImageObject\",\"inLanguage\":\"pt-BR\",\"@id\":\"https:\\\/\\\/wordpress.ft.unicamp.br\\\/mats\\\/#\\\/schema\\\/logo\\\/image\\\/\",\"url\":\"https:\\\/\\\/wordpress.ft.unicamp.br\\\/mats\\\/wp-content\\\/uploads\\\/sites\\\/29\\\/2021\\\/05\\\/cropped-facebook_cover_photo_1-2.png\",\"contentUrl\":\"https:\\\/\\\/wordpress.ft.unicamp.br\\\/mats\\\/wp-content\\\/uploads\\\/sites\\\/29\\\/2021\\\/05\\\/cropped-facebook_cover_photo_1-2.png\",\"width\":682,\"height\":413,\"caption\":\"MATS \u2013 Materiais e Tecnologias Sustent\u00e1veis\"},\"image\":{\"@id\":\"https:\\\/\\\/wordpress.ft.unicamp.br\\\/mats\\\/#\\\/schema\\\/logo\\\/image\\\/\"}}]}<\/script>\n<!-- \/ Yoast SEO plugin. -->","yoast_head_json":{"title":"LABORAT\u00d3RIOS - MATS \u2013 Materiais e Tecnologias Sustent\u00e1veis","robots":{"index":"index","follow":"follow","max-snippet":"max-snippet:-1","max-image-preview":"max-image-preview:large","max-video-preview":"max-video-preview:-1"},"canonical":"https:\/\/wordpress.ft.unicamp.br\/mats\/linhas-de-pesquisa\/","og_locale":"pt_BR","og_type":"article","og_title":"LABORAT\u00d3RIOS - MATS \u2013 Materiais e Tecnologias Sustent\u00e1veis","og_description":"LEND \u2013 LABORAT\u00d3RIO DE ENSAIOS N\u00c3O DESTRUTIVOS O Laborat\u00f3rio de Ensaios n\u00e3o Destrutivos \u2013 LEND foi criado em 2017, motivado pelo aumento das pesquisas desenvolvidas sobre o assunto e a aprova\u00e7\u00e3o de um Projeto de Pesquisa submetido ao CNPq. As pesquisas desenvolvidas no LEND est\u00e3o vinculadas ao Grupo de Pesquisa MATS \u2013 Materiais e Tecnologias Leia mais sobreLABORAT\u00d3RIOS[&hellip;]","og_url":"https:\/\/wordpress.ft.unicamp.br\/mats\/linhas-de-pesquisa\/","og_site_name":"MATS \u2013 Materiais e Tecnologias Sustent\u00e1veis","article_modified_time":"2021-11-22T21:28:30+00:00","twitter_card":"summary_large_image","twitter_misc":{"Est. tempo de leitura":"1 minuto"},"schema":{"@context":"https:\/\/schema.org","@graph":[{"@type":"WebPage","@id":"https:\/\/wordpress.ft.unicamp.br\/mats\/linhas-de-pesquisa\/","url":"https:\/\/wordpress.ft.unicamp.br\/mats\/linhas-de-pesquisa\/","name":"LABORAT\u00d3RIOS - MATS \u2013 Materiais e Tecnologias Sustent\u00e1veis","isPartOf":{"@id":"https:\/\/wordpress.ft.unicamp.br\/mats\/#website"},"datePublished":"2017-05-26T15:49:34+00:00","dateModified":"2021-11-22T21:28:30+00:00","breadcrumb":{"@id":"https:\/\/wordpress.ft.unicamp.br\/mats\/linhas-de-pesquisa\/#breadcrumb"},"inLanguage":"pt-BR","potentialAction":[{"@type":"ReadAction","target":["https:\/\/wordpress.ft.unicamp.br\/mats\/linhas-de-pesquisa\/"]}]},{"@type":"BreadcrumbList","@id":"https:\/\/wordpress.ft.unicamp.br\/mats\/linhas-de-pesquisa\/#breadcrumb","itemListElement":[{"@type":"ListItem","position":1,"name":"Home","item":"https:\/\/wordpress.ft.unicamp.br\/mats\/"},{"@type":"ListItem","position":2,"name":"LABORAT\u00d3RIOS"}]},{"@type":"WebSite","@id":"https:\/\/wordpress.ft.unicamp.br\/mats\/#website","url":"https:\/\/wordpress.ft.unicamp.br\/mats\/","name":"MATS \u2013 Materiais e Tecnologias Sustent\u00e1veis","description":"","publisher":{"@id":"https:\/\/wordpress.ft.unicamp.br\/mats\/#organization"},"potentialAction":[{"@type":"SearchAction","target":{"@type":"EntryPoint","urlTemplate":"https:\/\/wordpress.ft.unicamp.br\/mats\/?s={search_term_string}"},"query-input":{"@type":"PropertyValueSpecification","valueRequired":true,"valueName":"search_term_string"}}],"inLanguage":"pt-BR"},{"@type":"Organization","@id":"https:\/\/wordpress.ft.unicamp.br\/mats\/#organization","name":"MATS \u2013 Materiais e Tecnologias Sustent\u00e1veis","url":"https:\/\/wordpress.ft.unicamp.br\/mats\/","logo":{"@type":"ImageObject","inLanguage":"pt-BR","@id":"https:\/\/wordpress.ft.unicamp.br\/mats\/#\/schema\/logo\/image\/","url":"https:\/\/wordpress.ft.unicamp.br\/mats\/wp-content\/uploads\/sites\/29\/2021\/05\/cropped-facebook_cover_photo_1-2.png","contentUrl":"https:\/\/wordpress.ft.unicamp.br\/mats\/wp-content\/uploads\/sites\/29\/2021\/05\/cropped-facebook_cover_photo_1-2.png","width":682,"height":413,"caption":"MATS \u2013 Materiais e Tecnologias Sustent\u00e1veis"},"image":{"@id":"https:\/\/wordpress.ft.unicamp.br\/mats\/#\/schema\/logo\/image\/"}}]}},"_links":{"self":[{"href":"https:\/\/wordpress.ft.unicamp.br\/mats\/wp-json\/wp\/v2\/pages\/30","targetHints":{"allow":["GET"]}}],"collection":[{"href":"https:\/\/wordpress.ft.unicamp.br\/mats\/wp-json\/wp\/v2\/pages"}],"about":[{"href":"https:\/\/wordpress.ft.unicamp.br\/mats\/wp-json\/wp\/v2\/types\/page"}],"author":[{"embeddable":true,"href":"https:\/\/wordpress.ft.unicamp.br\/mats\/wp-json\/wp\/v2\/users\/21"}],"replies":[{"embeddable":true,"href":"https:\/\/wordpress.ft.unicamp.br\/mats\/wp-json\/wp\/v2\/comments?post=30"}],"version-history":[{"count":5,"href":"https:\/\/wordpress.ft.unicamp.br\/mats\/wp-json\/wp\/v2\/pages\/30\/revisions"}],"predecessor-version":[{"id":381,"href":"https:\/\/wordpress.ft.unicamp.br\/mats\/wp-json\/wp\/v2\/pages\/30\/revisions\/381"}],"wp:attachment":[{"href":"https:\/\/wordpress.ft.unicamp.br\/mats\/wp-json\/wp\/v2\/media?parent=30"}],"curies":[{"name":"wp","href":"https:\/\/api.w.org\/{rel}","templated":true}]}}