{"id":143,"date":"2017-03-20T14:36:33","date_gmt":"2017-03-20T14:36:33","guid":{"rendered":"http:\/\/wordpress.ft.unicamp.br\/renatofalcaod\/?page_id=143"},"modified":"2020-09-27T15:27:46","modified_gmt":"2020-09-27T15:27:46","slug":"disciplinas","status":"publish","type":"page","link":"https:\/\/wordpress.ft.unicamp.br\/renatofalcaod\/pt\/disciplinas\/","title":{"rendered":"Disciplinas"},"content":{"rendered":"<p><strong style=\"font-size: 14px\"><img decoding=\"async\" class=\"wp-image-55 alignleft\" src=\"http:\/\/wordpress.ft.unicamp.br\/wp-content\/uploads\/sites\/5\/2015\/02\/teaching-150x150.jpg\" alt=\"teaching\" width=\"190\" height=\"190\" \/><\/strong><\/p>\n<ul>\n<li>M\u00e9todos avan\u00e7ados de tratamento de \u00e1gua<\/li>\n<li>Microbiologia<\/li>\n<li>Biologia<\/li>\n<li>Ecologia<\/li>\n<li>Inova\u00e7\u00e3o e transfer\u00eancia de tecnologia<\/li>\n<\/ul>\n","protected":false},"excerpt":{"rendered":"<p>M\u00e9todos avan\u00e7ados de tratamento de \u00e1gua Microbiologia Biologia Ecologia Inova\u00e7\u00e3o e transfer\u00eancia de tecnologia<\/p>\n","protected":false},"author":6,"featured_media":0,"parent":0,"menu_order":0,"comment_status":"closed","ping_status":"closed","template":"","meta":{"footnotes":""},"class_list":["post-143","page","type-page","status-publish","hentry"],"yoast_head":"<!-- This site is optimized with the Yoast SEO plugin v27.5 - https:\/\/yoast.com\/product\/yoast-seo-wordpress\/ -->\n<title>Disciplinas - Prof. Renato Falc\u00e3o Dantas<\/title>\n<meta name=\"robots\" content=\"index, follow, max-snippet:-1, max-image-preview:large, max-video-preview:-1\" \/>\n<link rel=\"canonical\" href=\"https:\/\/wordpress.ft.unicamp.br\/renatofalcaod\/pt\/disciplinas\/\" \/>\n<meta property=\"og:locale\" content=\"pt_BR\" \/>\n<meta property=\"og:type\" content=\"article\" \/>\n<meta property=\"og:title\" content=\"Disciplinas - Prof. Renato Falc\u00e3o Dantas\" \/>\n<meta property=\"og:description\" content=\"M\u00e9todos avan\u00e7ados de tratamento de \u00e1gua Microbiologia Biologia Ecologia Inova\u00e7\u00e3o e transfer\u00eancia de tecnologia\" \/>\n<meta property=\"og:url\" content=\"https:\/\/wordpress.ft.unicamp.br\/renatofalcaod\/pt\/disciplinas\/\" \/>\n<meta property=\"og:site_name\" content=\"Prof. Renato Falc\u00e3o Dantas\" \/>\n<meta property=\"article:modified_time\" content=\"2020-09-27T15:27:46+00:00\" \/>\n<meta property=\"og:image\" content=\"http:\/\/wordpress.ft.unicamp.br\/wp-content\/uploads\/sites\/5\/2015\/02\/teaching-150x150.jpg\" \/>\n<meta name=\"twitter:card\" content=\"summary_large_image\" \/>\n<script type=\"application\/ld+json\" class=\"yoast-schema-graph\">{\"@context\":\"https:\\\/\\\/schema.org\",\"@graph\":[{\"@type\":\"WebPage\",\"@id\":\"https:\\\/\\\/wordpress.ft.unicamp.br\\\/renatofalcaod\\\/pt\\\/disciplinas\\\/\",\"url\":\"https:\\\/\\\/wordpress.ft.unicamp.br\\\/renatofalcaod\\\/pt\\\/disciplinas\\\/\",\"name\":\"Disciplinas - Prof. Renato Falc\u00e3o Dantas\",\"isPartOf\":{\"@id\":\"https:\\\/\\\/wordpress.ft.unicamp.br\\\/renatofalcaod\\\/#website\"},\"primaryImageOfPage\":{\"@id\":\"https:\\\/\\\/wordpress.ft.unicamp.br\\\/renatofalcaod\\\/pt\\\/disciplinas\\\/#primaryimage\"},\"image\":{\"@id\":\"https:\\\/\\\/wordpress.ft.unicamp.br\\\/renatofalcaod\\\/pt\\\/disciplinas\\\/#primaryimage\"},\"thumbnailUrl\":\"http:\\\/\\\/wordpress.ft.unicamp.br\\\/wp-content\\\/uploads\\\/sites\\\/5\\\/2015\\\/02\\\/teaching-150x150.jpg\",\"datePublished\":\"2017-03-20T14:36:33+00:00\",\"dateModified\":\"2020-09-27T15:27:46+00:00\",\"breadcrumb\":{\"@id\":\"https:\\\/\\\/wordpress.ft.unicamp.br\\\/renatofalcaod\\\/pt\\\/disciplinas\\\/#breadcrumb\"},\"inLanguage\":\"pt-BR\",\"potentialAction\":[{\"@type\":\"ReadAction\",\"target\":[\"https:\\\/\\\/wordpress.ft.unicamp.br\\\/renatofalcaod\\\/pt\\\/disciplinas\\\/\"]}]},{\"@type\":\"ImageObject\",\"inLanguage\":\"pt-BR\",\"@id\":\"https:\\\/\\\/wordpress.ft.unicamp.br\\\/renatofalcaod\\\/pt\\\/disciplinas\\\/#primaryimage\",\"url\":\"http:\\\/\\\/wordpress.ft.unicamp.br\\\/wp-content\\\/uploads\\\/sites\\\/5\\\/2015\\\/02\\\/teaching-150x150.jpg\",\"contentUrl\":\"http:\\\/\\\/wordpress.ft.unicamp.br\\\/wp-content\\\/uploads\\\/sites\\\/5\\\/2015\\\/02\\\/teaching-150x150.jpg\"},{\"@type\":\"BreadcrumbList\",\"@id\":\"https:\\\/\\\/wordpress.ft.unicamp.br\\\/renatofalcaod\\\/pt\\\/disciplinas\\\/#breadcrumb\",\"itemListElement\":[{\"@type\":\"ListItem\",\"position\":1,\"name\":\"Home\",\"item\":\"https:\\\/\\\/wordpress.ft.unicamp.br\\\/renatofalcaod\\\/pt\\\/home\\\/\"},{\"@type\":\"ListItem\",\"position\":2,\"name\":\"Disciplinas\"}]},{\"@type\":\"WebSite\",\"@id\":\"https:\\\/\\\/wordpress.ft.unicamp.br\\\/renatofalcaod\\\/#website\",\"url\":\"https:\\\/\\\/wordpress.ft.unicamp.br\\\/renatofalcaod\\\/\",\"name\":\"Prof. Renato Falc\u00e3o Dantas\",\"description\":\"Research interest: Advanced Oxidation Processes\",\"potentialAction\":[{\"@type\":\"SearchAction\",\"target\":{\"@type\":\"EntryPoint\",\"urlTemplate\":\"https:\\\/\\\/wordpress.ft.unicamp.br\\\/renatofalcaod\\\/?s={search_term_string}\"},\"query-input\":{\"@type\":\"PropertyValueSpecification\",\"valueRequired\":true,\"valueName\":\"search_term_string\"}}],\"inLanguage\":\"pt-BR\"}]}<\/script>\n<!-- \/ Yoast SEO plugin. -->","yoast_head_json":{"title":"Disciplinas - Prof. Renato Falc\u00e3o Dantas","robots":{"index":"index","follow":"follow","max-snippet":"max-snippet:-1","max-image-preview":"max-image-preview:large","max-video-preview":"max-video-preview:-1"},"canonical":"https:\/\/wordpress.ft.unicamp.br\/renatofalcaod\/pt\/disciplinas\/","og_locale":"pt_BR","og_type":"article","og_title":"Disciplinas - Prof. Renato Falc\u00e3o Dantas","og_description":"M\u00e9todos avan\u00e7ados de tratamento de \u00e1gua Microbiologia Biologia Ecologia Inova\u00e7\u00e3o e transfer\u00eancia de tecnologia","og_url":"https:\/\/wordpress.ft.unicamp.br\/renatofalcaod\/pt\/disciplinas\/","og_site_name":"Prof. Renato Falc\u00e3o Dantas","article_modified_time":"2020-09-27T15:27:46+00:00","og_image":[{"url":"http:\/\/wordpress.ft.unicamp.br\/wp-content\/uploads\/sites\/5\/2015\/02\/teaching-150x150.jpg","type":"","width":"","height":""}],"twitter_card":"summary_large_image","schema":{"@context":"https:\/\/schema.org","@graph":[{"@type":"WebPage","@id":"https:\/\/wordpress.ft.unicamp.br\/renatofalcaod\/pt\/disciplinas\/","url":"https:\/\/wordpress.ft.unicamp.br\/renatofalcaod\/pt\/disciplinas\/","name":"Disciplinas - Prof. Renato Falc\u00e3o Dantas","isPartOf":{"@id":"https:\/\/wordpress.ft.unicamp.br\/renatofalcaod\/#website"},"primaryImageOfPage":{"@id":"https:\/\/wordpress.ft.unicamp.br\/renatofalcaod\/pt\/disciplinas\/#primaryimage"},"image":{"@id":"https:\/\/wordpress.ft.unicamp.br\/renatofalcaod\/pt\/disciplinas\/#primaryimage"},"thumbnailUrl":"http:\/\/wordpress.ft.unicamp.br\/wp-content\/uploads\/sites\/5\/2015\/02\/teaching-150x150.jpg","datePublished":"2017-03-20T14:36:33+00:00","dateModified":"2020-09-27T15:27:46+00:00","breadcrumb":{"@id":"https:\/\/wordpress.ft.unicamp.br\/renatofalcaod\/pt\/disciplinas\/#breadcrumb"},"inLanguage":"pt-BR","potentialAction":[{"@type":"ReadAction","target":["https:\/\/wordpress.ft.unicamp.br\/renatofalcaod\/pt\/disciplinas\/"]}]},{"@type":"ImageObject","inLanguage":"pt-BR","@id":"https:\/\/wordpress.ft.unicamp.br\/renatofalcaod\/pt\/disciplinas\/#primaryimage","url":"http:\/\/wordpress.ft.unicamp.br\/wp-content\/uploads\/sites\/5\/2015\/02\/teaching-150x150.jpg","contentUrl":"http:\/\/wordpress.ft.unicamp.br\/wp-content\/uploads\/sites\/5\/2015\/02\/teaching-150x150.jpg"},{"@type":"BreadcrumbList","@id":"https:\/\/wordpress.ft.unicamp.br\/renatofalcaod\/pt\/disciplinas\/#breadcrumb","itemListElement":[{"@type":"ListItem","position":1,"name":"Home","item":"https:\/\/wordpress.ft.unicamp.br\/renatofalcaod\/pt\/home\/"},{"@type":"ListItem","position":2,"name":"Disciplinas"}]},{"@type":"WebSite","@id":"https:\/\/wordpress.ft.unicamp.br\/renatofalcaod\/#website","url":"https:\/\/wordpress.ft.unicamp.br\/renatofalcaod\/","name":"Prof. Renato Falc\u00e3o Dantas","description":"Research interest: Advanced Oxidation Processes","potentialAction":[{"@type":"SearchAction","target":{"@type":"EntryPoint","urlTemplate":"https:\/\/wordpress.ft.unicamp.br\/renatofalcaod\/?s={search_term_string}"},"query-input":{"@type":"PropertyValueSpecification","valueRequired":true,"valueName":"search_term_string"}}],"inLanguage":"pt-BR"}]}},"_links":{"self":[{"href":"https:\/\/wordpress.ft.unicamp.br\/renatofalcaod\/wp-json\/wp\/v2\/pages\/143","targetHints":{"allow":["GET"]}}],"collection":[{"href":"https:\/\/wordpress.ft.unicamp.br\/renatofalcaod\/wp-json\/wp\/v2\/pages"}],"about":[{"href":"https:\/\/wordpress.ft.unicamp.br\/renatofalcaod\/wp-json\/wp\/v2\/types\/page"}],"author":[{"embeddable":true,"href":"https:\/\/wordpress.ft.unicamp.br\/renatofalcaod\/wp-json\/wp\/v2\/users\/6"}],"replies":[{"embeddable":true,"href":"https:\/\/wordpress.ft.unicamp.br\/renatofalcaod\/wp-json\/wp\/v2\/comments?post=143"}],"version-history":[{"count":6,"href":"https:\/\/wordpress.ft.unicamp.br\/renatofalcaod\/wp-json\/wp\/v2\/pages\/143\/revisions"}],"predecessor-version":[{"id":263,"href":"https:\/\/wordpress.ft.unicamp.br\/renatofalcaod\/wp-json\/wp\/v2\/pages\/143\/revisions\/263"}],"wp:attachment":[{"href":"https:\/\/wordpress.ft.unicamp.br\/renatofalcaod\/wp-json\/wp\/v2\/media?parent=143"}],"curies":[{"name":"wp","href":"https:\/\/api.w.org\/{rel}","templated":true}]}}