{"id":117,"date":"2015-06-22T14:55:42","date_gmt":"2015-06-22T14:55:42","guid":{"rendered":"http:\/\/www.ft.unicamp.br\/docentes\/ricarte\/?page_id=117"},"modified":"2022-08-16T13:53:11","modified_gmt":"2022-08-16T13:53:11","slug":"historico-grad-ft","status":"publish","type":"page","link":"https:\/\/wordpress.ft.unicamp.br\/ricarte\/ensino\/historico-grad-ft\/","title":{"rendered":"Gradua\u00e7\u00e3o na FT-UNICAMP"},"content":{"rendered":"<p>O Prof. Ivan Luiz Marques Ricarte \u00e9 docente dos cursos de Bacharelado em Sistemas de Informa\u00e7\u00e3o e de Tecnologia de An\u00e1lise e Desenvolvimento de Sistemas da Faculdade de Tecnologia da Universidade Estadual de Campinas (FT-UNICAMP) desde 2014, tendo ministrado as seguintes disciplinas:<\/p>\n<ol>\n<li>SI300 &#8211; Programa\u00e7\u00e3o Orientada a Objetos I\n<ul>\n<li>1S\/2015<\/li>\n<\/ul>\n<\/li>\n<li>SI305 &#8211; An\u00e1lise Orientada a Objetos I\n<ul>\n<li>2S\/2015<\/li>\n<\/ul>\n<\/li>\n<li>SI400 &#8211; Programa\u00e7\u00e3o Orientada a Objetos II\n<ul>\n<li>2s\/2021<\/li>\n<li>2s\/2019<\/li>\n<li>2s\/2018<\/li>\n<li>2S\/2017<\/li>\n<li>2S\/2016<\/li>\n<li>2S\/2015<\/li>\n<li>2S\/2014<\/li>\n<\/ul>\n<\/li>\n<li>SI405 &#8211; An\u00e1lise Orientada a Objetos II\n<ul>\n<li>1s\/2022<\/li>\n<li>1s\/2019<\/li>\n<li>1s\/2018<\/li>\n<li>1S\/2017<\/li>\n<li>1S\/2016<\/li>\n<li>1S\/2015<\/li>\n<\/ul>\n<\/li>\n<li>ST008 &#8211; Metodologia do Trabalho Cient\u00edfico\n<ul>\n<li>2s\/2019<\/li>\n<\/ul>\n<\/li>\n<li>TT001 &#8211; Programa\u00e7\u00e3o para a Web Sem\u00e2ntica (T\u00f3picos em Computa\u00e7\u00e3o e Inform\u00e1tica I)\n<ul>\n<li>2s\/2019<\/li>\n<\/ul>\n<\/li>\n<\/ol>\n","protected":false},"excerpt":{"rendered":"<p>O Prof. Ivan Luiz Marques Ricarte \u00e9 docente dos cursos de Bacharelado em Sistemas de Informa\u00e7\u00e3o e de Tecnologia de An\u00e1lise e Desenvolvimento de Sistemas da Faculdade de Tecnologia da Universidade Estadual de Campinas (FT-UNICAMP) desde 2014, tendo ministrado as seguintes disciplinas: SI300 &#8211; Programa\u00e7\u00e3o Orientada a Objetos I 1S\/2015 SI305 &#8211; An\u00e1lise Orientada a [&hellip;]<\/p>\n","protected":false},"author":7,"featured_media":0,"parent":11,"menu_order":1,"comment_status":"closed","ping_status":"open","template":"","meta":{"footnotes":""},"class_list":["post-117","page","type-page","status-publish","hentry"],"yoast_head":"<!-- This site is optimized with the Yoast SEO plugin v27.5 - https:\/\/yoast.com\/product\/yoast-seo-wordpress\/ -->\n<title>Gradua\u00e7\u00e3o na FT-UNICAMP - Prof. Ivan Ricarte<\/title>\n<meta name=\"robots\" content=\"index, follow, max-snippet:-1, max-image-preview:large, max-video-preview:-1\" \/>\n<link rel=\"canonical\" href=\"https:\/\/wordpress.ft.unicamp.br\/ricarte\/ensino\/historico-grad-ft\/\" \/>\n<meta property=\"og:locale\" content=\"pt_BR\" \/>\n<meta property=\"og:type\" content=\"article\" \/>\n<meta property=\"og:title\" content=\"Gradua\u00e7\u00e3o na FT-UNICAMP - Prof. Ivan Ricarte\" \/>\n<meta property=\"og:description\" content=\"O Prof. Ivan Luiz Marques Ricarte \u00e9 docente dos cursos de Bacharelado em Sistemas de Informa\u00e7\u00e3o e de Tecnologia de An\u00e1lise e Desenvolvimento de Sistemas da Faculdade de Tecnologia da Universidade Estadual de Campinas (FT-UNICAMP) desde 2014, tendo ministrado as seguintes disciplinas: SI300 &#8211; Programa\u00e7\u00e3o Orientada a Objetos I 1S\/2015 SI305 &#8211; An\u00e1lise Orientada a [&hellip;]\" \/>\n<meta property=\"og:url\" content=\"https:\/\/wordpress.ft.unicamp.br\/ricarte\/ensino\/historico-grad-ft\/\" \/>\n<meta property=\"og:site_name\" content=\"Prof. Ivan Ricarte\" \/>\n<meta property=\"article:modified_time\" content=\"2022-08-16T13:53:11+00:00\" \/>\n<meta name=\"twitter:card\" content=\"summary_large_image\" \/>\n<meta name=\"twitter:label1\" content=\"Est. tempo de leitura\" \/>\n\t<meta name=\"twitter:data1\" content=\"1 minuto\" \/>\n<script type=\"application\/ld+json\" class=\"yoast-schema-graph\">{\"@context\":\"https:\\\/\\\/schema.org\",\"@graph\":[{\"@type\":\"WebPage\",\"@id\":\"https:\\\/\\\/wordpress.ft.unicamp.br\\\/ricarte\\\/ensino\\\/historico-grad-ft\\\/\",\"url\":\"https:\\\/\\\/wordpress.ft.unicamp.br\\\/ricarte\\\/ensino\\\/historico-grad-ft\\\/\",\"name\":\"Gradua\u00e7\u00e3o na FT-UNICAMP - Prof. Ivan Ricarte\",\"isPartOf\":{\"@id\":\"https:\\\/\\\/wordpress.ft.unicamp.br\\\/ricarte\\\/#website\"},\"datePublished\":\"2015-06-22T14:55:42+00:00\",\"dateModified\":\"2022-08-16T13:53:11+00:00\",\"breadcrumb\":{\"@id\":\"https:\\\/\\\/wordpress.ft.unicamp.br\\\/ricarte\\\/ensino\\\/historico-grad-ft\\\/#breadcrumb\"},\"inLanguage\":\"pt-BR\",\"potentialAction\":[{\"@type\":\"ReadAction\",\"target\":[\"https:\\\/\\\/wordpress.ft.unicamp.br\\\/ricarte\\\/ensino\\\/historico-grad-ft\\\/\"]}]},{\"@type\":\"BreadcrumbList\",\"@id\":\"https:\\\/\\\/wordpress.ft.unicamp.br\\\/ricarte\\\/ensino\\\/historico-grad-ft\\\/#breadcrumb\",\"itemListElement\":[{\"@type\":\"ListItem\",\"position\":1,\"name\":\"Home\",\"item\":\"https:\\\/\\\/wordpress.ft.unicamp.br\\\/ricarte\\\/\"},{\"@type\":\"ListItem\",\"position\":2,\"name\":\"Ensino\",\"item\":\"https:\\\/\\\/wordpress.ft.unicamp.br\\\/ricarte\\\/ensino\\\/\"},{\"@type\":\"ListItem\",\"position\":3,\"name\":\"Gradua\u00e7\u00e3o na FT-UNICAMP\"}]},{\"@type\":\"WebSite\",\"@id\":\"https:\\\/\\\/wordpress.ft.unicamp.br\\\/ricarte\\\/#website\",\"url\":\"https:\\\/\\\/wordpress.ft.unicamp.br\\\/ricarte\\\/\",\"name\":\"Prof. Ivan Ricarte\",\"description\":\"P\u00e1gina Pessoal do Prof. Ivan Ricarte\",\"potentialAction\":[{\"@type\":\"SearchAction\",\"target\":{\"@type\":\"EntryPoint\",\"urlTemplate\":\"https:\\\/\\\/wordpress.ft.unicamp.br\\\/ricarte\\\/?s={search_term_string}\"},\"query-input\":{\"@type\":\"PropertyValueSpecification\",\"valueRequired\":true,\"valueName\":\"search_term_string\"}}],\"inLanguage\":\"pt-BR\"}]}<\/script>\n<!-- \/ Yoast SEO plugin. -->","yoast_head_json":{"title":"Gradua\u00e7\u00e3o na FT-UNICAMP - Prof. Ivan Ricarte","robots":{"index":"index","follow":"follow","max-snippet":"max-snippet:-1","max-image-preview":"max-image-preview:large","max-video-preview":"max-video-preview:-1"},"canonical":"https:\/\/wordpress.ft.unicamp.br\/ricarte\/ensino\/historico-grad-ft\/","og_locale":"pt_BR","og_type":"article","og_title":"Gradua\u00e7\u00e3o na FT-UNICAMP - Prof. Ivan Ricarte","og_description":"O Prof. Ivan Luiz Marques Ricarte \u00e9 docente dos cursos de Bacharelado em Sistemas de Informa\u00e7\u00e3o e de Tecnologia de An\u00e1lise e Desenvolvimento de Sistemas da Faculdade de Tecnologia da Universidade Estadual de Campinas (FT-UNICAMP) desde 2014, tendo ministrado as seguintes disciplinas: SI300 &#8211; Programa\u00e7\u00e3o Orientada a Objetos I 1S\/2015 SI305 &#8211; An\u00e1lise Orientada a [&hellip;]","og_url":"https:\/\/wordpress.ft.unicamp.br\/ricarte\/ensino\/historico-grad-ft\/","og_site_name":"Prof. Ivan Ricarte","article_modified_time":"2022-08-16T13:53:11+00:00","twitter_card":"summary_large_image","twitter_misc":{"Est. tempo de leitura":"1 minuto"},"schema":{"@context":"https:\/\/schema.org","@graph":[{"@type":"WebPage","@id":"https:\/\/wordpress.ft.unicamp.br\/ricarte\/ensino\/historico-grad-ft\/","url":"https:\/\/wordpress.ft.unicamp.br\/ricarte\/ensino\/historico-grad-ft\/","name":"Gradua\u00e7\u00e3o na FT-UNICAMP - Prof. Ivan Ricarte","isPartOf":{"@id":"https:\/\/wordpress.ft.unicamp.br\/ricarte\/#website"},"datePublished":"2015-06-22T14:55:42+00:00","dateModified":"2022-08-16T13:53:11+00:00","breadcrumb":{"@id":"https:\/\/wordpress.ft.unicamp.br\/ricarte\/ensino\/historico-grad-ft\/#breadcrumb"},"inLanguage":"pt-BR","potentialAction":[{"@type":"ReadAction","target":["https:\/\/wordpress.ft.unicamp.br\/ricarte\/ensino\/historico-grad-ft\/"]}]},{"@type":"BreadcrumbList","@id":"https:\/\/wordpress.ft.unicamp.br\/ricarte\/ensino\/historico-grad-ft\/#breadcrumb","itemListElement":[{"@type":"ListItem","position":1,"name":"Home","item":"https:\/\/wordpress.ft.unicamp.br\/ricarte\/"},{"@type":"ListItem","position":2,"name":"Ensino","item":"https:\/\/wordpress.ft.unicamp.br\/ricarte\/ensino\/"},{"@type":"ListItem","position":3,"name":"Gradua\u00e7\u00e3o na FT-UNICAMP"}]},{"@type":"WebSite","@id":"https:\/\/wordpress.ft.unicamp.br\/ricarte\/#website","url":"https:\/\/wordpress.ft.unicamp.br\/ricarte\/","name":"Prof. Ivan Ricarte","description":"P\u00e1gina Pessoal do Prof. Ivan Ricarte","potentialAction":[{"@type":"SearchAction","target":{"@type":"EntryPoint","urlTemplate":"https:\/\/wordpress.ft.unicamp.br\/ricarte\/?s={search_term_string}"},"query-input":{"@type":"PropertyValueSpecification","valueRequired":true,"valueName":"search_term_string"}}],"inLanguage":"pt-BR"}]}},"_links":{"self":[{"href":"https:\/\/wordpress.ft.unicamp.br\/ricarte\/wp-json\/wp\/v2\/pages\/117","targetHints":{"allow":["GET"]}}],"collection":[{"href":"https:\/\/wordpress.ft.unicamp.br\/ricarte\/wp-json\/wp\/v2\/pages"}],"about":[{"href":"https:\/\/wordpress.ft.unicamp.br\/ricarte\/wp-json\/wp\/v2\/types\/page"}],"author":[{"embeddable":true,"href":"https:\/\/wordpress.ft.unicamp.br\/ricarte\/wp-json\/wp\/v2\/users\/7"}],"replies":[{"embeddable":true,"href":"https:\/\/wordpress.ft.unicamp.br\/ricarte\/wp-json\/wp\/v2\/comments?post=117"}],"version-history":[{"count":5,"href":"https:\/\/wordpress.ft.unicamp.br\/ricarte\/wp-json\/wp\/v2\/pages\/117\/revisions"}],"predecessor-version":[{"id":386,"href":"https:\/\/wordpress.ft.unicamp.br\/ricarte\/wp-json\/wp\/v2\/pages\/117\/revisions\/386"}],"up":[{"embeddable":true,"href":"https:\/\/wordpress.ft.unicamp.br\/ricarte\/wp-json\/wp\/v2\/pages\/11"}],"wp:attachment":[{"href":"https:\/\/wordpress.ft.unicamp.br\/ricarte\/wp-json\/wp\/v2\/media?parent=117"}],"curies":[{"name":"wp","href":"https:\/\/api.w.org\/{rel}","templated":true}]}}