{"id":51,"date":"2014-09-17T03:08:41","date_gmt":"2014-09-17T03:08:41","guid":{"rendered":"http:\/\/www.ft.unicamp.br\/rodrigos\/?page_id=51"},"modified":"2014-09-17T03:08:41","modified_gmt":"2014-09-17T03:08:41","slug":"dados-pessoais","status":"publish","type":"page","link":"https:\/\/wordpress.ft.unicamp.br\/rodrigos\/dados-pessoais\/","title":{"rendered":"Dados Pessoais"},"content":{"rendered":"<p>Ol\u00e1! Eu sou o Rodrigo, Assistente T\u00e9cnico de Unidade da FT. Irei participar do Programa de Mobilidade de Funcion\u00e1rios T\u00e9cnicos Administrativos. Farei uma Visita T\u00e9cnica a Waterford Institute of Technology na cidade de Waterford, na Irlanda, no per\u00edodo de 19\/09 a 06\/10\/2014.<\/p>\n","protected":false},"excerpt":{"rendered":"<p>Ol\u00e1! Eu sou o Rodrigo, Assistente T\u00e9cnico de Unidade da FT. Irei participar do Programa de Mobilidade de Funcion\u00e1rios T\u00e9cnicos Administrativos. Farei uma Visita T\u00e9cnica a Waterford Institute of Technology na cidade de Waterford, na Irlanda, no per\u00edodo de 19\/09&hellip; <\/p>\n","protected":false},"author":13,"featured_media":0,"parent":0,"menu_order":0,"comment_status":"closed","ping_status":"closed","template":"","meta":{"footnotes":""},"class_list":["post-51","page","type-page","status-publish","hentry"],"yoast_head":"<!-- This site is optimized with the Yoast SEO plugin v27.3 - https:\/\/yoast.com\/product\/yoast-seo-wordpress\/ -->\n<title>Dados Pessoais - Interc\u00e2mbio no Instituto de Tecnologia de Waterford<\/title>\n<meta name=\"robots\" content=\"index, follow, max-snippet:-1, max-image-preview:large, max-video-preview:-1\" \/>\n<link rel=\"canonical\" href=\"https:\/\/wordpress.ft.unicamp.br\/rodrigos\/dados-pessoais\/\" \/>\n<meta property=\"og:locale\" content=\"pt_BR\" \/>\n<meta property=\"og:type\" content=\"article\" \/>\n<meta property=\"og:title\" content=\"Dados Pessoais - Interc\u00e2mbio no Instituto de Tecnologia de Waterford\" \/>\n<meta property=\"og:description\" content=\"Ol\u00e1! Eu sou o Rodrigo, Assistente T\u00e9cnico de Unidade da FT. Irei participar do Programa de Mobilidade de Funcion\u00e1rios T\u00e9cnicos Administrativos. Farei uma Visita T\u00e9cnica a Waterford Institute of Technology na cidade de Waterford, na Irlanda, no per\u00edodo de 19\/09&hellip;\" \/>\n<meta property=\"og:url\" content=\"https:\/\/wordpress.ft.unicamp.br\/rodrigos\/dados-pessoais\/\" \/>\n<meta property=\"og:site_name\" content=\"Interc\u00e2mbio no Instituto de Tecnologia de Waterford\" \/>\n<meta name=\"twitter:card\" content=\"summary_large_image\" \/>\n<script type=\"application\/ld+json\" class=\"yoast-schema-graph\">{\"@context\":\"https:\\\/\\\/schema.org\",\"@graph\":[{\"@type\":\"WebPage\",\"@id\":\"https:\\\/\\\/wordpress.ft.unicamp.br\\\/rodrigos\\\/dados-pessoais\\\/\",\"url\":\"https:\\\/\\\/wordpress.ft.unicamp.br\\\/rodrigos\\\/dados-pessoais\\\/\",\"name\":\"Dados Pessoais - Interc\u00e2mbio no Instituto de Tecnologia de Waterford\",\"isPartOf\":{\"@id\":\"https:\\\/\\\/wordpress.ft.unicamp.br\\\/rodrigos\\\/#website\"},\"datePublished\":\"2014-09-17T03:08:41+00:00\",\"breadcrumb\":{\"@id\":\"https:\\\/\\\/wordpress.ft.unicamp.br\\\/rodrigos\\\/dados-pessoais\\\/#breadcrumb\"},\"inLanguage\":\"pt-BR\",\"potentialAction\":[{\"@type\":\"ReadAction\",\"target\":[\"https:\\\/\\\/wordpress.ft.unicamp.br\\\/rodrigos\\\/dados-pessoais\\\/\"]}]},{\"@type\":\"BreadcrumbList\",\"@id\":\"https:\\\/\\\/wordpress.ft.unicamp.br\\\/rodrigos\\\/dados-pessoais\\\/#breadcrumb\",\"itemListElement\":[{\"@type\":\"ListItem\",\"position\":1,\"name\":\"Home\",\"item\":\"https:\\\/\\\/wordpress.ft.unicamp.br\\\/rodrigos\\\/\"},{\"@type\":\"ListItem\",\"position\":2,\"name\":\"Dados Pessoais\"}]},{\"@type\":\"WebSite\",\"@id\":\"https:\\\/\\\/wordpress.ft.unicamp.br\\\/rodrigos\\\/#website\",\"url\":\"https:\\\/\\\/wordpress.ft.unicamp.br\\\/rodrigos\\\/\",\"name\":\"Interc\u00e2mbio no Instituto de Tecnologia de Waterford\",\"description\":\"Participa\u00e7\u00e3o no programa de mobilidade de funcion\u00e1rios da UNICAMP na Irlanda no per\u00edodo de 19\\\/09 a 06\\\/10 de 2014.\",\"potentialAction\":[{\"@type\":\"SearchAction\",\"target\":{\"@type\":\"EntryPoint\",\"urlTemplate\":\"https:\\\/\\\/wordpress.ft.unicamp.br\\\/rodrigos\\\/?s={search_term_string}\"},\"query-input\":{\"@type\":\"PropertyValueSpecification\",\"valueRequired\":true,\"valueName\":\"search_term_string\"}}],\"inLanguage\":\"pt-BR\"}]}<\/script>\n<!-- \/ Yoast SEO plugin. -->","yoast_head_json":{"title":"Dados Pessoais - Interc\u00e2mbio no Instituto de Tecnologia de Waterford","robots":{"index":"index","follow":"follow","max-snippet":"max-snippet:-1","max-image-preview":"max-image-preview:large","max-video-preview":"max-video-preview:-1"},"canonical":"https:\/\/wordpress.ft.unicamp.br\/rodrigos\/dados-pessoais\/","og_locale":"pt_BR","og_type":"article","og_title":"Dados Pessoais - Interc\u00e2mbio no Instituto de Tecnologia de Waterford","og_description":"Ol\u00e1! Eu sou o Rodrigo, Assistente T\u00e9cnico de Unidade da FT. Irei participar do Programa de Mobilidade de Funcion\u00e1rios T\u00e9cnicos Administrativos. Farei uma Visita T\u00e9cnica a Waterford Institute of Technology na cidade de Waterford, na Irlanda, no per\u00edodo de 19\/09&hellip;","og_url":"https:\/\/wordpress.ft.unicamp.br\/rodrigos\/dados-pessoais\/","og_site_name":"Interc\u00e2mbio no Instituto de Tecnologia de Waterford","twitter_card":"summary_large_image","schema":{"@context":"https:\/\/schema.org","@graph":[{"@type":"WebPage","@id":"https:\/\/wordpress.ft.unicamp.br\/rodrigos\/dados-pessoais\/","url":"https:\/\/wordpress.ft.unicamp.br\/rodrigos\/dados-pessoais\/","name":"Dados Pessoais - Interc\u00e2mbio no Instituto de Tecnologia de Waterford","isPartOf":{"@id":"https:\/\/wordpress.ft.unicamp.br\/rodrigos\/#website"},"datePublished":"2014-09-17T03:08:41+00:00","breadcrumb":{"@id":"https:\/\/wordpress.ft.unicamp.br\/rodrigos\/dados-pessoais\/#breadcrumb"},"inLanguage":"pt-BR","potentialAction":[{"@type":"ReadAction","target":["https:\/\/wordpress.ft.unicamp.br\/rodrigos\/dados-pessoais\/"]}]},{"@type":"BreadcrumbList","@id":"https:\/\/wordpress.ft.unicamp.br\/rodrigos\/dados-pessoais\/#breadcrumb","itemListElement":[{"@type":"ListItem","position":1,"name":"Home","item":"https:\/\/wordpress.ft.unicamp.br\/rodrigos\/"},{"@type":"ListItem","position":2,"name":"Dados Pessoais"}]},{"@type":"WebSite","@id":"https:\/\/wordpress.ft.unicamp.br\/rodrigos\/#website","url":"https:\/\/wordpress.ft.unicamp.br\/rodrigos\/","name":"Interc\u00e2mbio no Instituto de Tecnologia de Waterford","description":"Participa\u00e7\u00e3o no programa de mobilidade de funcion\u00e1rios da UNICAMP na Irlanda no per\u00edodo de 19\/09 a 06\/10 de 2014.","potentialAction":[{"@type":"SearchAction","target":{"@type":"EntryPoint","urlTemplate":"https:\/\/wordpress.ft.unicamp.br\/rodrigos\/?s={search_term_string}"},"query-input":{"@type":"PropertyValueSpecification","valueRequired":true,"valueName":"search_term_string"}}],"inLanguage":"pt-BR"}]}},"_links":{"self":[{"href":"https:\/\/wordpress.ft.unicamp.br\/rodrigos\/wp-json\/wp\/v2\/pages\/51","targetHints":{"allow":["GET"]}}],"collection":[{"href":"https:\/\/wordpress.ft.unicamp.br\/rodrigos\/wp-json\/wp\/v2\/pages"}],"about":[{"href":"https:\/\/wordpress.ft.unicamp.br\/rodrigos\/wp-json\/wp\/v2\/types\/page"}],"author":[{"embeddable":true,"href":"https:\/\/wordpress.ft.unicamp.br\/rodrigos\/wp-json\/wp\/v2\/users\/13"}],"replies":[{"embeddable":true,"href":"https:\/\/wordpress.ft.unicamp.br\/rodrigos\/wp-json\/wp\/v2\/comments?post=51"}],"version-history":[{"count":0,"href":"https:\/\/wordpress.ft.unicamp.br\/rodrigos\/wp-json\/wp\/v2\/pages\/51\/revisions"}],"wp:attachment":[{"href":"https:\/\/wordpress.ft.unicamp.br\/rodrigos\/wp-json\/wp\/v2\/media?parent=51"}],"curies":[{"name":"wp","href":"https:\/\/api.w.org\/{rel}","templated":true}]}}