{"id":40,"date":"2017-09-19T17:05:27","date_gmt":"2017-09-19T17:05:27","guid":{"rendered":"http:\/\/wordpress.ft.unicamp.br\/workshopensino\/?page_id=40"},"modified":"2018-12-06T13:36:43","modified_gmt":"2018-12-06T13:36:43","slug":"trabalhos-2017","status":"publish","type":"page","link":"https:\/\/wordpress.ft.unicamp.br\/workshopensino\/trabalhos-2017\/","title":{"rendered":"Trabalhos-2017"},"content":{"rendered":"<table style=\"width: 100%\">\n<tbody>\n<tr>\n<th><strong>Hor\u00e1rio<\/strong><\/th>\n<th><strong>T\u00edtulo<\/strong><\/th>\n<th><strong>Autor<\/strong><\/th>\n<\/tr>\n<tr>\n<td>14:00<\/td>\n<td><span style=\"color: #0000ff\">Abertura Cultural<\/span>:<\/p>\n<p class=\"p1\"><a href=\"https:\/\/www.youtube.com\/watch?v=ssU4RBLMD1s\">Duo Rodrigo Duarte &amp; Marcelo Silveira\u00a0<\/a><\/p>\n<\/td>\n<td><\/td>\n<\/tr>\n<tr>\n<td>14:30<\/td>\n<td><span style=\"color: #0000ff\">Abertura Oficial:<\/span> &#8220;Ensino centrado no estudante e autorregula\u00e7\u00e3o da aprendizagem no ensino superior&#8221;<\/td>\n<td>Profa. Soely Polydoro e Profa. Eliana Amaral<\/td>\n<\/tr>\n<tr>\n<td>15:30<\/td>\n<td>\u00a0Intervalo<\/td>\n<td><\/td>\n<\/tr>\n<tr>\n<td>15:50<\/td>\n<td>Provas eletr\u00f4nicas na gradua\u00e7\u00e3o, p\u00f3s-gradua\u00e7\u00e3o e extens\u00e3o: ferramentas e resultados<\/td>\n<td>Prof. Andr\u00e9 F. de Angelis<\/td>\n<\/tr>\n<tr>\n<td>16:00<\/td>\n<td>\u00a0\u00a0A trajet\u00f3ria n\u00e3o-linear na disciplina &#8220;\u00c1lgebra Linear&#8221;<\/td>\n<td>\u00a0Prof. Vitor R. Coluci<\/td>\n<\/tr>\n<tr>\n<td>16:10<\/td>\n<td>Os Desafios e Possibilidades das pr\u00e1ticas de ensino para disciplinas de ci\u00eancias sociais aplicadas ministradas para os cursos de Engenharia e Tecnologia<\/td>\n<td>Prof. Rafael C. Freiria<\/td>\n<\/tr>\n<tr>\n<td>16:20<\/td>\n<td>Ensino de Matem\u00e1tica<\/td>\n<td>Prof. Jos\u00e9 C. Magossi<\/td>\n<\/tr>\n<tr>\n<td>16:30<\/td>\n<td>Introducing the Cygnus Approach to Education<\/td>\n<td>Prof. Paulo S. Martins Pedro<\/td>\n<\/tr>\n<tr>\n<td>16:40<\/td>\n<td>Aplica\u00e7\u00e3o de metodologias ativas em turmas de diferentes portes<\/td>\n<td>Profa. Simone A. Pozza<\/td>\n<\/tr>\n<tr>\n<td>16:50<\/td>\n<td>Sala 360 &#8211; Caso de aplica\u00e7\u00e3o na disciplina Economia e Finan\u00e7as<\/td>\n<td>Prof. Antonio C. Zambon<\/td>\n<\/tr>\n<tr>\n<td>17:00<\/td>\n<td>As vezes d\u00e1 certo as vezes n\u00e3o!<\/td>\n<td>Profa. Gisela A. Umbuzeiro<\/td>\n<\/tr>\n<tr>\n<td>17:10<\/td>\n<td>Considera\u00e7\u00f5es finais e fechamento<\/td>\n<td><\/td>\n<\/tr>\n<\/tbody>\n<\/table>\n<p>&nbsp;<\/p>\n<p><strong>Introducing the Cygnus Approach to Education<\/strong>,\u00a0<strong><span style=\"color: #0000ff\">Paulo S. Martins Pedro<\/span><\/strong><\/p>\n<p style=\"text-align: left\">This work reports a six-year experience at the college (university) level<br \/>\nworking with a novel teaching-learning experience called Cygnus. The approach was incrementally developed along these years to overcome students evasion and poor academic performance, mainly within students from polynesian and hawaiian background. The approach is based on a number of tenets that were tested with positive (and quantifiable) results. The overall student population benefited from the new methodology, which was adequately supported by a new software product. Although it was applied to undergraduate computer science students, we believe that its gains may be extended to any major academic program.<\/p>\n<p><strong>Provas eletr\u00f4nicas na gradua\u00e7\u00e3o, p\u00f3s-gradua\u00e7\u00e3o e extens\u00e3o: ferramentas e resultados<\/strong>,\u00a0<strong><span style=\"color: #0000ff\">Andr\u00e9 Franceschi de Angelis<\/span><\/strong><\/p>\n<p style=\"text-align: left\">As provas aplicadas em formato eletr\u00f4nico s\u00e3o um recurso valioso e pr\u00e1tico no processo de ensino nos aspecto formativo e avaliativo. As provas neste formato podem ser respondidas em computadores, tablets e celulares, permitindo um bom aproveitamento das plataformas computacionais dispon\u00edveis, ainda que sujeito a algumas restri\u00e7\u00f5es. A possibilidade de criar, aplicar e corrigir rapidamente as avalia\u00e7\u00f5es torna poss\u00edvel que sejam usadas frequentemente nas disciplinas, inclusive em atividades de prepara\u00e7\u00e3o para as aulas. A corre\u00e7\u00e3o autom\u00e1tica instant\u00e2nea permite que os alunos tenham retorno imediato sobre seu desempenho, seus erros e acertos, num refinamento ao n\u00edvel das alternativas individuais de um teste, por exemplo. Na apresenta\u00e7\u00e3o ser\u00e3o mostradas as ferramentas utilizadas para aplica\u00e7\u00e3o das provas eletr\u00f4nicas nos diferentes n\u00edveis de ensino e os resultados obtidos em rela\u00e7\u00e3o a desempenho. aceita\u00e7\u00e3o e gerenciamento.<\/p>\n<p><strong>Sala 360 &#8211; Caso de aplica\u00e7\u00e3o na disciplina Economia e Finan\u00e7as<\/strong>,\u00a0<strong><span style=\"color: #0000ff\">Antonio Carlos Zambon<\/span><\/strong><\/p>\n<p>A Sala 360 tem como objetivo posicionar temas relevantes no centro do processo de ensino e aprendizagem e deslocar entre os alunos a responsabilidade de discuss\u00e3o e assimila\u00e7\u00e3o. O professor assume um papel de mentoria &#8211; e n\u00e3o de tutoria &#8211; que visa, principalmente expandir o t\u00f3pico, norteando as abordagens e administrando o processo de desenvolvimento. Durante o 2S2017 esse processo foi aplicado na disciplina ECONOMIA E FINAN\u00c7AS para o curso de Bacharelado em Sistemas de Informa\u00e7\u00e3o da FT. A sala de aula onde foi aplicado o m\u00e9todo contava com 63 alunos de Sistemas de Informa\u00e7\u00e3o. Resultados preliminares obtidos apontaram para uma participa\u00e7\u00e3o mais efetiva dos alunos, diante de um processo de responsabilidade compartilhada de constru\u00e7\u00e3o do conhecimento, individual e coletivo. Durante o semestre ser\u00e1 avaliado o \u00edndice de absente\u00edsmo dos alunos e, ao final, ser\u00e3o divulgados os n\u00edveis de aproveitamento individual.<\/p>\n<p>&nbsp;<\/p>\n<p><strong>As vezes d\u00e1 certo as vezes n\u00e3o!<\/strong>,\u00a0<strong><span style=\"color: #0000ff\">Gisela de Arag\u00e3o Umbuzeiro<\/span><\/strong><\/p>\n<p>Inovar dando aulas \u00e9 tarefa arriscada. Mas depois de alguns anos tentando observei que algumas iniciativas d\u00e3o certo e se tornam ferramentas interessantes. Mas nem sempre. Nesta oportunidade gostaria de dividir com os colegas uma que deu certo e outra que n\u00e3o deu t\u00e3o certo e refletir sobre as causas e consequ\u00eancias dessa a\u00e7\u00f5es. Compartilhar essas experi\u00eancias pode nos ajudar a inovar na sala de aula com mais seguran\u00e7a.<\/p>\n<p>&nbsp;<\/p>\n<p><strong>Ensino de Matem\u00e1tica<\/strong>,<strong><span style=\"color: #0000ff\">\u00a0Jos\u00e9 Carlos Magossi<\/span><\/strong><\/p>\n<p>O objetivo \u00e9 discutir estrat\u00e9gias que visem melhorar e aprimorar o ensino de matem\u00e1tica em cursos de gradua\u00e7\u00e3o.<\/p>\n<p>&nbsp;<\/p>\n<p><strong>Os Desafios e Possibilidades das pr\u00e1ticas de ensino para disciplinas de ci\u00eancias sociais aplicadas ministradas para os cursos de Engenharia e Tecnologia<\/strong>,\u00a0<strong><span style=\"color: #0000ff\">Rafael Costa Freiria<\/span><\/strong><\/p>\n<p>O objetivo principal \u00e9 apresentar experi\u00eancias de pr\u00e1ticas de ensino utilizadas para ministrar disciplinas que s\u00e3o relacionadas preponderantemente \u00e0 \u00e1rea de ci\u00eancias sociais aplicadas, como direito e legisla\u00e7\u00e3o ambiental, pol\u00edticas p\u00fablicas ambientais, planejamento ambiental, rela\u00e7\u00f5es humanas, metodologia cient\u00edfica, de forma interdisciplinar, para os cursos de engenharia e tecnologia ambiental e engenharia de telecomunica\u00e7\u00f5es. A metodologia utilizada foi o levantamento e revis\u00e3o das principais experi\u00eancias, positivas e negativas, ocorridas no per\u00edodo de 2016 e 2017. Para discuss\u00e3o s\u00e3o apontadas didaticamente as experi\u00eancias para verificar os seus aspectos positivos e negativos no sentido de atingir os objetivos do ensino de seus conte\u00fados e, mais do que isso, o desafio que essa abordagem seja interdisciplinar. Os resultados contribuem para o processo de melhoramento cont\u00ednuo das respectivas disciplinas, com poss\u00edveis reflexos tamb\u00e9m para a pesquisa e extens\u00e3o relacionadas com seus conte\u00fados.<\/p>\n<p>&nbsp;<\/p>\n<p><strong>A trajet\u00f3ria n\u00e3o-linear na disciplina &#8220;\u00c1lgebra Linear&#8221;<\/strong>, <strong><span style=\"color: #0000ff\">Vitor R. Coluci<\/span><\/strong><\/p>\n<p>Apresentarei os v\u00e1rios m\u00e9todos de ensino e de avalia\u00e7\u00e3o que adotei na disciplina &#8220;\u00c1lgebra Linear&#8221; ao longo do 8 anos que lecionei essa disciplina. Dentre eles est\u00e3o: 1) o uso de softwares para fazer gr\u00e1ficos (Desmos, Geogebra), para aumentar intera\u00e7\u00e3o em sala de aula (Socrative) e para realizar tarefas e provas (Moodle); 2) aulas expositivas com e sem slides; 3) atividades em duplas e em grupos; 4) provas on-line e em papel. Discutirei como o uso (e o descarte) de alguns desses m\u00e9todos me permitiram chegar numa metodologia que est\u00e1 levando possivelmente a uma maior participa\u00e7\u00e3o e aprendizagem dos alunos.<\/p>\n<p>&nbsp;<\/p>\n<p>&nbsp;<\/p>\n<p><strong>Aplica\u00e7\u00e3o de metodologias ativas em turmas de diferentes portes<\/strong>, <span style=\"color: #0000ff\"><strong>Simone A. Pozza<\/strong><\/span><\/p>\n<p class=\"p1\">Uma das disciplinas ministradas nos cursos de Tecnologia e Engenharia Ambiental \u00e9 a de Monitoramento Ambiental. Tal disciplina apresenta t\u00f3picos relacionados ao monitoramento de ar, \u00e1guas (superficiais e subterr\u00e2neas) e solo, essencialmente. Estes assuntos seriam melhor apresentados em aulas pr\u00e1ticas e visitas t\u00e9cnicas. Em virtude da falta de infraestrutura laboratorial adequada e escassez de recursos para aulas pr\u00e1ticas, as aulas eram ministradas de forma estritamente te\u00f3rica. Observando a falta de interesse e baixo rendimento dos alunos, resolvi adotar t\u00e9cnicas de metodologias ativas. Tais t\u00e9cnicas podem ser abordadas de diferentes formas e com aux\u00edlio de ferramentas educacionais. O maior desafio foi usar estas metodologias em turmas com muitos alunos, pois para turmas menores essas t\u00e9cnicas sempre pareceram mais simples de serem aplicadas. Neste contexto, apresentarei quais as estrat\u00e9gias utilizadas para estas novas aulas e como foi a receptividade dos alunos.<\/p>\n<p>&nbsp;<\/p>\n<p>&nbsp;<\/p>\n<p>&nbsp;<\/p>\n","protected":false},"excerpt":{"rendered":"<p>Hor\u00e1rio T\u00edtulo Autor 14:00 Abertura Cultural: Duo Rodrigo Duarte &amp; Marcelo Silveira\u00a0 14:30 Abertura Oficial: &#8220;Ensino centrado no estudante e autorregula\u00e7\u00e3o da aprendizagem no ensino superior&#8221; Profa. Soely Polydoro e Profa. Eliana Amaral 15:30 \u00a0Intervalo 15:50 Provas eletr\u00f4nicas na gradua\u00e7\u00e3o, &hellip; <a href=\"https:\/\/wordpress.ft.unicamp.br\/workshopensino\/trabalhos-2017\/\">Continue lendo <span class=\"meta-nav\">&rarr;<\/span><\/a><\/p>\n","protected":false},"author":1,"featured_media":0,"parent":0,"menu_order":0,"comment_status":"closed","ping_status":"closed","template":"","meta":{"footnotes":""},"class_list":["post-40","page","type-page","status-publish","hentry"],"yoast_head":"<!-- This site is optimized with the Yoast SEO plugin v27.3 - https:\/\/yoast.com\/product\/yoast-seo-wordpress\/ -->\n<title>Trabalhos-2017 - V Workshop de Pr\u00e1ticas de Ensino da FT<\/title>\n<meta name=\"robots\" content=\"index, follow, max-snippet:-1, max-image-preview:large, max-video-preview:-1\" \/>\n<link rel=\"canonical\" href=\"https:\/\/wordpress.ft.unicamp.br\/workshopensino\/trabalhos-2017\/\" \/>\n<meta property=\"og:locale\" content=\"pt_BR\" \/>\n<meta property=\"og:type\" content=\"article\" \/>\n<meta property=\"og:title\" content=\"Trabalhos-2017 - V Workshop de Pr\u00e1ticas de Ensino da FT\" \/>\n<meta property=\"og:description\" content=\"Hor\u00e1rio T\u00edtulo Autor 14:00 Abertura Cultural: Duo Rodrigo Duarte &amp; Marcelo Silveira\u00a0 14:30 Abertura Oficial: &#8220;Ensino centrado no estudante e autorregula\u00e7\u00e3o da aprendizagem no ensino superior&#8221; Profa. Soely Polydoro e Profa. Eliana Amaral 15:30 \u00a0Intervalo 15:50 Provas eletr\u00f4nicas na gradua\u00e7\u00e3o, &hellip; Continue lendo &rarr;\" \/>\n<meta property=\"og:url\" content=\"https:\/\/wordpress.ft.unicamp.br\/workshopensino\/trabalhos-2017\/\" \/>\n<meta property=\"og:site_name\" content=\"V Workshop de Pr\u00e1ticas de Ensino da FT\" \/>\n<meta property=\"article:modified_time\" content=\"2018-12-06T13:36:43+00:00\" \/>\n<meta name=\"twitter:card\" content=\"summary_large_image\" \/>\n<meta name=\"twitter:label1\" content=\"Est. tempo de leitura\" \/>\n\t<meta name=\"twitter:data1\" content=\"6 minutos\" \/>\n<script type=\"application\/ld+json\" class=\"yoast-schema-graph\">{\"@context\":\"https:\\\/\\\/schema.org\",\"@graph\":[{\"@type\":\"WebPage\",\"@id\":\"https:\\\/\\\/wordpress.ft.unicamp.br\\\/workshopensino\\\/trabalhos-2017\\\/\",\"url\":\"https:\\\/\\\/wordpress.ft.unicamp.br\\\/workshopensino\\\/trabalhos-2017\\\/\",\"name\":\"Trabalhos-2017 - V Workshop de Pr\u00e1ticas de Ensino da FT\",\"isPartOf\":{\"@id\":\"https:\\\/\\\/wordpress.ft.unicamp.br\\\/workshopensino\\\/#website\"},\"datePublished\":\"2017-09-19T17:05:27+00:00\",\"dateModified\":\"2018-12-06T13:36:43+00:00\",\"breadcrumb\":{\"@id\":\"https:\\\/\\\/wordpress.ft.unicamp.br\\\/workshopensino\\\/trabalhos-2017\\\/#breadcrumb\"},\"inLanguage\":\"pt-BR\",\"potentialAction\":[{\"@type\":\"ReadAction\",\"target\":[\"https:\\\/\\\/wordpress.ft.unicamp.br\\\/workshopensino\\\/trabalhos-2017\\\/\"]}]},{\"@type\":\"BreadcrumbList\",\"@id\":\"https:\\\/\\\/wordpress.ft.unicamp.br\\\/workshopensino\\\/trabalhos-2017\\\/#breadcrumb\",\"itemListElement\":[{\"@type\":\"ListItem\",\"position\":1,\"name\":\"Home\",\"item\":\"https:\\\/\\\/wordpress.ft.unicamp.br\\\/workshopensino\\\/\"},{\"@type\":\"ListItem\",\"position\":2,\"name\":\"Trabalhos-2017\"}]},{\"@type\":\"WebSite\",\"@id\":\"https:\\\/\\\/wordpress.ft.unicamp.br\\\/workshopensino\\\/#website\",\"url\":\"https:\\\/\\\/wordpress.ft.unicamp.br\\\/workshopensino\\\/\",\"name\":\"V Workshop de Pr\u00e1ticas de Ensino da FT\",\"description\":\"17\\\/12\\\/2021 (sexta-feira) 9h-17h\",\"potentialAction\":[{\"@type\":\"SearchAction\",\"target\":{\"@type\":\"EntryPoint\",\"urlTemplate\":\"https:\\\/\\\/wordpress.ft.unicamp.br\\\/workshopensino\\\/?s={search_term_string}\"},\"query-input\":{\"@type\":\"PropertyValueSpecification\",\"valueRequired\":true,\"valueName\":\"search_term_string\"}}],\"inLanguage\":\"pt-BR\"}]}<\/script>\n<!-- \/ Yoast SEO plugin. -->","yoast_head_json":{"title":"Trabalhos-2017 - V Workshop de Pr\u00e1ticas de Ensino da FT","robots":{"index":"index","follow":"follow","max-snippet":"max-snippet:-1","max-image-preview":"max-image-preview:large","max-video-preview":"max-video-preview:-1"},"canonical":"https:\/\/wordpress.ft.unicamp.br\/workshopensino\/trabalhos-2017\/","og_locale":"pt_BR","og_type":"article","og_title":"Trabalhos-2017 - V Workshop de Pr\u00e1ticas de Ensino da FT","og_description":"Hor\u00e1rio T\u00edtulo Autor 14:00 Abertura Cultural: Duo Rodrigo Duarte &amp; Marcelo Silveira\u00a0 14:30 Abertura Oficial: &#8220;Ensino centrado no estudante e autorregula\u00e7\u00e3o da aprendizagem no ensino superior&#8221; Profa. Soely Polydoro e Profa. Eliana Amaral 15:30 \u00a0Intervalo 15:50 Provas eletr\u00f4nicas na gradua\u00e7\u00e3o, &hellip; Continue lendo &rarr;","og_url":"https:\/\/wordpress.ft.unicamp.br\/workshopensino\/trabalhos-2017\/","og_site_name":"V Workshop de Pr\u00e1ticas de Ensino da FT","article_modified_time":"2018-12-06T13:36:43+00:00","twitter_card":"summary_large_image","twitter_misc":{"Est. tempo de leitura":"6 minutos"},"schema":{"@context":"https:\/\/schema.org","@graph":[{"@type":"WebPage","@id":"https:\/\/wordpress.ft.unicamp.br\/workshopensino\/trabalhos-2017\/","url":"https:\/\/wordpress.ft.unicamp.br\/workshopensino\/trabalhos-2017\/","name":"Trabalhos-2017 - V Workshop de Pr\u00e1ticas de Ensino da FT","isPartOf":{"@id":"https:\/\/wordpress.ft.unicamp.br\/workshopensino\/#website"},"datePublished":"2017-09-19T17:05:27+00:00","dateModified":"2018-12-06T13:36:43+00:00","breadcrumb":{"@id":"https:\/\/wordpress.ft.unicamp.br\/workshopensino\/trabalhos-2017\/#breadcrumb"},"inLanguage":"pt-BR","potentialAction":[{"@type":"ReadAction","target":["https:\/\/wordpress.ft.unicamp.br\/workshopensino\/trabalhos-2017\/"]}]},{"@type":"BreadcrumbList","@id":"https:\/\/wordpress.ft.unicamp.br\/workshopensino\/trabalhos-2017\/#breadcrumb","itemListElement":[{"@type":"ListItem","position":1,"name":"Home","item":"https:\/\/wordpress.ft.unicamp.br\/workshopensino\/"},{"@type":"ListItem","position":2,"name":"Trabalhos-2017"}]},{"@type":"WebSite","@id":"https:\/\/wordpress.ft.unicamp.br\/workshopensino\/#website","url":"https:\/\/wordpress.ft.unicamp.br\/workshopensino\/","name":"V Workshop de Pr\u00e1ticas de Ensino da FT","description":"17\/12\/2021 (sexta-feira) 9h-17h","potentialAction":[{"@type":"SearchAction","target":{"@type":"EntryPoint","urlTemplate":"https:\/\/wordpress.ft.unicamp.br\/workshopensino\/?s={search_term_string}"},"query-input":{"@type":"PropertyValueSpecification","valueRequired":true,"valueName":"search_term_string"}}],"inLanguage":"pt-BR"}]}},"_links":{"self":[{"href":"https:\/\/wordpress.ft.unicamp.br\/workshopensino\/wp-json\/wp\/v2\/pages\/40","targetHints":{"allow":["GET"]}}],"collection":[{"href":"https:\/\/wordpress.ft.unicamp.br\/workshopensino\/wp-json\/wp\/v2\/pages"}],"about":[{"href":"https:\/\/wordpress.ft.unicamp.br\/workshopensino\/wp-json\/wp\/v2\/types\/page"}],"author":[{"embeddable":true,"href":"https:\/\/wordpress.ft.unicamp.br\/workshopensino\/wp-json\/wp\/v2\/users\/1"}],"replies":[{"embeddable":true,"href":"https:\/\/wordpress.ft.unicamp.br\/workshopensino\/wp-json\/wp\/v2\/comments?post=40"}],"version-history":[{"count":10,"href":"https:\/\/wordpress.ft.unicamp.br\/workshopensino\/wp-json\/wp\/v2\/pages\/40\/revisions"}],"predecessor-version":[{"id":130,"href":"https:\/\/wordpress.ft.unicamp.br\/workshopensino\/wp-json\/wp\/v2\/pages\/40\/revisions\/130"}],"wp:attachment":[{"href":"https:\/\/wordpress.ft.unicamp.br\/workshopensino\/wp-json\/wp\/v2\/media?parent=40"}],"curies":[{"name":"wp","href":"https:\/\/api.w.org\/{rel}","templated":true}]}}