{"id":588,"date":"2024-06-28T21:18:31","date_gmt":"2024-06-28T18:18:31","guid":{"rendered":"https:\/\/wordpress.ft.unicamp.br\/workshoppos\/?page_id=588"},"modified":"2024-08-26T17:03:26","modified_gmt":"2024-08-26T14:03:26","slug":"edicao-2024","status":"publish","type":"page","link":"https:\/\/wordpress.ft.unicamp.br\/workshoppos\/edicao-2024\/","title":{"rendered":"Edi\u00e7\u00e3o 2024"},"content":{"rendered":"\n<h3 class=\"wp-block-heading\"><\/h3>\n\n\n\n<figure class=\"wp-block-image size-large\"><img fetchpriority=\"high\" decoding=\"async\" width=\"1024\" height=\"341\" src=\"https:\/\/wordpress.ft.unicamp.br\/workshoppos\/wp-content\/uploads\/sites\/34\/2024\/08\/XV-Workshop-da-Pos-Graduacao-1024x341.jpg\" alt=\"\" class=\"wp-image-603\" srcset=\"https:\/\/wordpress.ft.unicamp.br\/workshoppos\/wp-content\/uploads\/sites\/34\/2024\/08\/XV-Workshop-da-Pos-Graduacao-1024x341.jpg 1024w, https:\/\/wordpress.ft.unicamp.br\/workshoppos\/wp-content\/uploads\/sites\/34\/2024\/08\/XV-Workshop-da-Pos-Graduacao-300x100.jpg 300w, https:\/\/wordpress.ft.unicamp.br\/workshoppos\/wp-content\/uploads\/sites\/34\/2024\/08\/XV-Workshop-da-Pos-Graduacao-768x256.jpg 768w, https:\/\/wordpress.ft.unicamp.br\/workshoppos\/wp-content\/uploads\/sites\/34\/2024\/08\/XV-Workshop-da-Pos-Graduacao-1536x512.jpg 1536w, https:\/\/wordpress.ft.unicamp.br\/workshoppos\/wp-content\/uploads\/sites\/34\/2024\/08\/XV-Workshop-da-Pos-Graduacao-2048x683.jpg 2048w\" sizes=\"(max-width: 1024px) 100vw, 1024px\" \/><\/figure>\n\n\n\n<p class=\"has-text-align-center has-medium-font-size\"><strong>&#8220;O papel da Pesquisa na Era da Intelig\u00eancia Artificial e das Mudan\u00e7as Clim\u00e1ticas: Avan\u00e7os, Desafios e Oportunidades&#8221;<\/strong><\/p>\n\n\n\n<p>O Workshop da P\u00f3s-gradua\u00e7\u00e3o da Faculdade de Tecnologia (FT) da UNICAMP \u00e9 um evento anual, que promove a intera\u00e7\u00e3o entre alunos de gradua\u00e7\u00e3o e p\u00f3s-gradua\u00e7\u00e3o com o intuito de expor e compartilhar resultados de pesquisas. Organizado por membros do corpo docente e discentes, o workshop inclui palestras, minicursos e, recentemente, apresenta\u00e7\u00f5es orais, abordando temas em tr\u00eas \u00e1reas de concentra\u00e7\u00e3o: Ambiente, Ci\u00eancia dos Materiais, Sistemas de Informa\u00e7\u00e3o e Comunica\u00e7\u00e3o. Toda a programa\u00e7\u00e3o do Workshop da P\u00f3s-gradua\u00e7\u00e3o da Faculdade de Tecnologia da UNICAMP \u00e9 especialmente direcionada aos alunos da nossa institui\u00e7\u00e3o. No entanto, o evento \u00e9 aberto a todos os discentes, n\u00e3o apenas da UNICAMP, mas tamb\u00e9m de outras universidades e institutos, como USP, UNESP, FATEC, COTIL e ETEC. Nosso objetivo \u00e9 fomentar o ensino, a pesquisa e o desenvolvimento de projetos nas \u00e1reas de Ambiente, Ci\u00eancia dos Materiais, Sistemas de Informa\u00e7\u00e3o e Comunica\u00e7\u00e3o. Convidamos alunos de diferentes institui\u00e7\u00f5es a participarem, promovendo assim uma troca de conhecimento enriquecedora e colaborativa entre diversas comunidades acad\u00eamicas.<\/p>\n\n\n\n<p><strong>Inscri\u00e7\u00f5es:<\/strong> 12\/08 a 06\/09\/2024<\/p>\n\n\n\n<p><strong>Prazo para submiss\u00e3o dos trabalhos: <\/strong>12\/08 a 01\/09\/2024<\/p>\n\n\n\n<p>A inscri\u00e7\u00e3o \u00e9 gratuita e deve ser realizada no link: <a href=\"https:\/\/www.even3.com.br\/xv-workshop-da-pos-graduacao-da-faculdade-de-tecnologia-unicamp-483487\">https:\/\/www.even3.com.br\/xv-workshop-da-pos-graduacao-da-faculdade-de-tecnologia-unicamp-483487<\/a><\/p>\n\n\n\n<p class=\"has-text-align-center has-large-font-size\"><strong>PROGRAMA\u00c7\u00c3O<\/strong><\/p>\n\n\n\n<figure class=\"wp-block-image size-large\"><img decoding=\"async\" width=\"724\" height=\"1024\" src=\"https:\/\/wordpress.ft.unicamp.br\/workshoppos\/wp-content\/uploads\/sites\/34\/2024\/08\/Programacao_11-724x1024.png\" alt=\"\" class=\"wp-image-622\" srcset=\"https:\/\/wordpress.ft.unicamp.br\/workshoppos\/wp-content\/uploads\/sites\/34\/2024\/08\/Programacao_11-724x1024.png 724w, https:\/\/wordpress.ft.unicamp.br\/workshoppos\/wp-content\/uploads\/sites\/34\/2024\/08\/Programacao_11-212x300.png 212w, https:\/\/wordpress.ft.unicamp.br\/workshoppos\/wp-content\/uploads\/sites\/34\/2024\/08\/Programacao_11-768x1086.png 768w, https:\/\/wordpress.ft.unicamp.br\/workshoppos\/wp-content\/uploads\/sites\/34\/2024\/08\/Programacao_11-1086x1536.png 1086w, https:\/\/wordpress.ft.unicamp.br\/workshoppos\/wp-content\/uploads\/sites\/34\/2024\/08\/Programacao_11.png 1414w\" sizes=\"(max-width: 724px) 100vw, 724px\" \/><\/figure>\n\n\n\n<figure class=\"wp-block-image size-large\"><img decoding=\"async\" width=\"724\" height=\"1024\" src=\"https:\/\/wordpress.ft.unicamp.br\/workshoppos\/wp-content\/uploads\/sites\/34\/2024\/08\/Programacao_12-724x1024.png\" alt=\"\" class=\"wp-image-624\" srcset=\"https:\/\/wordpress.ft.unicamp.br\/workshoppos\/wp-content\/uploads\/sites\/34\/2024\/08\/Programacao_12-724x1024.png 724w, https:\/\/wordpress.ft.unicamp.br\/workshoppos\/wp-content\/uploads\/sites\/34\/2024\/08\/Programacao_12-212x300.png 212w, https:\/\/wordpress.ft.unicamp.br\/workshoppos\/wp-content\/uploads\/sites\/34\/2024\/08\/Programacao_12-768x1086.png 768w, https:\/\/wordpress.ft.unicamp.br\/workshoppos\/wp-content\/uploads\/sites\/34\/2024\/08\/Programacao_12-1086x1536.png 1086w, https:\/\/wordpress.ft.unicamp.br\/workshoppos\/wp-content\/uploads\/sites\/34\/2024\/08\/Programacao_12.png 1414w\" sizes=\"(max-width: 724px) 100vw, 724px\" \/><\/figure>\n","protected":false},"excerpt":{"rendered":"<p>&#8220;O papel da Pesquisa na Era da Intelig\u00eancia Artificial e das Mudan\u00e7as Clim\u00e1ticas: Avan\u00e7os, Desafios e Oportunidades&#8221; O Workshop da P\u00f3s-gradua\u00e7\u00e3o da Faculdade de Tecnologia (FT) da UNICAMP \u00e9 um evento anual, que promove a intera\u00e7\u00e3o entre alunos de gradua\u00e7\u00e3o e p\u00f3s-gradua\u00e7\u00e3o com o intuito de expor e compartilhar resultados de pesquisas. Organizado por membros <a href=\"https:\/\/wordpress.ft.unicamp.br\/workshoppos\/edicao-2024\/\" rel=\"nofollow\"><span class=\"sr-only\">Leia mais sobreEdi\u00e7\u00e3o 2024<\/span>[&hellip;]<\/a><\/p>\n","protected":false},"author":24,"featured_media":0,"parent":0,"menu_order":0,"comment_status":"closed","ping_status":"closed","template":"","meta":{"footnotes":""},"class_list":["post-588","page","type-page","status-publish","hentry"],"yoast_head":"<!-- This site is optimized with the Yoast SEO plugin v27.5 - https:\/\/yoast.com\/product\/yoast-seo-wordpress\/ -->\n<title>Edi\u00e7\u00e3o 2024 - WORKSHOP DA P\u00d3S-GRADUA\u00c7\u00c3O EM TECNOLOGIA<\/title>\n<meta name=\"robots\" content=\"index, follow, max-snippet:-1, max-image-preview:large, max-video-preview:-1\" \/>\n<link rel=\"canonical\" href=\"https:\/\/wordpress.ft.unicamp.br\/workshoppos\/edicao-2024\/\" \/>\n<meta property=\"og:locale\" content=\"pt_BR\" \/>\n<meta property=\"og:type\" content=\"article\" \/>\n<meta property=\"og:title\" content=\"Edi\u00e7\u00e3o 2024 - WORKSHOP DA P\u00d3S-GRADUA\u00c7\u00c3O EM TECNOLOGIA\" \/>\n<meta property=\"og:description\" content=\"&#8220;O papel da Pesquisa na Era da Intelig\u00eancia Artificial e das Mudan\u00e7as Clim\u00e1ticas: Avan\u00e7os, Desafios e Oportunidades&#8221; O Workshop da P\u00f3s-gradua\u00e7\u00e3o da Faculdade de Tecnologia (FT) da UNICAMP \u00e9 um evento anual, que promove a intera\u00e7\u00e3o entre alunos de gradua\u00e7\u00e3o e p\u00f3s-gradua\u00e7\u00e3o com o intuito de expor e compartilhar resultados de pesquisas. Organizado por membros Leia mais sobreEdi\u00e7\u00e3o 2024[&hellip;]\" \/>\n<meta property=\"og:url\" content=\"https:\/\/wordpress.ft.unicamp.br\/workshoppos\/edicao-2024\/\" \/>\n<meta property=\"og:site_name\" content=\"WORKSHOP DA P\u00d3S-GRADUA\u00c7\u00c3O EM TECNOLOGIA\" \/>\n<meta property=\"article:modified_time\" content=\"2024-08-26T14:03:26+00:00\" \/>\n<meta property=\"og:image\" content=\"https:\/\/wordpress.ft.unicamp.br\/workshoppos\/wp-content\/uploads\/sites\/34\/2024\/08\/XV-Workshop-da-Pos-Graduacao-1024x341.jpg\" \/>\n<meta name=\"twitter:card\" content=\"summary_large_image\" \/>\n<meta name=\"twitter:label1\" content=\"Est. tempo de leitura\" \/>\n\t<meta name=\"twitter:data1\" content=\"2 minutos\" \/>\n<script type=\"application\/ld+json\" class=\"yoast-schema-graph\">{\"@context\":\"https:\\\/\\\/schema.org\",\"@graph\":[{\"@type\":\"WebPage\",\"@id\":\"https:\\\/\\\/wordpress.ft.unicamp.br\\\/workshoppos\\\/edicao-2024\\\/\",\"url\":\"https:\\\/\\\/wordpress.ft.unicamp.br\\\/workshoppos\\\/edicao-2024\\\/\",\"name\":\"Edi\u00e7\u00e3o 2024 - WORKSHOP DA P\u00d3S-GRADUA\u00c7\u00c3O EM TECNOLOGIA\",\"isPartOf\":{\"@id\":\"https:\\\/\\\/wordpress.ft.unicamp.br\\\/workshoppos\\\/#website\"},\"primaryImageOfPage\":{\"@id\":\"https:\\\/\\\/wordpress.ft.unicamp.br\\\/workshoppos\\\/edicao-2024\\\/#primaryimage\"},\"image\":{\"@id\":\"https:\\\/\\\/wordpress.ft.unicamp.br\\\/workshoppos\\\/edicao-2024\\\/#primaryimage\"},\"thumbnailUrl\":\"https:\\\/\\\/wordpress.ft.unicamp.br\\\/workshoppos\\\/wp-content\\\/uploads\\\/sites\\\/34\\\/2024\\\/08\\\/XV-Workshop-da-Pos-Graduacao-1024x341.jpg\",\"datePublished\":\"2024-06-28T18:18:31+00:00\",\"dateModified\":\"2024-08-26T14:03:26+00:00\",\"breadcrumb\":{\"@id\":\"https:\\\/\\\/wordpress.ft.unicamp.br\\\/workshoppos\\\/edicao-2024\\\/#breadcrumb\"},\"inLanguage\":\"pt-BR\",\"potentialAction\":[{\"@type\":\"ReadAction\",\"target\":[\"https:\\\/\\\/wordpress.ft.unicamp.br\\\/workshoppos\\\/edicao-2024\\\/\"]}]},{\"@type\":\"ImageObject\",\"inLanguage\":\"pt-BR\",\"@id\":\"https:\\\/\\\/wordpress.ft.unicamp.br\\\/workshoppos\\\/edicao-2024\\\/#primaryimage\",\"url\":\"https:\\\/\\\/wordpress.ft.unicamp.br\\\/workshoppos\\\/wp-content\\\/uploads\\\/sites\\\/34\\\/2024\\\/08\\\/XV-Workshop-da-Pos-Graduacao-scaled.jpg\",\"contentUrl\":\"https:\\\/\\\/wordpress.ft.unicamp.br\\\/workshoppos\\\/wp-content\\\/uploads\\\/sites\\\/34\\\/2024\\\/08\\\/XV-Workshop-da-Pos-Graduacao-scaled.jpg\",\"width\":2560,\"height\":853},{\"@type\":\"BreadcrumbList\",\"@id\":\"https:\\\/\\\/wordpress.ft.unicamp.br\\\/workshoppos\\\/edicao-2024\\\/#breadcrumb\",\"itemListElement\":[{\"@type\":\"ListItem\",\"position\":1,\"name\":\"Home\",\"item\":\"https:\\\/\\\/wordpress.ft.unicamp.br\\\/workshoppos\\\/\"},{\"@type\":\"ListItem\",\"position\":2,\"name\":\"Edi\u00e7\u00e3o 2024\"}]},{\"@type\":\"WebSite\",\"@id\":\"https:\\\/\\\/wordpress.ft.unicamp.br\\\/workshoppos\\\/#website\",\"url\":\"https:\\\/\\\/wordpress.ft.unicamp.br\\\/workshoppos\\\/\",\"name\":\"WORKSHOP DA P\u00d3S-GRADUA\u00c7\u00c3O EM TECNOLOGIA\",\"description\":\"\",\"publisher\":{\"@id\":\"https:\\\/\\\/wordpress.ft.unicamp.br\\\/workshoppos\\\/#organization\"},\"potentialAction\":[{\"@type\":\"SearchAction\",\"target\":{\"@type\":\"EntryPoint\",\"urlTemplate\":\"https:\\\/\\\/wordpress.ft.unicamp.br\\\/workshoppos\\\/?s={search_term_string}\"},\"query-input\":{\"@type\":\"PropertyValueSpecification\",\"valueRequired\":true,\"valueName\":\"search_term_string\"}}],\"inLanguage\":\"pt-BR\"},{\"@type\":\"Organization\",\"@id\":\"https:\\\/\\\/wordpress.ft.unicamp.br\\\/workshoppos\\\/#organization\",\"name\":\"WORKSHOP DA P\u00d3S-GRADUA\u00c7\u00c3O EM TECNOLOGIA\",\"url\":\"https:\\\/\\\/wordpress.ft.unicamp.br\\\/workshoppos\\\/\",\"logo\":{\"@type\":\"ImageObject\",\"inLanguage\":\"pt-BR\",\"@id\":\"https:\\\/\\\/wordpress.ft.unicamp.br\\\/workshoppos\\\/#\\\/schema\\\/logo\\\/image\\\/\",\"url\":\"https:\\\/\\\/wordpress.ft.unicamp.br\\\/workshoppos\\\/wp-content\\\/uploads\\\/sites\\\/34\\\/2024\\\/06\\\/cropped-ppgt_logo-1.png\",\"contentUrl\":\"https:\\\/\\\/wordpress.ft.unicamp.br\\\/workshoppos\\\/wp-content\\\/uploads\\\/sites\\\/34\\\/2024\\\/06\\\/cropped-ppgt_logo-1.png\",\"width\":1200,\"height\":682,\"caption\":\"WORKSHOP DA P\u00d3S-GRADUA\u00c7\u00c3O EM TECNOLOGIA\"},\"image\":{\"@id\":\"https:\\\/\\\/wordpress.ft.unicamp.br\\\/workshoppos\\\/#\\\/schema\\\/logo\\\/image\\\/\"}}]}<\/script>\n<!-- \/ Yoast SEO plugin. -->","yoast_head_json":{"title":"Edi\u00e7\u00e3o 2024 - WORKSHOP DA P\u00d3S-GRADUA\u00c7\u00c3O EM TECNOLOGIA","robots":{"index":"index","follow":"follow","max-snippet":"max-snippet:-1","max-image-preview":"max-image-preview:large","max-video-preview":"max-video-preview:-1"},"canonical":"https:\/\/wordpress.ft.unicamp.br\/workshoppos\/edicao-2024\/","og_locale":"pt_BR","og_type":"article","og_title":"Edi\u00e7\u00e3o 2024 - WORKSHOP DA P\u00d3S-GRADUA\u00c7\u00c3O EM TECNOLOGIA","og_description":"&#8220;O papel da Pesquisa na Era da Intelig\u00eancia Artificial e das Mudan\u00e7as Clim\u00e1ticas: Avan\u00e7os, Desafios e Oportunidades&#8221; O Workshop da P\u00f3s-gradua\u00e7\u00e3o da Faculdade de Tecnologia (FT) da UNICAMP \u00e9 um evento anual, que promove a intera\u00e7\u00e3o entre alunos de gradua\u00e7\u00e3o e p\u00f3s-gradua\u00e7\u00e3o com o intuito de expor e compartilhar resultados de pesquisas. Organizado por membros Leia mais sobreEdi\u00e7\u00e3o 2024[&hellip;]","og_url":"https:\/\/wordpress.ft.unicamp.br\/workshoppos\/edicao-2024\/","og_site_name":"WORKSHOP DA P\u00d3S-GRADUA\u00c7\u00c3O EM TECNOLOGIA","article_modified_time":"2024-08-26T14:03:26+00:00","og_image":[{"url":"https:\/\/wordpress.ft.unicamp.br\/workshoppos\/wp-content\/uploads\/sites\/34\/2024\/08\/XV-Workshop-da-Pos-Graduacao-1024x341.jpg","type":"","width":"","height":""}],"twitter_card":"summary_large_image","twitter_misc":{"Est. tempo de leitura":"2 minutos"},"schema":{"@context":"https:\/\/schema.org","@graph":[{"@type":"WebPage","@id":"https:\/\/wordpress.ft.unicamp.br\/workshoppos\/edicao-2024\/","url":"https:\/\/wordpress.ft.unicamp.br\/workshoppos\/edicao-2024\/","name":"Edi\u00e7\u00e3o 2024 - WORKSHOP DA P\u00d3S-GRADUA\u00c7\u00c3O EM TECNOLOGIA","isPartOf":{"@id":"https:\/\/wordpress.ft.unicamp.br\/workshoppos\/#website"},"primaryImageOfPage":{"@id":"https:\/\/wordpress.ft.unicamp.br\/workshoppos\/edicao-2024\/#primaryimage"},"image":{"@id":"https:\/\/wordpress.ft.unicamp.br\/workshoppos\/edicao-2024\/#primaryimage"},"thumbnailUrl":"https:\/\/wordpress.ft.unicamp.br\/workshoppos\/wp-content\/uploads\/sites\/34\/2024\/08\/XV-Workshop-da-Pos-Graduacao-1024x341.jpg","datePublished":"2024-06-28T18:18:31+00:00","dateModified":"2024-08-26T14:03:26+00:00","breadcrumb":{"@id":"https:\/\/wordpress.ft.unicamp.br\/workshoppos\/edicao-2024\/#breadcrumb"},"inLanguage":"pt-BR","potentialAction":[{"@type":"ReadAction","target":["https:\/\/wordpress.ft.unicamp.br\/workshoppos\/edicao-2024\/"]}]},{"@type":"ImageObject","inLanguage":"pt-BR","@id":"https:\/\/wordpress.ft.unicamp.br\/workshoppos\/edicao-2024\/#primaryimage","url":"https:\/\/wordpress.ft.unicamp.br\/workshoppos\/wp-content\/uploads\/sites\/34\/2024\/08\/XV-Workshop-da-Pos-Graduacao-scaled.jpg","contentUrl":"https:\/\/wordpress.ft.unicamp.br\/workshoppos\/wp-content\/uploads\/sites\/34\/2024\/08\/XV-Workshop-da-Pos-Graduacao-scaled.jpg","width":2560,"height":853},{"@type":"BreadcrumbList","@id":"https:\/\/wordpress.ft.unicamp.br\/workshoppos\/edicao-2024\/#breadcrumb","itemListElement":[{"@type":"ListItem","position":1,"name":"Home","item":"https:\/\/wordpress.ft.unicamp.br\/workshoppos\/"},{"@type":"ListItem","position":2,"name":"Edi\u00e7\u00e3o 2024"}]},{"@type":"WebSite","@id":"https:\/\/wordpress.ft.unicamp.br\/workshoppos\/#website","url":"https:\/\/wordpress.ft.unicamp.br\/workshoppos\/","name":"WORKSHOP DA P\u00d3S-GRADUA\u00c7\u00c3O EM TECNOLOGIA","description":"","publisher":{"@id":"https:\/\/wordpress.ft.unicamp.br\/workshoppos\/#organization"},"potentialAction":[{"@type":"SearchAction","target":{"@type":"EntryPoint","urlTemplate":"https:\/\/wordpress.ft.unicamp.br\/workshoppos\/?s={search_term_string}"},"query-input":{"@type":"PropertyValueSpecification","valueRequired":true,"valueName":"search_term_string"}}],"inLanguage":"pt-BR"},{"@type":"Organization","@id":"https:\/\/wordpress.ft.unicamp.br\/workshoppos\/#organization","name":"WORKSHOP DA P\u00d3S-GRADUA\u00c7\u00c3O EM TECNOLOGIA","url":"https:\/\/wordpress.ft.unicamp.br\/workshoppos\/","logo":{"@type":"ImageObject","inLanguage":"pt-BR","@id":"https:\/\/wordpress.ft.unicamp.br\/workshoppos\/#\/schema\/logo\/image\/","url":"https:\/\/wordpress.ft.unicamp.br\/workshoppos\/wp-content\/uploads\/sites\/34\/2024\/06\/cropped-ppgt_logo-1.png","contentUrl":"https:\/\/wordpress.ft.unicamp.br\/workshoppos\/wp-content\/uploads\/sites\/34\/2024\/06\/cropped-ppgt_logo-1.png","width":1200,"height":682,"caption":"WORKSHOP DA P\u00d3S-GRADUA\u00c7\u00c3O EM TECNOLOGIA"},"image":{"@id":"https:\/\/wordpress.ft.unicamp.br\/workshoppos\/#\/schema\/logo\/image\/"}}]}},"_links":{"self":[{"href":"https:\/\/wordpress.ft.unicamp.br\/workshoppos\/wp-json\/wp\/v2\/pages\/588","targetHints":{"allow":["GET"]}}],"collection":[{"href":"https:\/\/wordpress.ft.unicamp.br\/workshoppos\/wp-json\/wp\/v2\/pages"}],"about":[{"href":"https:\/\/wordpress.ft.unicamp.br\/workshoppos\/wp-json\/wp\/v2\/types\/page"}],"author":[{"embeddable":true,"href":"https:\/\/wordpress.ft.unicamp.br\/workshoppos\/wp-json\/wp\/v2\/users\/24"}],"replies":[{"embeddable":true,"href":"https:\/\/wordpress.ft.unicamp.br\/workshoppos\/wp-json\/wp\/v2\/comments?post=588"}],"version-history":[{"count":3,"href":"https:\/\/wordpress.ft.unicamp.br\/workshoppos\/wp-json\/wp\/v2\/pages\/588\/revisions"}],"predecessor-version":[{"id":625,"href":"https:\/\/wordpress.ft.unicamp.br\/workshoppos\/wp-json\/wp\/v2\/pages\/588\/revisions\/625"}],"wp:attachment":[{"href":"https:\/\/wordpress.ft.unicamp.br\/workshoppos\/wp-json\/wp\/v2\/media?parent=588"}],"curies":[{"name":"wp","href":"https:\/\/api.w.org\/{rel}","templated":true}]}}